-- https://www.phpmyadmin.net/
--
START TRANSACTION;
--
-- Database: `oc_plantmore_store`
--
-- --------------------------------------------------------
--
-- Table structure for table `oc_address`
--
-- Creation: Feb 13, 2019 at 05:18 PM
-- Last update: Feb 13, 2019 at 05:18 PM
-- Last check: Mar 12, 2019 at 04:01 PM
--
CREATE TABLE `oc_address` (
  `address_id` int(11) NOT NULL,
  `customer_id` int(11) NOT NULL,
  `firstname` varchar(32) NOT NULL,
  `lastname` varchar(32) NOT NULL,
  `company` varchar(40) NOT NULL,
  `address_1` varchar(128) NOT NULL,
  `address_2` varchar(128) NOT NULL,
  `city` varchar(128) NOT NULL,
  `postcode` varchar(10) NOT NULL,
  `country_id` int(11) NOT NULL DEFAULT '0',
  `zone_id` int(11) NOT NULL DEFAULT '0',
  `custom_field` text NOT NULL
) ENGINE=MyISAM DEFAULT CHARSET=utf8;
--
-- RELATIONSHIPS FOR TABLE `oc_address`:
--
--
-- Dumping data for table `oc_address`
--
INSERT INTO `oc_address` (`address_id`, `customer_id`, `firstname`, `lastname`, `company`, `address_1`, `address_2`, `city`, `postcode`, `country_id`, `zone_id`, `custom_field`) VALUES
(1, 1, 'demo', 'demo', '', 'demo', '', 'demo', '11111', 222, 3513, ''),
(2, 2, 'demo', 'demo2', '', 'demo2', '', 'demo2', '111111', 222, 3513, '');
-- --------------------------------------------------------
--
-- Table structure for table `oc_api`
--
-- Creation: Feb 13, 2019 at 05:18 PM
-- Last update: Feb 13, 2019 at 05:18 PM
-- Last check: Mar 12, 2019 at 04:01 PM
--
CREATE TABLE `oc_api` (
  `api_id` int(11) NOT NULL,
  `username` varchar(64) NOT NULL,
  `key` text NOT NULL,
  `status` tinyint(1) NOT NULL,
  `date_added` datetime NOT NULL,
  `date_modified` datetime NOT NULL
) ENGINE=MyISAM DEFAULT CHARSET=utf8;
--
-- RELATIONSHIPS FOR TABLE `oc_api`:
--
--
-- Dumping data for table `oc_api`
--
INSERT INTO `oc_api` (`api_id`, `username`, `key`, `status`, `date_added`, `date_modified`) VALUES
(1, 'Default', 'xO4WXisp88A4UDcy722iND8pcLUZVEs9KRqWS5IBcyTzgZHHYBzZWob1KUuNqKes12xDihxhQOePnyOo3fFiOrqYHulugvP0yvcE8PKEkR1Xk7pVSTqEkvk8dqQ6ZPVuIccGGckMQXEgkFpEwKp4TifW9vVnX8W7dYhGyjTQSNjkDwy3pNzAazCNTnk1mBOycYREgDm0cvHLUvqKySRZoFH191RNPJwcDXWcqyRGT934NEldfA3OXRxiojFtkNwz', 1, '2017-10-11 16:20:04', '2017-10-11 16:20:04'),
(2, 'Default', 'P7StpFK206cW6Ue1TZPUgOOHEAW7q8cLpOkZVZyHpv12RULrxflgsnksCo4eHj3Nh5aohu2zJ80MxMpTUToMB3JszTY4YIU53UJD15gAioOqHOdwE4N1K9ieKyAq1jVbolJkTRTYzNHMlHpcTNISXgSLnuP4CbvHMqUyHy2Xu7UZaAKJ0pEWjdmsqRBAOrIfAL0Xe5qNLmc8jA201u3r1HRhmi2j0mbMsNUwMXWhbKz3fFWJDK3xBkiiY6cl0RkO', 1, '2017-11-15 04:07:29', '2017-11-15 04:07:29'),
(3, 'Default', '9KTQmvNeKfk6roUmMarPK2ZKGxPC1yt4hpsQlFvnEvgsGxcltajpma1qKl9Tc9jQRxywgFre8Czhj2cdYalVGD0nqyNQot0RXbTS4GpAvLpHiNaUmfHO4Jw6LYhOu1hWJgPCGe6HmUMJ3NLRxDU1G9dHvos60VTHbfuZsK6ZotwzxyS43N8Lb0Tc3MopLDb5kyVQHUcDwWXEg4p4BTKXlyqr07F0E28M14hCLT7Jg7CXSAQOxSmrfMJSJe7obF6h', 1, '2017-12-01 06:41:21', '2017-12-01 06:41:21'),
(4, 'Default', 'xW9bC0XY1RR8stVTeFTiX3fG6siPhCjzy74eqUmPH18ar7pxYdGu8xWKXgb5zT0pxXxfYOLtX66Azc84IGpMZhaWRJNl1CEuaE7dZ9S1t65KLC7CnmXhoGA6REf1yRuLfB52xlALYDUBj1t1gOy9OsdQCkvWBNKahBkend5iAyAwNFhoLwYRHMERotsF9CyeJOTbGhJSmPGjxpifLsk7lbPKTSeSn8N26caiXcefJl9tWLuOaJ4GsfeKYUAN2fA3', 1, '2018-01-15 06:59:54', '2018-01-15 06:59:54'),
(5, 'Default', 'RQvebZaBpYfJpOhNUxkSiOciyL2az5v6oF67UTGmxAeMhy4Asbqg7C105ImPT89SvzkbFceSekMGujVpodWRYGbjvlH72E39mrU17nhwitXmNN7GDfevioxIbvjyGJx3xt9kvDqNcDzcI3HAdH2kgow7eSg88Uxwdm2SmewKdlcmz25rs4zIiE1DPWqxDP1rRzZ0JdqCHQf55NtcJWeL4mjghqgJvqPxvUdSO9nPSaUxzrkd2dLFnQjUR0zidp5U', 1, '2018-03-02 14:07:54', '2018-03-02 14:07:54'),
(6, 'Default', 'NBkfQUT1Gi2n4k6s3PtlztbpdKSv64wYYKcimNM5AtzZAZd4FooZgTMwPxdhKPDvVHMEvKhSSPSneSqCqMCJDGHXjFvBhzxUjcpkJwNLoWbemFux60Y64KpsBW6yUci6KtyEeOyCaBlP4ibImERyTSBT6z5CnFAvsIwCG4phlavbP80591gsZNNlW20ct4FpEEEz47BOqsL5oqtbrnu6qm8yOFe004ZglrGZdIGBqm8iBCAZZWCTrTRaLUS6qodv', 1, '2018-04-20 13:55:33', '2018-04-20 13:55:33'),
(7, 'Default', 'VoLVGO33G2Mf8Qql5mcX6Iy0vuTJkNZQN9iHYnCVUL4fA5EKLNWFum9kXUwcvUj2NsZT27PHnKG2PX1gokwem63rNoqPAQj3OpMdBvJoTR7vNvKXlwM3owW6i8uxkz3UIDpObcUHFeWt98YMjnNGGk5JmsDXwxvchwXNVCYQYyACklkeY6RIsfAMxD5bOO9tm4WeisKJd3Agyg1xfIhrfwwLfsKZItAnazWnUW4OJ3zihWc3Y1shvMIWZFI79riF', 1, '2018-05-07 08:29:46', '2018-05-07 08:29:46'),
(8, 'Default', 'URZ3LSbqx3GRBqkSTARnMeDK8v4GSVe8BX8J0O9W8EJNYVLjGVO2RAinSTx1oyF9kJkxk3pmyBdToQh3kpka556jLnJTpcxpbqxwbwtQBqiAzCuMgyY01tfEGPd0TlAebnAnkkrYyYSq02MuXbgLeNjKdbcRBEYuaIhkffPdy9LR8ddJzgll1pSeYx4pCT7O9KE5Vdc7bL29Y5F8rO0XA6vIwU2BjqfwdbPAyPHkRtURr2iNE25ZMgMeuN4OsJo3', 1, '2018-07-13 15:34:32', '2018-07-13 15:34:32'),
(9, 'Default', 'jht6MVdjMQl6oO7ywjoZq1Q6JqEUUpVkYvcmectfzGLf7isEAllsZiSnkh1I7jrCe7GsdlXj9dbyQZvNevrN9hVuZBFeyDl8PwJntqat2LOAvHwF8MWrq3noMjHDYaxQbGU2rHY79wBygyXHpupSTW65Ukh9Sd8Dd3WoF6uIS2xutpDWYxdwVLqzkEgeXu8HpZfGMBUOmN7gTCbEGfLjUE5sq5VbVlfp5OikJ05U4WYPlDuWwFXCXpdmisfFrxbU', 1, '2019-02-13 17:18:30', '2019-02-13 17:18:30');
-- --------------------------------------------------------
--
-- Table structure for table `oc_api_ip`
--
-- Creation: Feb 13, 2019 at 05:18 PM
-- Last update: Feb 13, 2019 at 05:18 PM
--
CREATE TABLE `oc_api_ip` (
  `api_ip_id` int(11) NOT NULL,
  `api_id` int(11) NOT NULL,
  `ip` varchar(40) NOT NULL
) ENGINE=MyISAM DEFAULT CHARSET=utf8;
--
-- RELATIONSHIPS FOR TABLE `oc_api_ip`:
--
-- --------------------------------------------------------
--
-- Table structure for table `oc_api_session`
--
-- Creation: Feb 13, 2019 at 05:18 PM
-- Last update: Feb 13, 2019 at 05:18 PM
--
CREATE TABLE `oc_api_session` (
  `api_session_id` int(11) NOT NULL,
  `api_id` int(11) NOT NULL,
  `session_id` varchar(32) NOT NULL,
  `ip` varchar(40) NOT NULL,
  `date_added` datetime NOT NULL,
  `date_modified` datetime NOT NULL
) ENGINE=MyISAM DEFAULT CHARSET=utf8;
--
-- RELATIONSHIPS FOR TABLE `oc_api_session`:
--
-- --------------------------------------------------------
--
-- Table structure for table `oc_article`
--
-- Creation: Feb 13, 2019 at 05:18 PM
--
CREATE TABLE `oc_article` (
  `article_id` int(11) NOT NULL,
  `sort_order` int(11) NOT NULL DEFAULT '0',
  `status` tinyint(1) NOT NULL DEFAULT '0',
  `date_added` datetime NOT NULL,
  `date_modified` datetime NOT NULL,
  `image` varchar(255) DEFAULT NULL,
  `author` varchar(100) DEFAULT NULL
) ENGINE=InnoDB DEFAULT CHARSET=utf8;
--
-- RELATIONSHIPS FOR TABLE `oc_article`:
--
--
-- Dumping data for table `oc_article`
--
INSERT INTO `oc_article` (`article_id`, `sort_order`, `status`, `date_added`, `date_modified`, `image`, `author`) VALUES
(1, 1, 1, '2017-06-28 11:26:01', '2018-07-20 15:45:34', 'catalog/blog/blog1.jpg', 'plazathemes'),
(2, 1, 1, '2017-06-27 11:26:06', '2019-02-11 13:56:44', 'catalog/blog/blog2.jpg', 'plazathemes'),
(3, 1, 1, '2017-06-25 11:26:10', '2019-02-11 13:56:47', 'catalog/blog/blog3.jpg', 'plazathemes'),
(4, 1, 1, '2017-06-18 11:26:10', '2019-03-13 09:55:32', 'catalog/blog/blog1.jpg', 'plazathemes'),
(5, 1, 1, '2017-06-08 13:53:01', '2019-04-16 10:02:40', 'catalog/blog/blog4.jpg', 'plazathemes'),
(6, 1, 1, '2017-06-29 13:53:02', '2019-04-16 10:02:44', 'catalog/blog/blog5.jpg', 'plazathemes'),
(7, 1, 1, '2017-06-11 00:56:09', '2019-04-16 10:02:47', 'catalog/blog/blog6.jpg', 'plazathemes'),
(8, 1, 1, '2017-06-12 00:56:09', '2019-04-16 10:02:50', 'catalog/blog/blog4.jpg', 'plazathemes'),
(9, 1, 1, '2017-08-24 14:16:23', '2019-04-16 10:02:53', 'catalog/blog/blog5.jpg', 'plazathemes'),
(10, 1, 1, '2017-08-24 14:16:23', '2019-04-16 10:02:55', 'catalog/blog/blog6.jpg', 'plazathemes');
-- --------------------------------------------------------
--
-- Table structure for table `oc_article_description`
--
-- Creation: Feb 13, 2019 at 05:18 PM
--
CREATE TABLE `oc_article_description` (
  `article_id` int(11) NOT NULL,
  `language_id` int(11) NOT NULL,
  `name` varchar(255) NOT NULL,
  `description` text NOT NULL,
  `intro_text` text NOT NULL,
  `meta_title` varchar(255) NOT NULL,
  `meta_description` varchar(255) NOT NULL,
  `meta_keyword` varchar(255) NOT NULL
) ENGINE=InnoDB DEFAULT CHARSET=utf8;
--
-- RELATIONSHIPS FOR TABLE `oc_article_description`:
--
--
-- Dumping data for table `oc_article_description`
--
INSERT INTO `oc_article_description` (`article_id`, `language_id`, `name`, `description`, `intro_text`, `meta_title`, `meta_description`, `meta_keyword`) VALUES
(1, 1, 'At wisi enim ad minim veniam.', 'At wisi enim ad minim veniam. At wisi enim ad minim veniam. At wisi enim ad minim veniam. At wisi enim ad minim veniam. At wisi enim ad minim veniam. At wisi enim ad minim veniam. At wisi enim ad minim veniam. At wisi enim ad minim veniam. At wisi enim ad minim veniam. At wisi enim ad minim veniam. At wisi enim ad minim veniam. At wisi enim ad minim veniam. At wisi enim ad minim veniam. At wisi enim ad minim veniam. At wisi enim ad minim veniam. At wisi enim ad minim veniam. At wisi enim ad minim veniam. At wisi enim ad minim veniam. At wisi enim ad minim veniam. At wisi enim ad minim veniam. At wisi enim ad minim veniam. At wisi enim ad minim veniam. At wisi enim ad minim veniam. At wisi enim ad minim veniam. At wisi enim ad minim veniam. At wisi enim ad minim veniam. At wisi enim ad minim veniam. At wisi enim ad minim veniam. At wisi enim ad minim veniam. At wisi enim ad minim veniam. At wisi enim ad minim veniam. At wisi enim ad minim veniam.', 'Aenean vestibulum pretium enim, non commodo urna volutpat vitae. Pellentesque vel lacus \r\neget est dictum dignissim. Quisque tincidunt nibh sit amet tortor gravida eleifend.', 'Plantmore Blog', '', ''),
(1, 2, 'At wisi enim ad minim veniam.', 'At wisi enim ad minim veniam. At wisi enim ad minim veniam. At wisi enim ad minim veniam. At wisi enim ad minim veniam. At wisi enim ad minim veniam. At wisi enim ad minim veniam. At wisi enim ad minim veniam. At wisi enim ad minim veniam. At wisi enim ad minim veniam. At wisi enim ad minim veniam. At wisi enim ad minim veniam. At wisi enim ad minim veniam. At wisi enim ad minim veniam. At wisi enim ad minim veniam. At wisi enim ad minim veniam. At wisi enim ad minim veniam. At wisi enim ad minim veniam. At wisi enim ad minim veniam. At wisi enim ad minim veniam. At wisi enim ad minim veniam. At wisi enim ad minim veniam. At wisi enim ad minim veniam. At wisi enim ad minim veniam. At wisi enim ad minim veniam. At wisi enim ad minim veniam. At wisi enim ad minim veniam. At wisi enim ad minim veniam. At wisi enim ad minim veniam. At wisi enim ad minim veniam. At wisi enim ad minim veniam. At wisi enim ad minim veniam. At wisi enim ad minim veniam.', 'Aenean vestibulum pretium enim, non commodo urna volutpat vitae. Pellentesque vel lacus \r\neget est dictum dignissim. Quisque tincidunt nibh sit amet tortor gravida eleifend.', 'Plantmore Blog', '', ''),
(2, 1, 'Bt wisi enim ad minim veniam.', 'At wisi enim ad minim veniam. At wisi enim ad minim veniam. At wisi enim ad minim veniam. At wisi enim ad minim veniam. At wisi enim ad minim veniam. At wisi enim ad minim veniam. At wisi enim ad minim veniam. At wisi enim ad minim veniam. At wisi enim ad minim veniam. At wisi enim ad minim veniam. At wisi enim ad minim veniam. At wisi enim ad minim veniam. At wisi enim ad minim veniam. At wisi enim ad minim veniam. At wisi enim ad minim veniam. At wisi enim ad minim veniam. At wisi enim ad minim veniam. At wisi enim ad minim veniam. At wisi enim ad minim veniam. At wisi enim ad minim veniam. At wisi enim ad minim veniam. At wisi enim ad minim veniam. At wisi enim ad minim veniam. At wisi enim ad minim veniam. At wisi enim ad minim veniam. At wisi enim ad minim veniam. At wisi enim ad minim veniam. At wisi enim ad minim veniam. At wisi enim ad minim veniam. At wisi enim ad minim veniam. At wisi enim ad minim veniam. At wisi enim ad minim veniam.', 'Aenean vestibulum pretium enim, non commodo urna volutpat vitae. Pellentesque vel lacus \r\neget est dictum dignissim. Quisque tincidunt nibh sit amet tortor gravida eleifend.', 'Plantmore Blog', '', ''),
(2, 2, 'Bt wisi enim ad minim veniam.', 'At wisi enim ad minim veniam. At wisi enim ad minim veniam. At wisi enim ad minim veniam. At wisi enim ad minim veniam. At wisi enim ad minim veniam. At wisi enim ad minim veniam. At wisi enim ad minim veniam. At wisi enim ad minim veniam. At wisi enim ad minim veniam. At wisi enim ad minim veniam. At wisi enim ad minim veniam. At wisi enim ad minim veniam. At wisi enim ad minim veniam. At wisi enim ad minim veniam. At wisi enim ad minim veniam. At wisi enim ad minim veniam. At wisi enim ad minim veniam. At wisi enim ad minim veniam. At wisi enim ad minim veniam. At wisi enim ad minim veniam. At wisi enim ad minim veniam. At wisi enim ad minim veniam. At wisi enim ad minim veniam. At wisi enim ad minim veniam. At wisi enim ad minim veniam. At wisi enim ad minim veniam. At wisi enim ad minim veniam. At wisi enim ad minim veniam. At wisi enim ad minim veniam. At wisi enim ad minim veniam. At wisi enim ad minim veniam. At wisi enim ad minim veniam.', 'Aenean vestibulum pretium enim, non commodo urna volutpat vitae. Pellentesque vel lacus \r\neget est dictum dignissim. Quisque tincidunt nibh sit amet tortor gravida eleifend.', 'Plantmore Blog', '', ''),
(3, 1, 'Ct wisi enim ad minim veniam.', 'At wisi enim ad minim veniam. At wisi enim ad minim veniam. At wisi enim ad minim veniam. At wisi enim ad minim veniam. At wisi enim ad minim veniam. At wisi enim ad minim veniam. At wisi enim ad minim veniam. At wisi enim ad minim veniam. At wisi enim ad minim veniam. At wisi enim ad minim veniam. At wisi enim ad minim veniam. At wisi enim ad minim veniam. At wisi enim ad minim veniam. At wisi enim ad minim veniam. At wisi enim ad minim veniam. At wisi enim ad minim veniam. At wisi enim ad minim veniam. At wisi enim ad minim veniam. At wisi enim ad minim veniam. At wisi enim ad minim veniam. At wisi enim ad minim veniam. At wisi enim ad minim veniam. At wisi enim ad minim veniam. At wisi enim ad minim veniam. At wisi enim ad minim veniam. At wisi enim ad minim veniam. At wisi enim ad minim veniam. At wisi enim ad minim veniam. At wisi enim ad minim veniam. At wisi enim ad minim veniam. At wisi enim ad minim veniam. At wisi enim ad minim veniam.', 'Aenean vestibulum pretium enim, non commodo urna volutpat vitae. Pellentesque vel lacus \r\neget est dictum dignissim. Quisque tincidunt nibh sit amet tortor gravida eleifend.', 'Plantmore Blog', '', ''),
(3, 2, 'Ct wisi enim ad minim veniam.', 'At wisi enim ad minim veniam. At wisi enim ad minim veniam. At wisi enim ad minim veniam. At wisi enim ad minim veniam. At wisi enim ad minim veniam. At wisi enim ad minim veniam. At wisi enim ad minim veniam. At wisi enim ad minim veniam. At wisi enim ad minim veniam. At wisi enim ad minim veniam. At wisi enim ad minim veniam. At wisi enim ad minim veniam. At wisi enim ad minim veniam. At wisi enim ad minim veniam. At wisi enim ad minim veniam. At wisi enim ad minim veniam. At wisi enim ad minim veniam. At wisi enim ad minim veniam. At wisi enim ad minim veniam. At wisi enim ad minim veniam. At wisi enim ad minim veniam. At wisi enim ad minim veniam. At wisi enim ad minim veniam. At wisi enim ad minim veniam. At wisi enim ad minim veniam. At wisi enim ad minim veniam. At wisi enim ad minim veniam. At wisi enim ad minim veniam. At wisi enim ad minim veniam. At wisi enim ad minim veniam. At wisi enim ad minim veniam. At wisi enim ad minim veniam.', 'Aenean vestibulum pretium enim, non commodo urna volutpat vitae. Pellentesque vel lacus \r\neget est dictum dignissim. Quisque tincidunt nibh sit amet tortor gravida eleifend.', 'Plantmore Blog', '', ''),
(4, 1, 'Dt wisi enim ad minim veniam.', 'At wisi enim ad minim veniam. At wisi enim ad minim veniam. At wisi enim ad minim veniam. At wisi enim ad minim veniam. At wisi enim ad minim veniam. At wisi enim ad minim veniam. At wisi enim ad minim veniam. At wisi enim ad minim veniam. At wisi enim ad minim veniam. At wisi enim ad minim veniam. At wisi enim ad minim veniam. At wisi enim ad minim veniam. At wisi enim ad minim veniam. At wisi enim ad minim veniam. At wisi enim ad minim veniam. At wisi enim ad minim veniam. At wisi enim ad minim veniam. At wisi enim ad minim veniam. At wisi enim ad minim veniam. At wisi enim ad minim veniam. At wisi enim ad minim veniam. At wisi enim ad minim veniam. At wisi enim ad minim veniam. At wisi enim ad minim veniam. At wisi enim ad minim veniam. At wisi enim ad minim veniam. At wisi enim ad minim veniam. At wisi enim ad minim veniam. At wisi enim ad minim veniam. At wisi enim ad minim veniam. At wisi enim ad minim veniam. At wisi enim ad minim veniam.', 'Aenean vestibulum pretium enim, non commodo urna volutpat vitae. Pellentesque vel lacus \r\neget est dictum dignissim. Quisque tincidunt nibh sit amet tortor gravida eleifend.', 'Plantmore Blog', '', ''),
(4, 2, 'Dt wisi enim ad minim veniam.', 'At wisi enim ad minim veniam. At wisi enim ad minim veniam. At wisi enim ad minim veniam. At wisi enim ad minim veniam. At wisi enim ad minim veniam. At wisi enim ad minim veniam. At wisi enim ad minim veniam. At wisi enim ad minim veniam. At wisi enim ad minim veniam. At wisi enim ad minim veniam. At wisi enim ad minim veniam. At wisi enim ad minim veniam. At wisi enim ad minim veniam. At wisi enim ad minim veniam. At wisi enim ad minim veniam. At wisi enim ad minim veniam. At wisi enim ad minim veniam. At wisi enim ad minim veniam. At wisi enim ad minim veniam. At wisi enim ad minim veniam. At wisi enim ad minim veniam. At wisi enim ad minim veniam. At wisi enim ad minim veniam. At wisi enim ad minim veniam. At wisi enim ad minim veniam. At wisi enim ad minim veniam. At wisi enim ad minim veniam. At wisi enim ad minim veniam. At wisi enim ad minim veniam. At wisi enim ad minim veniam. At wisi enim ad minim veniam. At wisi enim ad minim veniam.', 'Aenean vestibulum pretium enim, non commodo urna volutpat vitae. Pellentesque vel lacus \r\neget est dictum dignissim. Quisque tincidunt nibh sit amet tortor gravida eleifend.', 'Plantmore Blog', '', ''),
(5, 1, 'Et wisi enim ad minim veniam.', 'At wisi enim ad minim veniam. At wisi enim ad minim veniam. At wisi enim ad minim veniam. At wisi enim ad minim veniam. At wisi enim ad minim veniam. At wisi enim ad minim veniam. At wisi enim ad minim veniam. At wisi enim ad minim veniam. At wisi enim ad minim veniam. At wisi enim ad minim veniam. At wisi enim ad minim veniam. At wisi enim ad minim veniam. At wisi enim ad minim veniam. At wisi enim ad minim veniam. At wisi enim ad minim veniam. At wisi enim ad minim veniam. At wisi enim ad minim veniam. At wisi enim ad minim veniam. At wisi enim ad minim veniam. At wisi enim ad minim veniam. At wisi enim ad minim veniam. At wisi enim ad minim veniam. At wisi enim ad minim veniam. At wisi enim ad minim veniam. At wisi enim ad minim veniam. At wisi enim ad minim veniam. At wisi enim ad minim veniam. At wisi enim ad minim veniam. At wisi enim ad minim veniam. At wisi enim ad minim veniam. At wisi enim ad minim veniam. At wisi enim ad minim veniam.', 'Aenean vestibulum pretium enim, non commodo urna volutpat vitae. Pellentesque vel lacus \r\neget est dictum dignissim. Quisque tincidunt nibh sit amet tortor gravida eleifend.', 'Plantmore Blog', '', ''),
(5, 2, 'Et wisi enim ad minim veniam.', 'At wisi enim ad minim veniam. At wisi enim ad minim veniam. At wisi enim ad minim veniam. At wisi enim ad minim veniam. At wisi enim ad minim veniam. At wisi enim ad minim veniam. At wisi enim ad minim veniam. At wisi enim ad minim veniam. At wisi enim ad minim veniam. At wisi enim ad minim veniam. At wisi enim ad minim veniam. At wisi enim ad minim veniam. At wisi enim ad minim veniam. At wisi enim ad minim veniam. At wisi enim ad minim veniam. At wisi enim ad minim veniam. At wisi enim ad minim veniam. At wisi enim ad minim veniam. At wisi enim ad minim veniam. At wisi enim ad minim veniam. At wisi enim ad minim veniam. At wisi enim ad minim veniam. At wisi enim ad minim veniam. At wisi enim ad minim veniam. At wisi enim ad minim veniam. At wisi enim ad minim veniam. At wisi enim ad minim veniam. At wisi enim ad minim veniam. At wisi enim ad minim veniam. At wisi enim ad minim veniam. At wisi enim ad minim veniam. At wisi enim ad minim veniam.', 'Aenean vestibulum pretium enim, non commodo urna volutpat vitae. Pellentesque vel lacus \r\neget est dictum dignissim. Quisque tincidunt nibh sit amet tortor gravida eleifend.', 'Plantmore Blog', '', ''),
(6, 1, 'Ft wisi enim ad minim veniam.', 'At wisi enim ad minim veniam. At wisi enim ad minim veniam. At wisi enim ad minim veniam. At wisi enim ad minim veniam. At wisi enim ad minim veniam. At wisi enim ad minim veniam. At wisi enim ad minim veniam. At wisi enim ad minim veniam. At wisi enim ad minim veniam. At wisi enim ad minim veniam. At wisi enim ad minim veniam. At wisi enim ad minim veniam. At wisi enim ad minim veniam. At wisi enim ad minim veniam. At wisi enim ad minim veniam. At wisi enim ad minim veniam. At wisi enim ad minim veniam. At wisi enim ad minim veniam. At wisi enim ad minim veniam. At wisi enim ad minim veniam. At wisi enim ad minim veniam. At wisi enim ad minim veniam. At wisi enim ad minim veniam. At wisi enim ad minim veniam. At wisi enim ad minim veniam. At wisi enim ad minim veniam. At wisi enim ad minim veniam. At wisi enim ad minim veniam. At wisi enim ad minim veniam. At wisi enim ad minim veniam. At wisi enim ad minim veniam. At wisi enim ad minim veniam.', 'Aenean vestibulum pretium enim, non commodo urna volutpat vitae. Pellentesque vel lacus \r\neget est dictum dignissim. Quisque tincidunt nibh sit amet tortor gravida eleifend.', 'Plantmore Blog', '', ''),
(6, 2, 'Ft wisi enim ad minim veniam.', 'At wisi enim ad minim veniam. At wisi enim ad minim veniam. At wisi enim ad minim veniam. At wisi enim ad minim veniam. At wisi enim ad minim veniam. At wisi enim ad minim veniam. At wisi enim ad minim veniam. At wisi enim ad minim veniam. At wisi enim ad minim veniam. At wisi enim ad minim veniam. At wisi enim ad minim veniam. At wisi enim ad minim veniam. At wisi enim ad minim veniam. At wisi enim ad minim veniam. At wisi enim ad minim veniam. At wisi enim ad minim veniam. At wisi enim ad minim veniam. At wisi enim ad minim veniam. At wisi enim ad minim veniam. At wisi enim ad minim veniam. At wisi enim ad minim veniam. At wisi enim ad minim veniam. At wisi enim ad minim veniam. At wisi enim ad minim veniam. At wisi enim ad minim veniam. At wisi enim ad minim veniam. At wisi enim ad minim veniam. At wisi enim ad minim veniam. At wisi enim ad minim veniam. At wisi enim ad minim veniam. At wisi enim ad minim veniam. At wisi enim ad minim veniam.', 'Aenean vestibulum pretium enim, non commodo urna volutpat vitae. Pellentesque vel lacus \r\neget est dictum dignissim. Quisque tincidunt nibh sit amet tortor gravida eleifend.', 'Plantmore Blog', '', ''),
(7, 1, 'Gt wisi enim ad minim veniam.', 'At wisi enim ad minim veniam. At wisi enim ad minim veniam. At wisi enim ad minim veniam. At wisi enim ad minim veniam. At wisi enim ad minim veniam. At wisi enim ad minim veniam. At wisi enim ad minim veniam. At wisi enim ad minim veniam. At wisi enim ad minim veniam. At wisi enim ad minim veniam. At wisi enim ad minim veniam. At wisi enim ad minim veniam. At wisi enim ad minim veniam. At wisi enim ad minim veniam. At wisi enim ad minim veniam. At wisi enim ad minim veniam. At wisi enim ad minim veniam. At wisi enim ad minim veniam. At wisi enim ad minim veniam. At wisi enim ad minim veniam. At wisi enim ad minim veniam. At wisi enim ad minim veniam. At wisi enim ad minim veniam. At wisi enim ad minim veniam. At wisi enim ad minim veniam. At wisi enim ad minim veniam. At wisi enim ad minim veniam. At wisi enim ad minim veniam. At wisi enim ad minim veniam. At wisi enim ad minim veniam. At wisi enim ad minim veniam. At wisi enim ad minim veniam.', 'Aenean vestibulum pretium enim, non commodo urna volutpat vitae. Pellentesque vel lacus \r\neget est dictum dignissim. Quisque tincidunt nibh sit amet tortor gravida eleifend.', 'Plantmore Blog', '', ''),
(7, 2, 'Gt wisi enim ad minim veniam.', 'At wisi enim ad minim veniam. At wisi enim ad minim veniam. At wisi enim ad minim veniam. At wisi enim ad minim veniam. At wisi enim ad minim veniam. At wisi enim ad minim veniam. At wisi enim ad minim veniam. At wisi enim ad minim veniam. At wisi enim ad minim veniam. At wisi enim ad minim veniam. At wisi enim ad minim veniam. At wisi enim ad minim veniam. At wisi enim ad minim veniam. At wisi enim ad minim veniam. At wisi enim ad minim veniam. At wisi enim ad minim veniam. At wisi enim ad minim veniam. At wisi enim ad minim veniam. At wisi enim ad minim veniam. At wisi enim ad minim veniam. At wisi enim ad minim veniam. At wisi enim ad minim veniam. At wisi enim ad minim veniam. At wisi enim ad minim veniam. At wisi enim ad minim veniam. At wisi enim ad minim veniam. At wisi enim ad minim veniam. At wisi enim ad minim veniam. At wisi enim ad minim veniam. At wisi enim ad minim veniam. At wisi enim ad minim veniam. At wisi enim ad minim veniam.', 'Aenean vestibulum pretium enim, non commodo urna volutpat vitae. Pellentesque vel lacus \r\neget est dictum dignissim. Quisque tincidunt nibh sit amet tortor gravida eleifend.', 'Plantmore Blog', '', ''),
(8, 1, 'Ht wisi enim ad minim veniam.', 'At wisi enim ad minim veniam. At wisi enim ad minim veniam. At wisi enim ad minim veniam. At wisi enim ad minim veniam. At wisi enim ad minim veniam. At wisi enim ad minim veniam. At wisi enim ad minim veniam. At wisi enim ad minim veniam. At wisi enim ad minim veniam. At wisi enim ad minim veniam. At wisi enim ad minim veniam. At wisi enim ad minim veniam. At wisi enim ad minim veniam. At wisi enim ad minim veniam. At wisi enim ad minim veniam. At wisi enim ad minim veniam. At wisi enim ad minim veniam. At wisi enim ad minim veniam. At wisi enim ad minim veniam. At wisi enim ad minim veniam. At wisi enim ad minim veniam. At wisi enim ad minim veniam. At wisi enim ad minim veniam. At wisi enim ad minim veniam. At wisi enim ad minim veniam. At wisi enim ad minim veniam. At wisi enim ad minim veniam. At wisi enim ad minim veniam. At wisi enim ad minim veniam. At wisi enim ad minim veniam. At wisi enim ad minim veniam. At wisi enim ad minim veniam.', 'Aenean vestibulum pretium enim, non commodo urna volutpat vitae. Pellentesque vel lacus \r\neget est dictum dignissim. Quisque tincidunt nibh sit amet tortor gravida eleifend.', 'Plantmore Blog', '', ''),
(8, 2, 'Ht wisi enim ad minim veniam.', 'At wisi enim ad minim veniam. At wisi enim ad minim veniam. At wisi enim ad minim veniam. At wisi enim ad minim veniam. At wisi enim ad minim veniam. At wisi enim ad minim veniam. At wisi enim ad minim veniam. At wisi enim ad minim veniam. At wisi enim ad minim veniam. At wisi enim ad minim veniam. At wisi enim ad minim veniam. At wisi enim ad minim veniam. At wisi enim ad minim veniam. At wisi enim ad minim veniam. At wisi enim ad minim veniam. At wisi enim ad minim veniam. At wisi enim ad minim veniam. At wisi enim ad minim veniam. At wisi enim ad minim veniam. At wisi enim ad minim veniam. At wisi enim ad minim veniam. At wisi enim ad minim veniam. At wisi enim ad minim veniam. At wisi enim ad minim veniam. At wisi enim ad minim veniam. At wisi enim ad minim veniam. At wisi enim ad minim veniam. At wisi enim ad minim veniam. At wisi enim ad minim veniam. At wisi enim ad minim veniam. At wisi enim ad minim veniam. At wisi enim ad minim veniam.', 'Aenean vestibulum pretium enim, non commodo urna volutpat vitae. Pellentesque vel lacus \r\neget est dictum dignissim. Quisque tincidunt nibh sit amet tortor gravida eleifend.', 'Plantmore Blog', '', ''),
(9, 1, 'It wisi enim ad minim veniam.', 'At wisi enim ad minim veniam. At wisi enim ad minim veniam. At wisi enim ad minim veniam. At wisi enim ad minim veniam. At wisi enim ad minim veniam. At wisi enim ad minim veniam. At wisi enim ad minim veniam. At wisi enim ad minim veniam. At wisi enim ad minim veniam. At wisi enim ad minim veniam. At wisi enim ad minim veniam. At wisi enim ad minim veniam. At wisi enim ad minim veniam. At wisi enim ad minim veniam. At wisi enim ad minim veniam. At wisi enim ad minim veniam. At wisi enim ad minim veniam. At wisi enim ad minim veniam. At wisi enim ad minim veniam. At wisi enim ad minim veniam. At wisi enim ad minim veniam. At wisi enim ad minim veniam. At wisi enim ad minim veniam. At wisi enim ad minim veniam. At wisi enim ad minim veniam. At wisi enim ad minim veniam. At wisi enim ad minim veniam. At wisi enim ad minim veniam. At wisi enim ad minim veniam. At wisi enim ad minim veniam. At wisi enim ad minim veniam. At wisi enim ad minim veniam.', 'Aenean vestibulum pretium enim, non commodo urna volutpat vitae. Pellentesque vel lacus \r\neget est dictum dignissim. Quisque tincidunt nibh sit amet tortor gravida eleifend.', 'Plantmore Blog', '', ''),
(9, 2, 'It wisi enim ad minim veniam.', 'At wisi enim ad minim veniam. At wisi enim ad minim veniam. At wisi enim ad minim veniam. At wisi enim ad minim veniam. At wisi enim ad minim veniam. At wisi enim ad minim veniam. At wisi enim ad minim veniam. At wisi enim ad minim veniam. At wisi enim ad minim veniam. At wisi enim ad minim veniam. At wisi enim ad minim veniam. At wisi enim ad minim veniam. At wisi enim ad minim veniam. At wisi enim ad minim veniam. At wisi enim ad minim veniam. At wisi enim ad minim veniam. At wisi enim ad minim veniam. At wisi enim ad minim veniam. At wisi enim ad minim veniam. At wisi enim ad minim veniam. At wisi enim ad minim veniam. At wisi enim ad minim veniam. At wisi enim ad minim veniam. At wisi enim ad minim veniam. At wisi enim ad minim veniam. At wisi enim ad minim veniam. At wisi enim ad minim veniam. At wisi enim ad minim veniam. At wisi enim ad minim veniam. At wisi enim ad minim veniam. At wisi enim ad minim veniam. At wisi enim ad minim veniam.', 'Aenean vestibulum pretium enim, non commodo urna volutpat vitae. Pellentesque vel lacus \r\neget est dictum dignissim. Quisque tincidunt nibh sit amet tortor gravida eleifend.', 'Plantmore Blog', '', ''),
(10, 1, 'Kt wisi enim ad minim veniam.', 'At wisi enim ad minim veniam. At wisi enim ad minim veniam. At wisi enim ad minim veniam. At wisi enim ad minim veniam. At wisi enim ad minim veniam. At wisi enim ad minim veniam. At wisi enim ad minim veniam. At wisi enim ad minim veniam. At wisi enim ad minim veniam. At wisi enim ad minim veniam. At wisi enim ad minim veniam. At wisi enim ad minim veniam. At wisi enim ad minim veniam. At wisi enim ad minim veniam. At wisi enim ad minim veniam. At wisi enim ad minim veniam. At wisi enim ad minim veniam. At wisi enim ad minim veniam. At wisi enim ad minim veniam. At wisi enim ad minim veniam. At wisi enim ad minim veniam. At wisi enim ad minim veniam. At wisi enim ad minim veniam. At wisi enim ad minim veniam. At wisi enim ad minim veniam. At wisi enim ad minim veniam. At wisi enim ad minim veniam. At wisi enim ad minim veniam. At wisi enim ad minim veniam. At wisi enim ad minim veniam. At wisi enim ad minim veniam. At wisi enim ad minim veniam.', 'Aenean vestibulum pretium enim, non commodo urna volutpat vitae. Pellentesque vel lacus \r\neget est dictum dignissim. Quisque tincidunt nibh sit amet tortor gravida eleifend.', 'Plantmore Blog', '', ''),
(10, 2, 'Kt wisi enim ad minim veniam.', 'At wisi enim ad minim veniam. At wisi enim ad minim veniam. At wisi enim ad minim veniam. At wisi enim ad minim veniam. At wisi enim ad minim veniam. At wisi enim ad minim veniam. At wisi enim ad minim veniam. At wisi enim ad minim veniam. At wisi enim ad minim veniam. At wisi enim ad minim veniam. At wisi enim ad minim veniam. At wisi enim ad minim veniam. At wisi enim ad minim veniam. At wisi enim ad minim veniam. At wisi enim ad minim veniam. At wisi enim ad minim veniam. At wisi enim ad minim veniam. At wisi enim ad minim veniam. At wisi enim ad minim veniam. At wisi enim ad minim veniam. At wisi enim ad minim veniam. At wisi enim ad minim veniam. At wisi enim ad minim veniam. At wisi enim ad minim veniam. At wisi enim ad minim veniam. At wisi enim ad minim veniam. At wisi enim ad minim veniam. At wisi enim ad minim veniam. At wisi enim ad minim veniam. At wisi enim ad minim veniam. At wisi enim ad minim veniam. At wisi enim ad minim veniam.', 'Aenean vestibulum pretium enim, non commodo urna volutpat vitae. Pellentesque vel lacus \r\neget est dictum dignissim. Quisque tincidunt nibh sit amet tortor gravida eleifend.', 'Plantmore Blog', '', '');
-- --------------------------------------------------------
--
-- Table structure for table `oc_article_list`
--
-- Creation: Feb 13, 2019 at 05:18 PM
--
CREATE TABLE `oc_article_list` (
  `article_list_id` int(11) NOT NULL,
  `name` varchar(255) NOT NULL,
  `status` tinyint(1) NOT NULL DEFAULT '0'
) ENGINE=InnoDB DEFAULT CHARSET=utf8;
--
-- RELATIONSHIPS FOR TABLE `oc_article_list`:
--
--
-- Dumping data for table `oc_article_list`
--
INSERT INTO `oc_article_list` (`article_list_id`, `name`, `status`) VALUES
(1, 'Blog', 1),
(2, 'Blog 2', 1);
-- --------------------------------------------------------
--
-- Table structure for table `oc_article_to_list`
--
-- Creation: Feb 13, 2019 at 05:18 PM
--
CREATE TABLE `oc_article_to_list` (
  `article_list_id` int(11) NOT NULL,
  `article_id` int(11) NOT NULL
) ENGINE=InnoDB DEFAULT CHARSET=utf8;
--
-- RELATIONSHIPS FOR TABLE `oc_article_to_list`:
--
--
-- Dumping data for table `oc_article_to_list`
--
INSERT INTO `oc_article_to_list` (`article_list_id`, `article_id`) VALUES
(2, 5),
(2, 6),
(2, 7),
(2, 8),
(2, 9),
(2, 10),
(1, 1),
(1, 2),
(1, 3),
(1, 4);
-- --------------------------------------------------------
--
-- Table structure for table `oc_article_to_store`
--
-- Creation: Feb 13, 2019 at 05:18 PM
--
CREATE TABLE `oc_article_to_store` (
  `article_id` int(11) NOT NULL,
  `store_id` int(11) NOT NULL
) ENGINE=InnoDB DEFAULT CHARSET=utf8;
--
-- RELATIONSHIPS FOR TABLE `oc_article_to_store`:
--
--
-- Dumping data for table `oc_article_to_store`
--
INSERT INTO `oc_article_to_store` (`article_id`, `store_id`) VALUES
(1, 0),
(1, 1),
(1, 2),
(1, 3),
(2, 0),
(2, 4),
(3, 0),
(2, 1),
(3, 4),
(2, 2),
(3, 1),
(2, 3),
(3, 2),
(3, 3),
(4, 0),
(4, 1),
(4, 2),
(4, 3),
(4, 4),
(5, 2),
(5, 3),
(6, 2),
(6, 3),
(7, 2),
(7, 3),
(8, 2),
(8, 3),
(9, 2),
(9, 3),
(10, 2),
(10, 3);
-- --------------------------------------------------------
--
-- Table structure for table `oc_attribute`
--
-- Creation: Feb 13, 2019 at 05:18 PM
-- Last update: Feb 13, 2019 at 05:18 PM
-- Last check: Feb 13, 2019 at 11:58 PM
--
CREATE TABLE `oc_attribute` (
  `attribute_id` int(11) NOT NULL,
  `attribute_group_id` int(11) NOT NULL,
  `sort_order` int(3) NOT NULL
) ENGINE=MyISAM DEFAULT CHARSET=utf8;
--
-- RELATIONSHIPS FOR TABLE `oc_attribute`:
--
--
-- Dumping data for table `oc_attribute`
--
INSERT INTO `oc_attribute` (`attribute_id`, `attribute_group_id`, `sort_order`) VALUES
(1, 6, 1),
(2, 6, 5),
(3, 6, 3),
(4, 3, 1),
(5, 3, 2),
(6, 3, 3),
(7, 3, 4),
(8, 3, 5),
(9, 3, 6),
(10, 3, 7),
(11, 3, 8);
-- --------------------------------------------------------
--
-- Table structure for table `oc_attribute_description`
--
-- Creation: Feb 13, 2019 at 05:18 PM
-- Last update: Feb 13, 2019 at 05:18 PM
-- Last check: Mar 12, 2019 at 04:01 PM
--
CREATE TABLE `oc_attribute_description` (
  `attribute_id` int(11) NOT NULL,
  `language_id` int(11) NOT NULL,
  `name` varchar(64) NOT NULL
) ENGINE=MyISAM DEFAULT CHARSET=utf8;
--
-- RELATIONSHIPS FOR TABLE `oc_attribute_description`:
--
--
-- Dumping data for table `oc_attribute_description`
--
INSERT INTO `oc_attribute_description` (`attribute_id`, `language_id`, `name`) VALUES
(1, 1, 'Description'),
(2, 1, 'No. of Cores'),
(4, 1, 'test 1'),
(5, 1, 'test 2'),
(6, 1, 'test 3'),
(7, 1, 'test 4'),
(8, 1, 'test 5'),
(9, 1, 'test 6'),
(10, 1, 'test 7'),
(11, 1, 'test 8'),
(3, 1, 'Clockspeed'),
(1, 2, 'Description'),
(2, 2, 'No. of Cores'),
(4, 2, 'test 1'),
(5, 2, 'test 2'),
(6, 2, 'test 3'),
(7, 2, 'test 4'),
(8, 2, 'test 5'),
(9, 2, 'test 6'),
(10, 2, 'test 7'),
(11, 2, 'test 8'),
(3, 2, 'Clockspeed');
-- --------------------------------------------------------
--
-- Table structure for table `oc_attribute_group`
--
-- Creation: Feb 13, 2019 at 05:18 PM
-- Last update: Feb 13, 2019 at 05:18 PM
-- Last check: Feb 13, 2019 at 11:58 PM
--
CREATE TABLE `oc_attribute_group` (
  `attribute_group_id` int(11) NOT NULL,
  `sort_order` int(3) NOT NULL
) ENGINE=MyISAM DEFAULT CHARSET=utf8;
--
-- RELATIONSHIPS FOR TABLE `oc_attribute_group`:
--
--
-- Dumping data for table `oc_attribute_group`
--
INSERT INTO `oc_attribute_group` (`attribute_group_id`, `sort_order`) VALUES
(3, 2),
(4, 1),
(5, 3),
(6, 4);
-- --------------------------------------------------------
--
-- Table structure for table `oc_attribute_group_description`
--
-- Creation: Feb 13, 2019 at 05:18 PM
-- Last update: Feb 13, 2019 at 05:18 PM
-- Last check: Feb 13, 2019 at 11:58 PM
--
CREATE TABLE `oc_attribute_group_description` (
  `attribute_group_id` int(11) NOT NULL,
  `language_id` int(11) NOT NULL,
  `name` varchar(64) NOT NULL
) ENGINE=MyISAM DEFAULT CHARSET=utf8;
--
-- RELATIONSHIPS FOR TABLE `oc_attribute_group_description`:
--
--
-- Dumping data for table `oc_attribute_group_description`
--
INSERT INTO `oc_attribute_group_description` (`attribute_group_id`, `language_id`, `name`) VALUES
(3, 1, 'Memory'),
(4, 1, 'Technical'),
(5, 1, 'Motherboard'),
(6, 1, 'Processor'),
(3, 2, 'Memory'),
(4, 2, 'Technical'),
(5, 2, 'Motherboard'),
(6, 2, 'Processor');
-- --------------------------------------------------------
--
-- Table structure for table `oc_banner`
--
-- Creation: Feb 13, 2019 at 05:18 PM
-- Last update: Feb 13, 2019 at 05:18 PM
-- Last check: Feb 13, 2019 at 11:57 PM
--
CREATE TABLE `oc_banner` (
  `banner_id` int(11) NOT NULL,
  `name` varchar(64) NOT NULL,
  `status` tinyint(1) NOT NULL
) ENGINE=MyISAM DEFAULT CHARSET=utf8;
--
-- RELATIONSHIPS FOR TABLE `oc_banner`:
--
--
-- Dumping data for table `oc_banner`
--
INSERT INTO `oc_banner` (`banner_id`, `name`, `status`) VALUES
(6, 'HP Products', 1),
(7, 'Home Page Slideshow', 1),
(8, 'Manufacturers', 1);
-- --------------------------------------------------------
--
-- Table structure for table `oc_banner_image`
--
-- Creation: Feb 13, 2019 at 05:18 PM
-- Last update: Feb 13, 2019 at 05:18 PM
-- Last check: Feb 13, 2019 at 11:57 PM
--
CREATE TABLE `oc_banner_image` (
  `banner_image_id` int(11) NOT NULL,
  `banner_id` int(11) NOT NULL,
  `language_id` int(11) NOT NULL,
  `title` varchar(64) NOT NULL,
  `link` varchar(255) NOT NULL,
  `image` varchar(255) NOT NULL,
  `sort_order` int(3) NOT NULL DEFAULT '0'
) ENGINE=MyISAM DEFAULT CHARSET=utf8;
--
-- RELATIONSHIPS FOR TABLE `oc_banner_image`:
--
--
-- Dumping data for table `oc_banner_image`
--
INSERT INTO `oc_banner_image` (`banner_image_id`, `banner_id`, `language_id`, `title`, `link`, `image`, `sort_order`) VALUES
(109, 6, 2, 'HP Banner', 'index.php?route=product/manufacturer/info&amp;manufacturer_id=7', 'catalog/demo/compaq_presario.jpg', 0),
(87, 6, 1, 'HP Banner', 'index.php?route=product/manufacturer/info&amp;manufacturer_id=7', 'catalog/demo/compaq_presario.jpg', 0),
(117, 7, 2, 'MacBookAir', '', 'catalog/demo/banners/MacBookAir.jpg', 0),
(80, 7, 1, 'MacBookAir', '', 'catalog/demo/banners/MacBookAir.jpg', 0),
(108, 7, 2, 'iPhone 6', 'index.php?route=product/product&amp;path=57&amp;product_id=49', 'catalog/demo/banners/iPhone6.jpg', 0),
(79, 7, 1, 'iPhone 6', 'index.php?route=product/product&amp;path=57&amp;product_id=49', 'catalog/demo/banners/iPhone6.jpg', 0),
(134, 8, 2, 'Canon', '', 'catalog/manufaturer/brand2.png', 0),
(133, 8, 2, 'Coca Cola', '', 'catalog/manufaturer/brand3.png', 0),
(132, 8, 2, 'Burger King', '', 'catalog/manufaturer/brand1.png', 0),
(131, 8, 2, 'Sony', '', 'catalog/manufaturer/brand4.png', 0),
(130, 8, 2, 'RedBull', '', 'catalog/manufaturer/brand3.png', 0),
(129, 8, 2, 'NFL', '', 'catalog/manufaturer/brand2.png', 0),
(128, 8, 1, 'Disney', '', 'catalog/manufaturer/brand5.png', 0),
(127, 8, 1, 'Dell', '', 'catalog/manufaturer/brand4.png', 0),
(126, 8, 1, 'Harley Davidson', '', 'catalog/manufaturer/brand1.png', 0),
(125, 8, 1, 'Canon', '', 'catalog/manufaturer/brand2.png', 0),
(124, 8, 1, 'Burger King', '', 'catalog/manufaturer/brand1.png', 0),
(123, 8, 1, 'Coca Cola', '', 'catalog/manufaturer/brand3.png', 0),
(122, 8, 1, 'Sony', '', 'catalog/manufaturer/brand4.png', 0),
(121, 8, 1, 'RedBull', '', 'catalog/manufaturer/brand3.png', 0),
(120, 8, 1, 'NFL', '', 'catalog/manufaturer/brand2.png', 0),
(135, 8, 2, 'Harley Davidson', '', 'catalog/manufaturer/brand1.png', 0),
(136, 8, 2, 'Dell', '', 'catalog/manufaturer/brand4.png', 0),
(137, 8, 2, 'Disney', '', 'catalog/manufaturer/brand5.png', 0);
-- --------------------------------------------------------
--
-- Table structure for table `oc_cart`
--
-- Creation: Feb 13, 2019 at 05:18 PM
--
CREATE TABLE `oc_cart` (
  `cart_id` int(11) UNSIGNED NOT NULL,
  `api_id` int(11) NOT NULL,
  `customer_id` int(11) NOT NULL,
  `session_id` varchar(32) NOT NULL,
  `product_id` int(11) NOT NULL,
  `recurring_id` int(11) NOT NULL,
  `option` text NOT NULL,
  `quantity` int(5) NOT NULL,
  `date_added` datetime NOT NULL
) ENGINE=InnoDB DEFAULT CHARSET=utf8;
--
-- RELATIONSHIPS FOR TABLE `oc_cart`:
--
--
-- Dumping data for table `oc_cart`
--
INSERT INTO `oc_cart` (`cart_id`, `api_id`, `customer_id`, `session_id`, `product_id`, `recurring_id`, `option`, `quantity`, `date_added`) VALUES
(5, 0, 1, '803b2b354269f88d3d22174fcd', 78, 0, '[]', 2, '2017-11-29 17:07:12'),
(12, 0, 1, '803b2b354269f88d3d22174fcd', 61, 0, '[]', 1, '2019-02-11 16:51:27'),
(13, 0, 1, '803b2b354269f88d3d22174fcd', 54, 0, '[]', 1, '2019-02-11 16:51:28'),
(14, 0, 1, '803b2b354269f88d3d22174fcd', 58, 0, '[]', 1, '2019-02-11 16:51:29'),
(15, 0, 1, '803b2b354269f88d3d22174fcd', 52, 0, '{\"237\":\"2011-04-22\"}', 1, '2019-02-11 16:51:33'),
(16, 0, 1, '803b2b354269f88d3d22174fcd', 44, 0, '[]', 1, '2019-02-11 16:51:36'),
(17, 0, 1, '803b2b354269f88d3d22174fcd', 45, 0, '[]', 1, '2019-02-11 16:51:38');
-- --------------------------------------------------------
--
-- Table structure for table `oc_category`
--
-- Creation: Feb 13, 2019 at 05:18 PM
-- Last update: Feb 13, 2019 at 05:18 PM
-- Last check: Feb 13, 2019 at 11:57 PM
--
CREATE TABLE `oc_category` (
  `category_id` int(11) NOT NULL,
  `image` varchar(255) DEFAULT NULL,
  `parent_id` int(11) NOT NULL DEFAULT '0',
  `top` tinyint(1) NOT NULL,
  `column` int(3) NOT NULL,
  `sort_order` int(3) NOT NULL DEFAULT '0',
  `status` tinyint(1) NOT NULL,
  `date_added` datetime NOT NULL,
  `date_modified` datetime NOT NULL,
  `thumbnail_image` varchar(255) DEFAULT NULL,
  `homethumb_image` varchar(255) DEFAULT NULL,
  `featured` tinyint(1) DEFAULT '0'
) ENGINE=MyISAM DEFAULT CHARSET=utf8;
--
-- RELATIONSHIPS FOR TABLE `oc_category`:
--
--
-- Dumping data for table `oc_category`
--
INSERT INTO `oc_category` (`category_id`, `image`, `parent_id`, `top`, `column`, `sort_order`, `status`, `date_added`, `date_modified`, `thumbnail_image`, `homethumb_image`, `featured`) VALUES
(25, NULL, 0, 1, 1, 3, 1, '2009-01-31 01:04:25', '2017-12-29 08:43:39', 'catalog/category/brand2.jpg', '', 1),
(27, NULL, 20, 0, 0, 2, 1, '2009-01-31 01:55:34', '2010-08-22 06:32:15', NULL, NULL, 0),
(20, NULL, 0, 1, 1, 1, 1, '2009-01-05 21:49:43', '2017-11-29 13:42:41', NULL, NULL, 0),
(24, NULL, 0, 1, 1, 5, 1, '2009-01-20 02:36:26', '2011-05-30 12:15:18', NULL, NULL, 0),
(18, NULL, 0, 1, 0, 2, 1, '2009-01-05 21:49:15', '2011-05-30 12:13:55', NULL, NULL, 0),
(17, NULL, 0, 1, 1, 4, 1, '2009-01-03 21:08:57', '2011-05-30 12:15:11', NULL, NULL, 0),
(28, NULL, 57, 0, 0, 1, 1, '2009-02-02 13:11:12', '2017-12-26 15:43:57', 'catalog/category/thumb2.png', '', 0),
(26, NULL, 20, 0, 0, 1, 1, '2009-01-31 01:55:14', '2010-08-22 06:31:45', NULL, NULL, 0),
(29, NULL, 25, 0, 0, 1, 1, '2009-02-02 13:11:37', '2010-08-22 06:32:39', 'catalog/category/cate_thumb3.png', '', 0),
(30, NULL, 25, 0, 0, 1, 1, '2009-02-02 13:11:59', '2010-08-22 06:33:00', 'catalog/category/brand9.jpg', '', 1),
(31, NULL, 25, 0, 0, 1, 1, '2009-02-03 14:17:24', '2017-12-26 15:46:57', 'catalog/category/brand3.jpg', '', 1),
(32, NULL, 25, 0, 0, 1, 1, '2009-02-03 14:17:34', '2010-08-22 06:33:12', 'catalog/category/brand8.jpg', '', 1),
(33, NULL, 0, 1, 1, 6, 1, '2009-02-03 14:17:55', '2011-05-30 12:15:25', 'catalog/category/cate_thumb1.png', '', 0),
(34, NULL, 0, 1, 4, 7, 1, '2009-02-03 14:18:11', '2011-05-30 12:15:31', NULL, NULL, 0),
(35, NULL, 28, 0, 0, 0, 1, '2010-09-17 10:06:48', '2017-12-26 15:44:23', 'catalog/category/thumb4.png', '', 0),
(36, NULL, 28, 0, 0, 0, 1, '2010-09-17 10:07:13', '2017-12-26 15:48:26', 'catalog/category/thumb6.png', '', 0),
(37, NULL, 28, 0, 0, 0, 1, '2010-09-18 14:03:39', '2017-12-26 15:45:40', 'catalog/category/thumb5.png', '', 0),
(38, NULL, 34, 0, 0, 0, 1, '2010-09-18 14:03:51', '2010-09-18 14:03:51', NULL, NULL, 0),
(39, NULL, 28, 0, 0, 0, 1, '2010-09-18 14:04:17', '2017-12-26 15:47:46', 'catalog/category/thumb3.png', '', 0),
(40, NULL, 32, 0, 0, 0, 1, '2010-09-18 14:05:36', '2017-08-24 16:09:59', 'catalog/category/brand12.jpg', '', 1),
(41, NULL, 32, 0, 0, 0, 1, '2010-09-18 14:05:49', '2017-08-24 16:09:54', 'catalog/category/brand13.jpg', '', 1),
(42, NULL, 32, 0, 0, 0, 1, '2010-09-18 14:06:34', '2017-08-24 16:09:48', 'catalog/category/brand10.jpg', '', 1),
(43, NULL, 32, 0, 0, 0, 1, '2010-09-18 14:06:49', '2017-08-24 16:09:43', 'catalog/category/brand11.jpg', '', 1),
(44, NULL, 31, 1, 0, 0, 1, '2010-09-21 15:39:21', '2018-03-02 08:10:59', 'catalog/category/brand6.jpg', '', 1),
(45, NULL, 18, 0, 0, 0, 1, '2010-09-24 18:29:16', '2011-04-26 08:52:11', NULL, NULL, 0),
(46, NULL, 18, 0, 0, 0, 1, '2010-09-24 18:29:31', '2011-04-26 08:52:23', NULL, NULL, 0),
(47, NULL, 31, 1, 0, 0, 1, '2010-11-07 11:13:16', '2018-03-02 08:11:04', 'catalog/category/brand7.jpg', '', 1),
(48, NULL, 31, 1, 0, 0, 1, '2010-11-07 11:13:33', '2018-03-02 08:10:55', 'catalog/category/brand5.jpg', '', 1),
(49, NULL, 31, 1, 0, 0, 1, '2010-11-07 11:14:04', '2018-03-02 08:10:44', 'catalog/category/brand4.jpg', '', 1),
(50, NULL, 30, 0, 0, 0, 1, '2010-11-07 11:14:23', '2017-08-24 16:08:41', 'catalog/category/brand9.jpg', '', 1),
(51, NULL, 30, 0, 0, 0, 1, '2010-11-07 11:14:38', '2017-08-24 16:08:36', 'catalog/category/brand3.jpg', '', 1),
(52, NULL, 30, 0, 0, 0, 1, '2010-11-07 11:16:09', '2017-08-24 16:08:26', NULL, NULL, 0),
(53, NULL, 30, 0, 0, 0, 1, '2010-11-07 11:28:53', '2017-08-24 16:08:31', 'catalog/category/brand6.jpg', '', 1),
(54, NULL, 29, 0, 0, 0, 1, '2010-11-07 11:29:16', '2017-08-24 16:07:46', NULL, NULL, 0),
(55, NULL, 29, 0, 0, 0, 1, '2010-11-08 10:31:32', '2017-08-24 16:07:52', NULL, NULL, 0),
(56, NULL, 29, 0, 0, 0, 1, '2010-11-08 10:31:50', '2017-08-24 16:07:57', NULL, NULL, 0),
(57, NULL, 0, 1, 1, 3, 1, '2011-04-26 08:53:16', '2017-12-26 15:43:35', 'catalog/category/thumb1.png', '', 0),
(58, NULL, 29, 0, 0, 0, 1, '2011-05-08 13:44:16', '2017-08-24 16:07:39', NULL, NULL, 0),
(59, NULL, 30, 1, 1, 0, 1, '2018-03-02 09:17:31', '2018-03-02 09:18:00', NULL, NULL, 0),
(60, NULL, 30, 1, 1, 0, 1, '2018-03-02 09:19:19', '2018-03-02 09:19:19', NULL, NULL, 0),
(61, NULL, 30, 1, 1, 0, 1, '2018-03-02 09:19:56', '2018-03-02 09:19:56', NULL, NULL, 0),
(62, NULL, 30, 1, 1, 0, 1, '2018-03-02 09:20:01', '2018-03-02 09:20:01', NULL, NULL, 0),
(63, NULL, 29, 1, 1, 0, 1, '2018-03-02 09:20:24', '2018-03-02 09:20:24', NULL, NULL, 0),
(64, NULL, 29, 1, 1, 0, 1, '2018-03-02 09:20:43', '2018-03-02 09:20:43', NULL, NULL, 0),
(65, NULL, 29, 1, 1, 0, 1, '2018-03-02 09:21:00', '2018-03-02 09:21:00', NULL, NULL, 0),
(66, NULL, 29, 1, 1, 0, 1, '2018-03-02 09:21:19', '2018-03-02 09:21:19', NULL, NULL, 0);
-- --------------------------------------------------------
--
-- Table structure for table `oc_category_description`
--
-- Creation: Feb 13, 2019 at 05:18 PM
-- Last update: Feb 13, 2019 at 05:18 PM
-- Last check: Feb 13, 2019 at 11:57 PM
--
CREATE TABLE `oc_category_description` (
  `category_id` int(11) NOT NULL,
  `language_id` int(11) NOT NULL,
  `name` varchar(255) NOT NULL,
  `description` text NOT NULL,
  `meta_title` varchar(255) NOT NULL,
  `meta_description` varchar(255) NOT NULL,
  `meta_keyword` varchar(255) NOT NULL
) ENGINE=MyISAM DEFAULT CHARSET=utf8;
--
-- RELATIONSHIPS FOR TABLE `oc_category_description`:
--
--
-- Dumping data for table `oc_category_description`
--
INSERT INTO `oc_category_description` (`category_id`, `language_id`, `name`, `description`, `meta_title`, `meta_description`, `meta_keyword`) VALUES
(29, 2, 'Sagittis Eget', '&lt;p&gt;\r\n	shop Laptop Feature Only The Best Laptop Deals On The Market. By Comparing Laptop Deals From The Likes Of Pc World, Comet, Dixons, The Link And Carphone Warehouse, Shop Laptop Has The Most Comprehensive Selection Of Laptops On The Internet. At Shop Laptop, We Pride Ourselves On Offering Customers The Very Best Laptop Deals. From Refurbished Laptops To Netbooks, Shop Laptop Ensures That Every Laptop - In Every Colour, Style, Size And Technical Spec - Is Featured On The Site At The Lowest Possible Price.&lt;/p&gt;\r\n', 'Sagittis Eget', '', ''),
(27, 2, 'Auctor Viverra', '&lt;p&gt;\r\n	shop Laptop Feature Only The Best Laptop Deals On The Market. By Comparing Laptop Deals From The Likes Of Pc World, Comet, Dixons, The Link And Carphone Warehouse, Shop Laptop Has The Most Comprehensive Selection Of Laptops On The Internet. At Shop Laptop, We Pride Ourselves On Offering Customers The Very Best Laptop Deals. From Refurbished Laptops To Netbooks, Shop Laptop Ensures That Every Laptop - In Every Colour, Style, Size And Technical Spec - Is Featured On The Site At The Lowest Possible Price.&lt;/p&gt;\r\n', 'Auctor Viverra', '', ''),
(26, 2, 'Cras Ultrices', '&lt;p&gt;\r\n	shop Laptop Feature Only The Best Laptop Deals On The Market. By Comparing Laptop Deals From The Likes Of Pc World, Comet, Dixons, The Link And Carphone Warehouse, Shop Laptop Has The Most Comprehensive Selection Of Laptops On The Internet. At Shop Laptop, We Pride Ourselves On Offering Customers The Very Best Laptop Deals. From Refurbished Laptops To Netbooks, Shop Laptop Ensures That Every Laptop - In Every Colour, Style, Size And Technical Spec - Is Featured On The Site At The Lowest Possible Price.&lt;/p&gt;\r\n', 'Cras Ultrices', '', ''),
(17, 2, 'Fusce Sagittis', '&lt;p&gt;\r\n	shop Laptop Feature Only The Best Laptop Deals On The Market. By Comparing Laptop Deals From The Likes Of Pc World, Comet, Dixons, The Link And Carphone Warehouse, Shop Laptop Has The Most Comprehensive Selection Of Laptops On The Internet. At Shop Laptop, We Pride Ourselves On Offering Customers The Very Best Laptop Deals. From Refurbished Laptops To Netbooks, Shop Laptop Ensures That Every Laptop - In Every Colour, Style, Size And Technical Spec - Is Featured On The Site At The Lowest Possible Price.&lt;/p&gt;\r\n', 'Fusce Sagittis', '', ''),
(24, 2, 'Quis Consequat', '&lt;p&gt;\r\n	shop Laptop Feature Only The Best Laptop Deals On The Market. By Comparing Laptop Deals From The Likes Of Pc World, Comet, Dixons, The Link And Carphone Warehouse, Shop Laptop Has The Most Comprehensive Selection Of Laptops On The Internet. At Shop Laptop, We Pride Ourselves On Offering Customers The Very Best Laptop Deals. From Refurbished Laptops To Netbooks, Shop Laptop Ensures That Every Laptop - In Every Colour, Style, Size And Technical Spec - Is Featured On The Site At The Lowest Possible Price.&lt;/p&gt;\r\n', 'Quis Consequat', '', ''),
(33, 1, 'Semper Vulputate', '&lt;p&gt;\r\n	shop Laptop Feature Only The Best Laptop Deals On The Market. By Comparing Laptop Deals From The Likes Of Pc World, Comet, Dixons, The Link And Carphone Warehouse, Shop Laptop Has The Most Comprehensive Selection Of Laptops On The Internet. At Shop Laptop, We Pride Ourselves On Offering Customers The Very Best Laptop Deals. From Refurbished Laptops To Netbooks, Shop Laptop Ensures That Every Laptop - In Every Colour, Style, Size And Technical Spec - Is Featured On The Site At The Lowest Possible Price.&lt;/p&gt;\r\n', 'Semper Vulputate', '', ''),
(47, 2, 'Egestas Ultricies', '&lt;p&gt;\r\n	shop Laptop Feature Only The Best Laptop Deals On The Market. By Comparing Laptop Deals From The Likes Of Pc World, Comet, Dixons, The Link And Carphone Warehouse, Shop Laptop Has The Most Comprehensive Selection Of Laptops On The Internet. At Shop Laptop, We Pride Ourselves On Offering Customers The Very Best Laptop Deals. From Refurbished Laptops To Netbooks, Shop Laptop Ensures That Every Laptop - In Every Colour, Style, Size And Technical Spec - Is Featured On The Site At The Lowest Possible Price.&lt;/p&gt;\r\n', 'Egestas Ultricies', '', ''),
(45, 1, 'Amet Rhoncus', '&lt;p&gt;\r\n	shop Laptop Feature Only The Best Laptop Deals On The Market. By Comparing Laptop Deals From The Likes Of Pc World, Comet, Dixons, The Link And Carphone Warehouse, Shop Laptop Has The Most Comprehensive Selection Of Laptops On The Internet. At Shop Laptop, We Pride Ourselves On Offering Customers The Very Best Laptop Deals. From Refurbished Laptops To Netbooks, Shop Laptop Ensures That Every Laptop - In Every Colour, Style, Size And Technical Spec - Is Featured On The Site At The Lowest Possible Price.&lt;/p&gt;\r\n', 'Amet Rhoncus', '', ''),
(38, 2, 'Praesent Sit', '&lt;p&gt;\r\n	shop Laptop Feature Only The Best Laptop Deals On The Market. By Comparing Laptop Deals From The Likes Of Pc World, Comet, Dixons, The Link And Carphone Warehouse, Shop Laptop Has The Most Comprehensive Selection Of Laptops On The Internet. At Shop Laptop, We Pride Ourselves On Offering Customers The Very Best Laptop Deals. From Refurbished Laptops To Netbooks, Shop Laptop Ensures That Every Laptop - In Every Colour, Style, Size And Technical Spec - Is Featured On The Site At The Lowest Possible Price.&lt;/p&gt;\r\n', 'Praesent Sit', '', ''),
(40, 2, 'Vehicula Element', '&lt;p&gt;\r\n	shop Laptop Feature Only The Best Laptop Deals On The Market. By Comparing Laptop Deals From The Likes Of Pc World, Comet, Dixons, The Link And Carphone Warehouse, Shop Laptop Has The Most Comprehensive Selection Of Laptops On The Internet. At Shop Laptop, We Pride Ourselves On Offering Customers The Very Best Laptop Deals. From Refurbished Laptops To Netbooks, Shop Laptop Ensures That Every Laptop - In Every Colour, Style, Size And Technical Spec - Is Featured On The Site At The Lowest Possible Price.&lt;/p&gt;\r\n', 'Vehicula Element', '', ''),
(41, 2, 'Volutpat Diam', '&lt;p&gt;\r\n	shop Laptop Feature Only The Best Laptop Deals On The Market. By Comparing Laptop Deals From The Likes Of Pc World, Comet, Dixons, The Link And Carphone Warehouse, Shop Laptop Has The Most Comprehensive Selection Of Laptops On The Internet. At Shop Laptop, We Pride Ourselves On Offering Customers The Very Best Laptop Deals. From Refurbished Laptops To Netbooks, Shop Laptop Ensures That Every Laptop - In Every Colour, Style, Size And Technical Spec - Is Featured On The Site At The Lowest Possible Price.&lt;/p&gt;\r\n', 'Volutpat Diam', '', ''),
(42, 2, 'Magna Pellentesq', '&lt;p&gt;\r\n	shop Laptop Feature Only The Best Laptop Deals On The Market. By Comparing Laptop Deals From The Likes Of Pc World, Comet, Dixons, The Link And Carphone Warehouse, Shop Laptop Has The Most Comprehensive Selection Of Laptops On The Internet. At Shop Laptop, We Pride Ourselves On Offering Customers The Very Best Laptop Deals. From Refurbished Laptops To Netbooks, Shop Laptop Ensures That Every Laptop - In Every Colour, Style, Size And Technical Spec - Is Featured On The Site At The Lowest Possible Price.&lt;/p&gt;\r\n', 'Magna Pellentesq', '', ''),
(43, 2, 'Molestie Tortor', '&lt;p&gt;\r\n	shop Laptop Feature Only The Best Laptop Deals On The Market. By Comparing Laptop Deals From The Likes Of Pc World, Comet, Dixons, The Link And Carphone Warehouse, Shop Laptop Has The Most Comprehensive Selection Of Laptops On The Internet. At Shop Laptop, We Pride Ourselves On Offering Customers The Very Best Laptop Deals. From Refurbished Laptops To Netbooks, Shop Laptop Ensures That Every Laptop - In Every Colour, Style, Size And Technical Spec - Is Featured On The Site At The Lowest Possible Price.&lt;/p&gt;\r\n', 'Molestie Tortor', '', ''),
(34, 2, 'Nibh Rhoncus', '&lt;p&gt;\r\n	shop Laptop Feature Only The Best Laptop Deals On The Market. By Comparing Laptop Deals From The Likes Of Pc World, Comet, Dixons, The Link And Carphone Warehouse, Shop Laptop Has The Most Comprehensive Selection Of Laptops On The Internet. At Shop Laptop, We Pride Ourselves On Offering Customers The Very Best Laptop Deals. From Refurbished Laptops To Netbooks, Shop Laptop Ensures That Every Laptop - In Every Colour, Style, Size And Technical Spec - Is Featured On The Site At The Lowest Possible Price.&lt;/p&gt;\r\n', 'Nibh Rhoncus', '', ''),
(18, 2, 'Etiam Finibus', '&lt;p&gt;\r\n	shop Laptop Feature Only The Best Laptop Deals On The Market. By Comparing Laptop Deals From The Likes Of Pc World, Comet, Dixons, The Link And Carphone Warehouse, Shop Laptop Has The Most Comprehensive Selection Of Laptops On The Internet. At Shop Laptop, We Pride Ourselves On Offering Customers The Very Best Laptop Deals. From Refurbished Laptops To Netbooks, Shop Laptop Ensures That Every Laptop - In Every Colour, Style, Size And Technical Spec - Is Featured On The Site At The Lowest Possible Price.&lt;/p&gt;\r\n', 'Etiam Finibus', '', ''),
(46, 1, 'Suspendisse Viverra', '&lt;p&gt;\r\n	shop Laptop Feature Only The Best Laptop Deals On The Market. By Comparing Laptop Deals From The Likes Of Pc World, Comet, Dixons, The Link And Carphone Warehouse, Shop Laptop Has The Most Comprehensive Selection Of Laptops On The Internet. At Shop Laptop, We Pride Ourselves On Offering Customers The Very Best Laptop Deals. From Refurbished Laptops To Netbooks, Shop Laptop Ensures That Every Laptop - In Every Colour, Style, Size And Technical Spec - Is Featured On The Site At The Lowest Possible Price.&lt;/p&gt;\r\n', 'Suspendisse Viverra', '', ''),
(32, 2, 'Purus Lacus', '&lt;p&gt;\r\n	shop Laptop Feature Only The Best Laptop Deals On The Market. By Comparing Laptop Deals From The Likes Of Pc World, Comet, Dixons, The Link And Carphone Warehouse, Shop Laptop Has The Most Comprehensive Selection Of Laptops On The Internet. At Shop Laptop, We Pride Ourselves On Offering Customers The Very Best Laptop Deals. From Refurbished Laptops To Netbooks, Shop Laptop Ensures That Every Laptop - In Every Colour, Style, Size And Technical Spec - Is Featured On The Site At The Lowest Possible Price.&lt;/p&gt;\r\n', 'Purus Lacus', '', ''),
(30, 2, 'Sagittis Blandit', '&lt;p&gt;\r\n	shop Laptop Feature Only The Best Laptop Deals On The Market. By Comparing Laptop Deals From The Likes Of Pc World, Comet, Dixons, The Link And Carphone Warehouse, Shop Laptop Has The Most Comprehensive Selection Of Laptops On The Internet. At Shop Laptop, We Pride Ourselves On Offering Customers The Very Best Laptop Deals. From Refurbished Laptops To Netbooks, Shop Laptop Ensures That Every Laptop - In Every Colour, Style, Size And Technical Spec - Is Featured On The Site At The Lowest Possible Price.&lt;/p&gt;\r\n', 'Sagittis Blandit', '', ''),
(33, 2, 'Semper Vulputate', '&lt;p&gt;\r\n	shop Laptop Feature Only The Best Laptop Deals On The Market. By Comparing Laptop Deals From The Likes Of Pc World, Comet, Dixons, The Link And Carphone Warehouse, Shop Laptop Has The Most Comprehensive Selection Of Laptops On The Internet. At Shop Laptop, We Pride Ourselves On Offering Customers The Very Best Laptop Deals. From Refurbished Laptops To Netbooks, Shop Laptop Ensures That Every Laptop - In Every Colour, Style, Size And Technical Spec - Is Featured On The Site At The Lowest Possible Price.&lt;/p&gt;\r\n', 'Semper Vulputate', '', ''),
(58, 1, 'Integer Felis', '&lt;p&gt;\r\n	shop Laptop Feature Only The Best Laptop Deals On The Market. By Comparing Laptop Deals From The Likes Of Pc World, Comet, Dixons, The Link And Carphone Warehouse, Shop Laptop Has The Most Comprehensive Selection Of Laptops On The Internet. At Shop Laptop, We Pride Ourselves On Offering Customers The Very Best Laptop Deals. From Refurbished Laptops To Netbooks, Shop Laptop Ensures That Every Laptop - In Every Colour, Style, Size And Technical Spec - Is Featured On The Site At The Lowest Possible Price.&lt;/p&gt;\r\n', 'Integer Felis', '', ''),
(48, 2, 'Dignissim Turpis', '&lt;p&gt;\r\n	shop Laptop Feature Only The Best Laptop Deals On The Market. By Comparing Laptop Deals From The Likes Of Pc World, Comet, Dixons, The Link And Carphone Warehouse, Shop Laptop Has The Most Comprehensive Selection Of Laptops On The Internet. At Shop Laptop, We Pride Ourselves On Offering Customers The Very Best Laptop Deals. From Refurbished Laptops To Netbooks, Shop Laptop Ensures That Every Laptop - In Every Colour, Style, Size And Technical Spec - Is Featured On The Site At The Lowest Possible Price.&lt;/p&gt;\r\n', 'Dignissim Turpis', '', ''),
(49, 2, 'Bibendum Cursus', '&lt;p&gt;\r\n	shop Laptop Feature Only The Best Laptop Deals On The Market. By Comparing Laptop Deals From The Likes Of Pc World, Comet, Dixons, The Link And Carphone Warehouse, Shop Laptop Has The Most Comprehensive Selection Of Laptops On The Internet. At Shop Laptop, We Pride Ourselves On Offering Customers The Very Best Laptop Deals. From Refurbished Laptops To Netbooks, Shop Laptop Ensures That Every Laptop - In Every Colour, Style, Size And Technical Spec - Is Featured On The Site At The Lowest Possible Price.&lt;/p&gt;\r\n', 'Bibendum Cursus', '', ''),
(50, 1, 'Tellus Consectetur', '&lt;p&gt;\r\n	shop Laptop Feature Only The Best Laptop Deals On The Market. By Comparing Laptop Deals From The Likes Of Pc World, Comet, Dixons, The Link And Carphone Warehouse, Shop Laptop Has The Most Comprehensive Selection Of Laptops On The Internet. At Shop Laptop, We Pride Ourselves On Offering Customers The Very Best Laptop Deals. From Refurbished Laptops To Netbooks, Shop Laptop Ensures That Every Laptop - In Every Colour, Style, Size And Technical Spec - Is Featured On The Site At The Lowest Possible Price.&lt;/p&gt;\r\n', 'Tellus Consectetur', '', ''),
(51, 1, 'Habitant Morbi', '&lt;p&gt;\r\n	shop Laptop Feature Only The Best Laptop Deals On The Market. By Comparing Laptop Deals From The Likes Of Pc World, Comet, Dixons, The Link And Carphone Warehouse, Shop Laptop Has The Most Comprehensive Selection Of Laptops On The Internet. At Shop Laptop, We Pride Ourselves On Offering Customers The Very Best Laptop Deals. From Refurbished Laptops To Netbooks, Shop Laptop Ensures That Every Laptop - In Every Colour, Style, Size And Technical Spec - Is Featured On The Site At The Lowest Possible Price.&lt;/p&gt;\r\n', 'Habitant Morbi', '', ''),
(52, 1, 'Tristique Senectus', '&lt;p&gt;\r\n	shop Laptop Feature Only The Best Laptop Deals On The Market. By Comparing Laptop Deals From The Likes Of Pc World, Comet, Dixons, The Link And Carphone Warehouse, Shop Laptop Has The Most Comprehensive Selection Of Laptops On The Internet. At Shop Laptop, We Pride Ourselves On Offering Customers The Very Best Laptop Deals. From Refurbished Laptops To Netbooks, Shop Laptop Ensures That Every Laptop - In Every Colour, Style, Size And Technical Spec - Is Featured On The Site At The Lowest Possible Price.&lt;/p&gt;\r\n', 'Tristique Senectus', '', ''),
(53, 1, 'Malesuada Fames', '&lt;p&gt;\r\n	shop Laptop Feature Only The Best Laptop Deals On The Market. By Comparing Laptop Deals From The Likes Of Pc World, Comet, Dixons, The Link And Carphone Warehouse, Shop Laptop Has The Most Comprehensive Selection Of Laptops On The Internet. At Shop Laptop, We Pride Ourselves On Offering Customers The Very Best Laptop Deals. From Refurbished Laptops To Netbooks, Shop Laptop Ensures That Every Laptop - In Every Colour, Style, Size And Technical Spec - Is Featured On The Site At The Lowest Possible Price.&lt;/p&gt;\r\n', 'Malesuada Fames', '', ''),
(54, 1, 'Turpis Egestas', '&lt;p&gt;\r\n	shop Laptop Feature Only The Best Laptop Deals On The Market. By Comparing Laptop Deals From The Likes Of Pc World, Comet, Dixons, The Link And Carphone Warehouse, Shop Laptop Has The Most Comprehensive Selection Of Laptops On The Internet. At Shop Laptop, We Pride Ourselves On Offering Customers The Very Best Laptop Deals. From Refurbished Laptops To Netbooks, Shop Laptop Ensures That Every Laptop - In Every Colour, Style, Size And Technical Spec - Is Featured On The Site At The Lowest Possible Price.&lt;/p&gt;\r\n', 'Turpis Egestas', '', ''),
(55, 1, 'Aliquam Malesuada', '&lt;p&gt;\r\n	shop Laptop Feature Only The Best Laptop Deals On The Market. By Comparing Laptop Deals From The Likes Of Pc World, Comet, Dixons, The Link And Carphone Warehouse, Shop Laptop Has The Most Comprehensive Selection Of Laptops On The Internet. At Shop Laptop, We Pride Ourselves On Offering Customers The Very Best Laptop Deals. From Refurbished Laptops To Netbooks, Shop Laptop Ensures That Every Laptop - In Every Colour, Style, Size And Technical Spec - Is Featured On The Site At The Lowest Possible Price.&lt;/p&gt;\r\n', 'Aliquam Malesuada', '', ''),
(56, 1, 'Mauris Gravida', '&lt;p&gt;\r\n	shop Laptop Feature Only The Best Laptop Deals On The Market. By Comparing Laptop Deals From The Likes Of Pc World, Comet, Dixons, The Link And Carphone Warehouse, Shop Laptop Has The Most Comprehensive Selection Of Laptops On The Internet. At Shop Laptop, We Pride Ourselves On Offering Customers The Very Best Laptop Deals. From Refurbished Laptops To Netbooks, Shop Laptop Ensures That Every Laptop - In Every Colour, Style, Size And Technical Spec - Is Featured On The Site At The Lowest Possible Price.&lt;/p&gt;\r\n', 'Mauris Gravida', '', ''),
(20, 2, 'Handbag', '&lt;p&gt;\r\n	shop Laptop Feature Only The Best Laptop Deals On The Market. By Comparing Laptop Deals From The Likes Of Pc World, Comet, Dixons, The Link And Carphone Warehouse, Shop Laptop Has The Most Comprehensive Selection Of Laptops On The Internet. At Shop Laptop, We Pride Ourselves On Offering Customers The Very Best Laptop Deals. From Refurbished Laptops To Netbooks, Shop Laptop Ensures That Every Laptop - In Every Colour, Style, Size And Technical Spec - Is Featured On The Site At The Lowest Possible Price.&lt;/p&gt;\r\n', 'Handbag', 'example Of Category Description', ''),
(32, 1, 'Purus Lacus', '&lt;p&gt;\r\n	shop Laptop Feature Only The Best Laptop Deals On The Market. By Comparing Laptop Deals From The Likes Of Pc World, Comet, Dixons, The Link And Carphone Warehouse, Shop Laptop Has The Most Comprehensive Selection Of Laptops On The Internet. At Shop Laptop, We Pride Ourselves On Offering Customers The Very Best Laptop Deals. From Refurbished Laptops To Netbooks, Shop Laptop Ensures That Every Laptop - In Every Colour, Style, Size And Technical Spec - Is Featured On The Site At The Lowest Possible Price.&lt;/p&gt;\r\n', 'Purus Lacus', '', ''),
(30, 1, 'Sagittis Blandit', '&lt;p&gt;\r\n	shop Laptop Feature Only The Best Laptop Deals On The Market. By Comparing Laptop Deals From The Likes Of Pc World, Comet, Dixons, The Link And Carphone Warehouse, Shop Laptop Has The Most Comprehensive Selection Of Laptops On The Internet. At Shop Laptop, We Pride Ourselves On Offering Customers The Very Best Laptop Deals. From Refurbished Laptops To Netbooks, Shop Laptop Ensures That Every Laptop - In Every Colour, Style, Size And Technical Spec - Is Featured On The Site At The Lowest Possible Price.&lt;/p&gt;\r\n', 'Sagittis Blandit', '', ''),
(29, 1, 'Sagittis Eget', '&lt;p&gt;\r\n	shop Laptop Feature Only The Best Laptop Deals On The Market. By Comparing Laptop Deals From The Likes Of Pc World, Comet, Dixons, The Link And Carphone Warehouse, Shop Laptop Has The Most Comprehensive Selection Of Laptops On The Internet. At Shop Laptop, We Pride Ourselves On Offering Customers The Very Best Laptop Deals. From Refurbished Laptops To Netbooks, Shop Laptop Ensures That Every Laptop - In Every Colour, Style, Size And Technical Spec - Is Featured On The Site At The Lowest Possible Price.&lt;/p&gt;\r\n', 'Sagittis Eget', '', ''),
(27, 1, 'Auctor Viverra', '&lt;p&gt;\r\n	shop Laptop Feature Only The Best Laptop Deals On The Market. By Comparing Laptop Deals From The Likes Of Pc World, Comet, Dixons, The Link And Carphone Warehouse, Shop Laptop Has The Most Comprehensive Selection Of Laptops On The Internet. At Shop Laptop, We Pride Ourselves On Offering Customers The Very Best Laptop Deals. From Refurbished Laptops To Netbooks, Shop Laptop Ensures That Every Laptop - In Every Colour, Style, Size And Technical Spec - Is Featured On The Site At The Lowest Possible Price.&lt;/p&gt;\r\n', 'Auctor Viverra', '', ''),
(26, 1, 'Cras Ultrices', '&lt;p&gt;\r\n	shop Laptop Feature Only The Best Laptop Deals On The Market. By Comparing Laptop Deals From The Likes Of Pc World, Comet, Dixons, The Link And Carphone Warehouse, Shop Laptop Has The Most Comprehensive Selection Of Laptops On The Internet. At Shop Laptop, We Pride Ourselves On Offering Customers The Very Best Laptop Deals. From Refurbished Laptops To Netbooks, Shop Laptop Ensures That Every Laptop - In Every Colour, Style, Size And Technical Spec - Is Featured On The Site At The Lowest Possible Price.&lt;/p&gt;\r\n', 'Cras Ultrices', '', ''),
(17, 1, 'Fusce Sagittis', '&lt;p&gt;\r\n	shop Laptop Feature Only The Best Laptop Deals On The Market. By Comparing Laptop Deals From The Likes Of Pc World, Comet, Dixons, The Link And Carphone Warehouse, Shop Laptop Has The Most Comprehensive Selection Of Laptops On The Internet. At Shop Laptop, We Pride Ourselves On Offering Customers The Very Best Laptop Deals. From Refurbished Laptops To Netbooks, Shop Laptop Ensures That Every Laptop - In Every Colour, Style, Size And Technical Spec - Is Featured On The Site At The Lowest Possible Price.&lt;/p&gt;\r\n', 'Fusce Sagittis', '', ''),
(24, 1, 'Quis Consequat', '&lt;p&gt;\r\n	shop Laptop Feature Only The Best Laptop Deals On The Market. By Comparing Laptop Deals From The Likes Of Pc World, Comet, Dixons, The Link And Carphone Warehouse, Shop Laptop Has The Most Comprehensive Selection Of Laptops On The Internet. At Shop Laptop, We Pride Ourselves On Offering Customers The Very Best Laptop Deals. From Refurbished Laptops To Netbooks, Shop Laptop Ensures That Every Laptop - In Every Colour, Style, Size And Technical Spec - Is Featured On The Site At The Lowest Possible Price.&lt;/p&gt;\r\n', 'Quis Consequat', '', ''),
(20, 1, 'Handbag', '&lt;p&gt;\r\n	shop Laptop Feature Only The Best Laptop Deals On The Market. By Comparing Laptop Deals From The Likes Of Pc World, Comet, Dixons, The Link And Carphone Warehouse, Shop Laptop Has The Most Comprehensive Selection Of Laptops On The Internet. At Shop Laptop, We Pride Ourselves On Offering Customers The Very Best Laptop Deals. From Refurbished Laptops To Netbooks, Shop Laptop Ensures That Every Laptop - In Every Colour, Style, Size And Technical Spec - Is Featured On The Site At The Lowest Possible Price.&lt;/p&gt;\r\n', 'Handbag', 'example Of Category Description', ''),
(38, 1, 'Praesent Sit', '&lt;p&gt;\r\n	shop Laptop Feature Only The Best Laptop Deals On The Market. By Comparing Laptop Deals From The Likes Of Pc World, Comet, Dixons, The Link And Carphone Warehouse, Shop Laptop Has The Most Comprehensive Selection Of Laptops On The Internet. At Shop Laptop, We Pride Ourselves On Offering Customers The Very Best Laptop Deals. From Refurbished Laptops To Netbooks, Shop Laptop Ensures That Every Laptop - In Every Colour, Style, Size And Technical Spec - Is Featured On The Site At The Lowest Possible Price.&lt;/p&gt;\r\n', 'Praesent Sit', '', ''),
(40, 1, 'Vehicula Element', '&lt;p&gt;\r\n	shop Laptop Feature Only The Best Laptop Deals On The Market. By Comparing Laptop Deals From The Likes Of Pc World, Comet, Dixons, The Link And Carphone Warehouse, Shop Laptop Has The Most Comprehensive Selection Of Laptops On The Internet. At Shop Laptop, We Pride Ourselves On Offering Customers The Very Best Laptop Deals. From Refurbished Laptops To Netbooks, Shop Laptop Ensures That Every Laptop - In Every Colour, Style, Size And Technical Spec - Is Featured On The Site At The Lowest Possible Price.&lt;/p&gt;\r\n', 'Vehicula Element', '', ''),
(41, 1, 'Volutpat Diam', '&lt;p&gt;\r\n	shop Laptop Feature Only The Best Laptop Deals On The Market. By Comparing Laptop Deals From The Likes Of Pc World, Comet, Dixons, The Link And Carphone Warehouse, Shop Laptop Has The Most Comprehensive Selection Of Laptops On The Internet. At Shop Laptop, We Pride Ourselves On Offering Customers The Very Best Laptop Deals. From Refurbished Laptops To Netbooks, Shop Laptop Ensures That Every Laptop - In Every Colour, Style, Size And Technical Spec - Is Featured On The Site At The Lowest Possible Price.&lt;/p&gt;\r\n', 'Volutpat Diam', '', ''),
(42, 1, 'Magna Pellentesq', '&lt;p&gt;\r\n	shop Laptop Feature Only The Best Laptop Deals On The Market. By Comparing Laptop Deals From The Likes Of Pc World, Comet, Dixons, The Link And Carphone Warehouse, Shop Laptop Has The Most Comprehensive Selection Of Laptops On The Internet. At Shop Laptop, We Pride Ourselves On Offering Customers The Very Best Laptop Deals. From Refurbished Laptops To Netbooks, Shop Laptop Ensures That Every Laptop - In Every Colour, Style, Size And Technical Spec - Is Featured On The Site At The Lowest Possible Price.&lt;/p&gt;\r\n', 'Magna Pellentesq', '', ''),
(43, 1, 'Molestie Tortor', '&lt;p&gt;\r\n	shop Laptop Feature Only The Best Laptop Deals On The Market. By Comparing Laptop Deals From The Likes Of Pc World, Comet, Dixons, The Link And Carphone Warehouse, Shop Laptop Has The Most Comprehensive Selection Of Laptops On The Internet. At Shop Laptop, We Pride Ourselves On Offering Customers The Very Best Laptop Deals. From Refurbished Laptops To Netbooks, Shop Laptop Ensures That Every Laptop - In Every Colour, Style, Size And Technical Spec - Is Featured On The Site At The Lowest Possible Price.&lt;/p&gt;\r\n', 'Molestie Tortor', '', ''),
(34, 1, 'Nibh Rhoncus', '&lt;p&gt;\r\n	shop Laptop Feature Only The Best Laptop Deals On The Market. By Comparing Laptop Deals From The Likes Of Pc World, Comet, Dixons, The Link And Carphone Warehouse, Shop Laptop Has The Most Comprehensive Selection Of Laptops On The Internet. At Shop Laptop, We Pride Ourselves On Offering Customers The Very Best Laptop Deals. From Refurbished Laptops To Netbooks, Shop Laptop Ensures That Every Laptop - In Every Colour, Style, Size And Technical Spec - Is Featured On The Site At The Lowest Possible Price.&lt;/p&gt;\r\n', 'Nibh Rhoncus', '', ''),
(18, 1, 'Etiam Finibus', '&lt;p&gt;\r\n	shop Laptop Feature Only The Best Laptop Deals On The Market. By Comparing Laptop Deals From The Likes Of Pc World, Comet, Dixons, The Link And Carphone Warehouse, Shop Laptop Has The Most Comprehensive Selection Of Laptops On The Internet. At Shop Laptop, We Pride Ourselves On Offering Customers The Very Best Laptop Deals. From Refurbished Laptops To Netbooks, Shop Laptop Ensures That Every Laptop - In Every Colour, Style, Size And Technical Spec - Is Featured On The Site At The Lowest Possible Price.&lt;/p&gt;\r\n', 'Etiam Finibus', '', ''),
(45, 2, 'Amet Rhoncus', '&lt;p&gt;\r\n	shop Laptop Feature Only The Best Laptop Deals On The Market. By Comparing Laptop Deals From The Likes Of Pc World, Comet, Dixons, The Link And Carphone Warehouse, Shop Laptop Has The Most Comprehensive Selection Of Laptops On The Internet. At Shop Laptop, We Pride Ourselves On Offering Customers The Very Best Laptop Deals. From Refurbished Laptops To Netbooks, Shop Laptop Ensures That Every Laptop - In Every Colour, Style, Size And Technical Spec - Is Featured On The Site At The Lowest Possible Price.&lt;/p&gt;\r\n', 'Amet Rhoncus', '', ''),
(46, 2, 'Suspendisse Viverra', '&lt;p&gt;\r\n	shop Laptop Feature Only The Best Laptop Deals On The Market. By Comparing Laptop Deals From The Likes Of Pc World, Comet, Dixons, The Link And Carphone Warehouse, Shop Laptop Has The Most Comprehensive Selection Of Laptops On The Internet. At Shop Laptop, We Pride Ourselves On Offering Customers The Very Best Laptop Deals. From Refurbished Laptops To Netbooks, Shop Laptop Ensures That Every Laptop - In Every Colour, Style, Size And Technical Spec - Is Featured On The Site At The Lowest Possible Price.&lt;/p&gt;\r\n', 'Suspendisse Viverra', '', ''),
(47, 1, 'Egestas Ultricies', '&lt;p&gt;\r\n	shop Laptop Feature Only The Best Laptop Deals On The Market. By Comparing Laptop Deals From The Likes Of Pc World, Comet, Dixons, The Link And Carphone Warehouse, Shop Laptop Has The Most Comprehensive Selection Of Laptops On The Internet. At Shop Laptop, We Pride Ourselves On Offering Customers The Very Best Laptop Deals. From Refurbished Laptops To Netbooks, Shop Laptop Ensures That Every Laptop - In Every Colour, Style, Size And Technical Spec - Is Featured On The Site At The Lowest Possible Price.&lt;/p&gt;\r\n', 'Egestas Ultricies', '', ''),
(48, 1, 'Dignissim Turpis', '&lt;p&gt;\r\n	shop Laptop Feature Only The Best Laptop Deals On The Market. By Comparing Laptop Deals From The Likes Of Pc World, Comet, Dixons, The Link And Carphone Warehouse, Shop Laptop Has The Most Comprehensive Selection Of Laptops On The Internet. At Shop Laptop, We Pride Ourselves On Offering Customers The Very Best Laptop Deals. From Refurbished Laptops To Netbooks, Shop Laptop Ensures That Every Laptop - In Every Colour, Style, Size And Technical Spec - Is Featured On The Site At The Lowest Possible Price.&lt;/p&gt;\r\n', 'Dignissim Turpis', '', ''),
(49, 1, 'Bibendum Cursus', '&lt;p&gt;\r\n	shop Laptop Feature Only The Best Laptop Deals On The Market. By Comparing Laptop Deals From The Likes Of Pc World, Comet, Dixons, The Link And Carphone Warehouse, Shop Laptop Has The Most Comprehensive Selection Of Laptops On The Internet. At Shop Laptop, We Pride Ourselves On Offering Customers The Very Best Laptop Deals. From Refurbished Laptops To Netbooks, Shop Laptop Ensures That Every Laptop - In Every Colour, Style, Size And Technical Spec - Is Featured On The Site At The Lowest Possible Price.&lt;/p&gt;\r\n', 'Bibendum Cursus', '', ''),
(50, 2, 'Tellus Consectetur', '&lt;p&gt;\r\n	shop Laptop Feature Only The Best Laptop Deals On The Market. By Comparing Laptop Deals From The Likes Of Pc World, Comet, Dixons, The Link And Carphone Warehouse, Shop Laptop Has The Most Comprehensive Selection Of Laptops On The Internet. At Shop Laptop, We Pride Ourselves On Offering Customers The Very Best Laptop Deals. From Refurbished Laptops To Netbooks, Shop Laptop Ensures That Every Laptop - In Every Colour, Style, Size And Technical Spec - Is Featured On The Site At The Lowest Possible Price.&lt;/p&gt;\r\n', 'Tellus Consectetur', '', ''),
(51, 2, 'Habitant Morbi', '&lt;p&gt;\r\n	shop Laptop Feature Only The Best Laptop Deals On The Market. By Comparing Laptop Deals From The Likes Of Pc World, Comet, Dixons, The Link And Carphone Warehouse, Shop Laptop Has The Most Comprehensive Selection Of Laptops On The Internet. At Shop Laptop, We Pride Ourselves On Offering Customers The Very Best Laptop Deals. From Refurbished Laptops To Netbooks, Shop Laptop Ensures That Every Laptop - In Every Colour, Style, Size And Technical Spec - Is Featured On The Site At The Lowest Possible Price.&lt;/p&gt;\r\n', 'Habitant Morbi', '', ''),
(52, 2, 'Tristique Senectus', '&lt;p&gt;\r\n	shop Laptop Feature Only The Best Laptop Deals On The Market. By Comparing Laptop Deals From The Likes Of Pc World, Comet, Dixons, The Link And Carphone Warehouse, Shop Laptop Has The Most Comprehensive Selection Of Laptops On The Internet. At Shop Laptop, We Pride Ourselves On Offering Customers The Very Best Laptop Deals. From Refurbished Laptops To Netbooks, Shop Laptop Ensures That Every Laptop - In Every Colour, Style, Size And Technical Spec - Is Featured On The Site At The Lowest Possible Price.&lt;/p&gt;\r\n', 'Tristique Senectus', '', ''),
(53, 2, 'Malesuada Fames', '&lt;p&gt;\r\n	shop Laptop Feature Only The Best Laptop Deals On The Market. By Comparing Laptop Deals From The Likes Of Pc World, Comet, Dixons, The Link And Carphone Warehouse, Shop Laptop Has The Most Comprehensive Selection Of Laptops On The Internet. At Shop Laptop, We Pride Ourselves On Offering Customers The Very Best Laptop Deals. From Refurbished Laptops To Netbooks, Shop Laptop Ensures That Every Laptop - In Every Colour, Style, Size And Technical Spec - Is Featured On The Site At The Lowest Possible Price.&lt;/p&gt;\r\n', 'Malesuada Fames', '', ''),
(54, 2, 'Turpis Egestas', '&lt;p&gt;\r\n	shop Laptop Feature Only The Best Laptop Deals On The Market. By Comparing Laptop Deals From The Likes Of Pc World, Comet, Dixons, The Link And Carphone Warehouse, Shop Laptop Has The Most Comprehensive Selection Of Laptops On The Internet. At Shop Laptop, We Pride Ourselves On Offering Customers The Very Best Laptop Deals. From Refurbished Laptops To Netbooks, Shop Laptop Ensures That Every Laptop - In Every Colour, Style, Size And Technical Spec - Is Featured On The Site At The Lowest Possible Price.&lt;/p&gt;\r\n', 'Turpis Egestas', '', ''),
(55, 2, 'Aliquam Malesuada', '&lt;p&gt;\r\n	shop Laptop Feature Only The Best Laptop Deals On The Market. By Comparing Laptop Deals From The Likes Of Pc World, Comet, Dixons, The Link And Carphone Warehouse, Shop Laptop Has The Most Comprehensive Selection Of Laptops On The Internet. At Shop Laptop, We Pride Ourselves On Offering Customers The Very Best Laptop Deals. From Refurbished Laptops To Netbooks, Shop Laptop Ensures That Every Laptop - In Every Colour, Style, Size And Technical Spec - Is Featured On The Site At The Lowest Possible Price.&lt;/p&gt;\r\n', 'Aliquam Malesuada', '', ''),
(56, 2, 'Mauris Gravida', '&lt;p&gt;\r\n	shop Laptop Feature Only The Best Laptop Deals On The Market. By Comparing Laptop Deals From The Likes Of Pc World, Comet, Dixons, The Link And Carphone Warehouse, Shop Laptop Has The Most Comprehensive Selection Of Laptops On The Internet. At Shop Laptop, We Pride Ourselves On Offering Customers The Very Best Laptop Deals. From Refurbished Laptops To Netbooks, Shop Laptop Ensures That Every Laptop - In Every Colour, Style, Size And Technical Spec - Is Featured On The Site At The Lowest Possible Price.&lt;/p&gt;\r\n', 'Mauris Gravida', '', ''),
(58, 2, 'Integer Felis', '&lt;p&gt;\r\n	shop Laptop Feature Only The Best Laptop Deals On The Market. By Comparing Laptop Deals From The Likes Of Pc World, Comet, Dixons, The Link And Carphone Warehouse, Shop Laptop Has The Most Comprehensive Selection Of Laptops On The Internet. At Shop Laptop, We Pride Ourselves On Offering Customers The Very Best Laptop Deals. From Refurbished Laptops To Netbooks, Shop Laptop Ensures That Every Laptop - In Every Colour, Style, Size And Technical Spec - Is Featured On The Site At The Lowest Possible Price.&lt;/p&gt;\r\n', 'Integer Felis', '', ''),
(25, 2, 'Accessories', '&lt;p&gt;\r\n	shop Laptop Feature Only The Best Laptop Deals On The Market. By Comparing Laptop Deals From The Likes Of Pc World, Comet, Dixons, The Link And Carphone Warehouse, Shop Laptop Has The Most Comprehensive Selection Of Laptops On The Internet. At Shop Laptop, We Pride Ourselves On Offering Customers The Very Best Laptop Deals. From Refurbished Laptops To Netbooks, Shop Laptop Ensures That Every Laptop - In Every Colour, Style, Size And Technical Spec - Is Featured On The Site At The Lowest Possible Price.&lt;/p&gt;\r\n', 'Accessories', '', ''),
(36, 1, 'Dining room', '&lt;p&gt;\r\n	shop Laptop Feature Only The Best Laptop Deals On The Market. By Comparing Laptop Deals From The Likes Of Pc World, Comet, Dixons, The Link And Carphone Warehouse, Shop Laptop Has The Most Comprehensive Selection Of Laptops On The Internet. At Shop Laptop, We Pride Ourselves On Offering Customers The Very Best Laptop Deals. From Refurbished Laptops To Netbooks, Shop Laptop Ensures That Every Laptop - In Every Colour, Style, Size And Technical Spec - Is Featured On The Site At The Lowest Possible Price.&lt;/p&gt;\r\n', 'Vulputate Ipsum', '', ''),
(37, 1, 'Decor furniture', '&lt;p&gt;\r\n	shop Laptop Feature Only The Best Laptop Deals On The Market. By Comparing Laptop Deals From The Likes Of Pc World, Comet, Dixons, The Link And Carphone Warehouse, Shop Laptop Has The Most Comprehensive Selection Of Laptops On The Internet. At Shop Laptop, We Pride Ourselves On Offering Customers The Very Best Laptop Deals. From Refurbished Laptops To Netbooks, Shop Laptop Ensures That Every Laptop - In Every Colour, Style, Size And Technical Spec - Is Featured On The Site At The Lowest Possible Price.&lt;/p&gt;\r\n', 'Ullamcorper Eu', '', ''),
(44, 1, 'Dining room', '&lt;p&gt;\r\n	shop Laptop Feature Only The Best Laptop Deals On The Market. By Comparing Laptop Deals From The Likes Of Pc World, Comet, Dixons, The Link And Carphone Warehouse, Shop Laptop Has The Most Comprehensive Selection Of Laptops On The Internet. At Shop Laptop, We Pride Ourselves On Offering Customers The Very Best Laptop Deals. From Refurbished Laptops To Netbooks, Shop Laptop Ensures That Every Laptop - In Every Colour, Style, Size And Technical Spec - Is Featured On The Site At The Lowest Possible Price.&lt;/p&gt;\r\n', 'Vestibulum Sit', '', ''),
(39, 1, 'sofa furniture', '&lt;p&gt;\r\n	shop Laptop Feature Only The Best Laptop Deals On The Market. By Comparing Laptop Deals From The Likes Of Pc World, Comet, Dixons, The Link And Carphone Warehouse, Shop Laptop Has The Most Comprehensive Selection Of Laptops On The Internet. At Shop Laptop, We Pride Ourselves On Offering Customers The Very Best Laptop Deals. From Refurbished Laptops To Netbooks, Shop Laptop Ensures That Every Laptop - In Every Colour, Style, Size And Technical Spec - Is Featured On The Site At The Lowest Possible Price.&lt;/p&gt;\r\n', 'Amet Dolor Non', '', ''),
(31, 1, 'Office chair', '&lt;p&gt;\r\n	shop Laptop Feature Only The Best Laptop Deals On The Market. By Comparing Laptop Deals From The Likes Of Pc World, Comet, Dixons, The Link And Carphone Warehouse, Shop Laptop Has The Most Comprehensive Selection Of Laptops On The Internet. At Shop Laptop, We Pride Ourselves On Offering Customers The Very Best Laptop Deals. From Refurbished Laptops To Netbooks, Shop Laptop Ensures That Every Laptop - In Every Colour, Style, Size And Technical Spec - Is Featured On The Site At The Lowest Possible Price.&lt;/p&gt;\r\n', 'Maecenas Euismod', '', ''),
(28, 1, 'Bed room', '&lt;p&gt;\r\n	shop Laptop Feature Only The Best Laptop Deals On The Market. By Comparing Laptop Deals From The Likes Of Pc World, Comet, Dixons, The Link And Carphone Warehouse, Shop Laptop Has The Most Comprehensive Selection Of Laptops On The Internet. At Shop Laptop, We Pride Ourselves On Offering Customers The Very Best Laptop Deals. From Refurbished Laptops To Netbooks, Shop Laptop Ensures That Every Laptop - In Every Colour, Style, Size And Technical Spec - Is Featured On The Site At The Lowest Possible Price.&lt;/p&gt;\r\n', 'Congue Faucibus', '', ''),
(57, 2, 'Living room', '&lt;p&gt;\r\n	shop Laptop Feature Only The Best Laptop Deals On The Market. By Comparing Laptop Deals From The Likes Of Pc World, Comet, Dixons, The Link And Carphone Warehouse, Shop Laptop Has The Most Comprehensive Selection Of Laptops On The Internet. At Shop Laptop, We Pride Ourselves On Offering Customers The Very Best Laptop Deals. From Refurbished Laptops To Netbooks, Shop Laptop Ensures That Every Laptop - In Every Colour, Style, Size And Technical Spec - Is Featured On The Site At The Lowest Possible Price.&lt;/p&gt;\r\n', 'Backpack', '', ''),
(28, 2, 'Bed room', '&lt;p&gt;\r\n	shop Laptop Feature Only The Best Laptop Deals On The Market. By Comparing Laptop Deals From The Likes Of Pc World, Comet, Dixons, The Link And Carphone Warehouse, Shop Laptop Has The Most Comprehensive Selection Of Laptops On The Internet. At Shop Laptop, We Pride Ourselves On Offering Customers The Very Best Laptop Deals. From Refurbished Laptops To Netbooks, Shop Laptop Ensures That Every Laptop - In Every Colour, Style, Size And Technical Spec - Is Featured On The Site At The Lowest Possible Price.&lt;/p&gt;\r\n', 'Congue Faucibus', '', ''),
(35, 1, 'Lighting room', '&lt;p&gt;\r\n	shop Laptop Feature Only The Best Laptop Deals On The Market. By Comparing Laptop Deals From The Likes Of Pc World, Comet, Dixons, The Link And Carphone Warehouse, Shop Laptop Has The Most Comprehensive Selection Of Laptops On The Internet. At Shop Laptop, We Pride Ourselves On Offering Customers The Very Best Laptop Deals. From Refurbished Laptops To Netbooks, Shop Laptop Ensures That Every Laptop - In Every Colour, Style, Size And Technical Spec - Is Featured On The Site At The Lowest Possible Price.&lt;/p&gt;\r\n', 'Euismod Mauris', '', ''),
(31, 2, 'Office chair', '&lt;p&gt;\r\n	shop Laptop Feature Only The Best Laptop Deals On The Market. By Comparing Laptop Deals From The Likes Of Pc World, Comet, Dixons, The Link And Carphone Warehouse, Shop Laptop Has The Most Comprehensive Selection Of Laptops On The Internet. At Shop Laptop, We Pride Ourselves On Offering Customers The Very Best Laptop Deals. From Refurbished Laptops To Netbooks, Shop Laptop Ensures That Every Laptop - In Every Colour, Style, Size And Technical Spec - Is Featured On The Site At The Lowest Possible Price.&lt;/p&gt;\r\n', 'Maecenas Euismod', '', ''),
(35, 2, 'Lighting room', '&lt;p&gt;\r\n	shop Laptop Feature Only The Best Laptop Deals On The Market. By Comparing Laptop Deals From The Likes Of Pc World, Comet, Dixons, The Link And Carphone Warehouse, Shop Laptop Has The Most Comprehensive Selection Of Laptops On The Internet. At Shop Laptop, We Pride Ourselves On Offering Customers The Very Best Laptop Deals. From Refurbished Laptops To Netbooks, Shop Laptop Ensures That Every Laptop - In Every Colour, Style, Size And Technical Spec - Is Featured On The Site At The Lowest Possible Price.&lt;/p&gt;\r\n', 'Euismod Mauris', '', ''),
(36, 2, 'Dining room', '&lt;p&gt;\r\n	shop Laptop Feature Only The Best Laptop Deals On The Market. By Comparing Laptop Deals From The Likes Of Pc World, Comet, Dixons, The Link And Carphone Warehouse, Shop Laptop Has The Most Comprehensive Selection Of Laptops On The Internet. At Shop Laptop, We Pride Ourselves On Offering Customers The Very Best Laptop Deals. From Refurbished Laptops To Netbooks, Shop Laptop Ensures That Every Laptop - In Every Colour, Style, Size And Technical Spec - Is Featured On The Site At The Lowest Possible Price.&lt;/p&gt;\r\n', 'Vulputate Ipsum', '', ''),
(37, 2, 'Decor furniture', '&lt;p&gt;\r\n	shop Laptop Feature Only The Best Laptop Deals On The Market. By Comparing Laptop Deals From The Likes Of Pc World, Comet, Dixons, The Link And Carphone Warehouse, Shop Laptop Has The Most Comprehensive Selection Of Laptops On The Internet. At Shop Laptop, We Pride Ourselves On Offering Customers The Very Best Laptop Deals. From Refurbished Laptops To Netbooks, Shop Laptop Ensures That Every Laptop - In Every Colour, Style, Size And Technical Spec - Is Featured On The Site At The Lowest Possible Price.&lt;/p&gt;\r\n', 'Ullamcorper Eu', '', ''),
(39, 2, 'sofa furniture', '&lt;p&gt;\r\n	shop Laptop Feature Only The Best Laptop Deals On The Market. By Comparing Laptop Deals From The Likes Of Pc World, Comet, Dixons, The Link And Carphone Warehouse, Shop Laptop Has The Most Comprehensive Selection Of Laptops On The Internet. At Shop Laptop, We Pride Ourselves On Offering Customers The Very Best Laptop Deals. From Refurbished Laptops To Netbooks, Shop Laptop Ensures That Every Laptop - In Every Colour, Style, Size And Technical Spec - Is Featured On The Site At The Lowest Possible Price.&lt;/p&gt;\r\n', 'Amet Dolor Non', '', ''),
(44, 2, 'Dining room', '&lt;p&gt;\r\n	shop Laptop Feature Only The Best Laptop Deals On The Market. By Comparing Laptop Deals From The Likes Of Pc World, Comet, Dixons, The Link And Carphone Warehouse, Shop Laptop Has The Most Comprehensive Selection Of Laptops On The Internet. At Shop Laptop, We Pride Ourselves On Offering Customers The Very Best Laptop Deals. From Refurbished Laptops To Netbooks, Shop Laptop Ensures That Every Laptop - In Every Colour, Style, Size And Technical Spec - Is Featured On The Site At The Lowest Possible Price.&lt;/p&gt;\r\n', 'Vestibulum Sit', '', ''),
(57, 1, 'Living room', '&lt;p&gt;\r\n	shop Laptop Feature Only The Best Laptop Deals On The Market. By Comparing Laptop Deals From The Likes Of Pc World, Comet, Dixons, The Link And Carphone Warehouse, Shop Laptop Has The Most Comprehensive Selection Of Laptops On The Internet. At Shop Laptop, We Pride Ourselves On Offering Customers The Very Best Laptop Deals. From Refurbished Laptops To Netbooks, Shop Laptop Ensures That Every Laptop - In Every Colour, Style, Size And Technical Spec - Is Featured On The Site At The Lowest Possible Price.&lt;/p&gt;\r\n', 'Backpack', '', ''),
(25, 1, 'Accessories', '&lt;p&gt;\r\n	shop Laptop Feature Only The Best Laptop Deals On The Market. By Comparing Laptop Deals From The Likes Of Pc World, Comet, Dixons, The Link And Carphone Warehouse, Shop Laptop Has The Most Comprehensive Selection Of Laptops On The Internet. At Shop Laptop, We Pride Ourselves On Offering Customers The Very Best Laptop Deals. From Refurbished Laptops To Netbooks, Shop Laptop Ensures That Every Laptop - In Every Colour, Style, Size And Technical Spec - Is Featured On The Site At The Lowest Possible Price.&lt;/p&gt;\r\n', 'Accessories', '', ''),
(59, 2, 'consectetur adip', '', 'consectetur adip', '', ''),
(59, 1, 'consectetur adip', '', 'consectetur adip', '', ''),
(60, 1, 'adipiscing elit', '', 'adipiscing elit', '', ''),
(60, 2, 'adipiscing elit', '', 'adipiscing elit', '', ''),
(61, 1, 'molestie tellus', '', 'molestie tellus', '', ''),
(61, 2, 'molestie tellus', '', 'molestie tellus', '', ''),
(62, 1, 'erat et est', '', 'erat et est', '', ''),
(62, 2, 'erat et est', '', 'erat et est', '', ''),
(63, 1, 'molestie velit', '', 'molestie velit', '', ''),
(63, 2, 'molestie velit', '', 'molestie velit', '', ''),
(64, 1, 'Etiam eleifend', '', 'Etiam eleifend', '', ''),
(64, 2, 'Etiam eleifend', '', 'Etiam eleifend', '', ''),
(65, 1, 'Nullam iaculis', '', 'Nullam iaculis', '', ''),
(65, 2, 'Nullam iaculis', '', 'Nullam iaculis', '', ''),
(66, 1, 'Proin vestibulum', '', 'Proin vestibulum', '', ''),
(66, 2, 'Proin vestibulum', '', 'Proin vestibulum', '', '');
-- --------------------------------------------------------
--
-- Table structure for table `oc_category_filter`
--
-- Creation: Feb 13, 2019 at 05:18 PM
-- Last update: Feb 13, 2019 at 05:18 PM
-- Last check: Feb 13, 2019 at 11:57 PM
--
CREATE TABLE `oc_category_filter` (
  `category_id` int(11) NOT NULL,
  `filter_id` int(11) NOT NULL
) ENGINE=MyISAM DEFAULT CHARSET=utf8;
--
-- RELATIONSHIPS FOR TABLE `oc_category_filter`:
--
--
-- Dumping data for table `oc_category_filter`
--
INSERT INTO `oc_category_filter` (`category_id`, `filter_id`) VALUES
(17, 1),
(17, 2),
(17, 3),
(17, 4),
(17, 5),
(17, 6),
(17, 7),
(17, 8),
(17, 9),
(17, 10),
(17, 11),
(17, 12),
(18, 1),
(18, 2),
(18, 3),
(18, 4),
(18, 5),
(18, 6),
(18, 7),
(18, 8),
(18, 9),
(18, 10),
(18, 11),
(18, 12),
(20, 1),
(20, 2),
(20, 3),
(20, 4),
(20, 5),
(20, 6),
(20, 7),
(20, 8),
(20, 9),
(20, 10),
(20, 11),
(20, 12),
(24, 1),
(24, 2),
(24, 3),
(24, 4),
(24, 5),
(24, 6),
(24, 7),
(24, 8),
(24, 9),
(24, 10),
(24, 11),
(24, 12),
(25, 1),
(25, 2),
(25, 3),
(25, 4),
(25, 5),
(25, 6),
(25, 7),
(25, 8),
(25, 9),
(25, 10),
(25, 11),
(25, 12),
(26, 1),
(26, 2),
(26, 3),
(26, 4),
(26, 5),
(26, 6),
(26, 7),
(26, 8),
(26, 9),
(26, 10),
(26, 11),
(26, 12),
(27, 1),
(27, 2),
(27, 3),
(27, 4),
(27, 5),
(27, 6),
(27, 7),
(27, 8),
(27, 9),
(27, 10),
(27, 11),
(27, 12),
(28, 1),
(28, 2),
(28, 3),
(28, 4),
(28, 5),
(28, 6),
(28, 7),
(28, 8),
(28, 9),
(28, 10),
(28, 11),
(28, 12),
(29, 1),
(29, 2),
(29, 3),
(29, 4),
(29, 5),
(29, 6),
(29, 7),
(29, 8),
(29, 9),
(29, 10),
(29, 11),
(29, 12),
(30, 1),
(30, 2),
(30, 3),
(30, 4),
(30, 5),
(30, 6),
(30, 7),
(30, 8),
(30, 9),
(30, 10),
(30, 11),
(30, 12),
(31, 1),
(31, 2),
(31, 3),
(31, 4),
(31, 5),
(31, 6),
(31, 7),
(31, 8),
(31, 9),
(31, 10),
(31, 11),
(31, 12),
(32, 1),
(32, 2),
(32, 3),
(32, 4),
(32, 5),
(32, 6),
(32, 7),
(32, 8),
(32, 9),
(32, 10),
(32, 11),
(32, 12),
(33, 1),
(33, 2),
(33, 3),
(33, 4),
(33, 5),
(33, 6),
(33, 7),
(33, 8),
(33, 9),
(33, 10),
(33, 11),
(33, 12),
(34, 1),
(34, 2),
(34, 3),
(34, 4),
(34, 5),
(34, 6),
(34, 7),
(34, 8),
(34, 9),
(34, 10),
(34, 11),
(34, 12),
(35, 1),
(35, 2),
(35, 3),
(35, 4),
(35, 5),
(35, 6),
(35, 7),
(35, 8),
(35, 9),
(35, 10),
(35, 11),
(35, 12),
(36, 1),
(36, 2),
(36, 3),
(36, 4),
(36, 5),
(36, 6),
(36, 7),
(36, 8),
(36, 9),
(36, 10),
(36, 11),
(36, 12),
(37, 1),
(37, 2),
(37, 3),
(37, 4),
(37, 5),
(37, 6),
(37, 7),
(37, 8),
(37, 9),
(37, 10),
(37, 11),
(37, 12),
(38, 1),
(38, 2),
(38, 3),
(38, 4),
(38, 5),
(38, 6),
(38, 7),
(38, 8),
(38, 9),
(38, 10),
(38, 11),
(38, 12),
(39, 1),
(39, 2),
(39, 3),
(39, 4),
(39, 5),
(39, 6),
(39, 7),
(39, 8),
(39, 9),
(39, 10),
(39, 11),
(39, 12),
(40, 1),
(40, 2),
(40, 3),
(40, 4),
(40, 5),
(40, 6),
(40, 7),
(40, 8),
(40, 9),
(40, 10),
(40, 11),
(40, 12),
(41, 1),
(41, 2),
(41, 3),
(41, 4),
(41, 5),
(41, 6),
(41, 7),
(41, 8),
(41, 9),
(41, 10),
(41, 11),
(41, 12),
(42, 1),
(42, 2),
(42, 3),
(42, 4),
(42, 5),
(42, 6),
(42, 7),
(42, 8),
(42, 9),
(42, 10),
(42, 11),
(42, 12),
(43, 1),
(43, 2),
(43, 3),
(43, 4),
(43, 5),
(43, 6),
(43, 7),
(43, 8),
(43, 9),
(43, 10),
(43, 11),
(43, 12),
(44, 1),
(44, 2),
(44, 3),
(44, 4),
(44, 5),
(44, 6),
(44, 7),
(44, 8),
(44, 9),
(44, 10),
(44, 11),
(44, 12),
(45, 1),
(45, 2),
(45, 3),
(45, 4),
(45, 5),
(45, 6),
(45, 7),
(45, 8),
(45, 9),
(45, 10),
(45, 11),
(45, 12),
(46, 1),
(46, 2),
(46, 3),
(46, 4),
(46, 5),
(46, 6),
(46, 7),
(46, 8),
(46, 9),
(46, 10),
(46, 11),
(46, 12),
(47, 1),
(47, 2),
(47, 3),
(47, 4),
(47, 5),
(47, 6),
(47, 7),
(47, 8),
(47, 9),
(47, 10),
(47, 11),
(47, 12),
(48, 1),
(48, 2),
(48, 3),
(48, 4),
(48, 5),
(48, 6),
(48, 7),
(48, 8),
(48, 9),
(48, 10),
(48, 11),
(48, 12),
(49, 1),
(49, 2),
(49, 3),
(49, 4),
(49, 5),
(49, 6),
(49, 7),
(49, 8),
(49, 9),
(49, 10),
(49, 11),
(49, 12),
(50, 1),
(50, 2),
(50, 3),
(50, 4),
(50, 5),
(50, 6),
(50, 7),
(50, 8),
(50, 9),
(50, 10),
(50, 11),
(50, 12),
(51, 1),
(51, 2),
(51, 3),
(51, 4),
(51, 5),
(51, 6),
(51, 7),
(51, 8),
(51, 9),
(51, 10),
(51, 11),
(51, 12),
(52, 1),
(52, 2),
(52, 3),
(52, 4),
(52, 5),
(52, 6),
(52, 7),
(52, 8),
(52, 9),
(52, 10),
(52, 11),
(52, 12),
(53, 1),
(53, 2),
(53, 3),
(53, 4),
(53, 5),
(53, 6),
(53, 7),
(53, 8),
(53, 9),
(53, 10),
(53, 11),
(53, 12),
(54, 1),
(54, 2),
(54, 3),
(54, 4),
(54, 5),
(54, 6),
(54, 7),
(54, 8),
(54, 9),
(54, 10),
(54, 11),
(54, 12),
(55, 1),
(55, 2),
(55, 3),
(55, 4),
(55, 5),
(55, 6),
(55, 7),
(55, 8),
(55, 9),
(55, 10),
(55, 11),
(55, 12),
(56, 1),
(56, 2),
(56, 3),
(56, 4),
(56, 5),
(56, 6),
(56, 7),
(56, 8),
(56, 9),
(56, 10),
(56, 11),
(56, 12),
(57, 1),
(57, 2),
(57, 3),
(57, 4),
(57, 5),
(57, 6),
(57, 7),
(57, 8),
(57, 9),
(57, 10),
(57, 11),
(57, 12),
(58, 1),
(58, 2),
(58, 3),
(58, 4),
(58, 5),
(58, 6),
(58, 7),
(58, 8),
(58, 9),
(58, 10),
(58, 11),
(58, 12);
-- --------------------------------------------------------
--
-- Table structure for table `oc_category_path`
--
-- Creation: Feb 13, 2019 at 05:18 PM
-- Last update: Feb 13, 2019 at 05:18 PM
-- Last check: Feb 13, 2019 at 11:57 PM
--
CREATE TABLE `oc_category_path` (
  `category_id` int(11) NOT NULL,
  `path_id` int(11) NOT NULL,
  `level` int(11) NOT NULL
) ENGINE=MyISAM DEFAULT CHARSET=utf8;
--
-- RELATIONSHIPS FOR TABLE `oc_category_path`:
--
--
-- Dumping data for table `oc_category_path`
--
INSERT INTO `oc_category_path` (`category_id`, `path_id`, `level`) VALUES
(25, 25, 0),
(28, 57, 0),
(28, 28, 1),
(35, 57, 0),
(35, 35, 2),
(35, 28, 1),
(36, 57, 0),
(36, 36, 2),
(36, 28, 1),
(29, 29, 1),
(29, 25, 0),
(30, 30, 1),
(30, 25, 0),
(31, 31, 1),
(31, 25, 0),
(32, 32, 1),
(32, 25, 0),
(20, 20, 0),
(27, 27, 1),
(27, 20, 0),
(26, 26, 1),
(26, 20, 0),
(24, 24, 0),
(18, 18, 0),
(45, 45, 1),
(45, 18, 0),
(46, 46, 1),
(46, 18, 0),
(17, 17, 0),
(33, 33, 0),
(34, 34, 0),
(37, 57, 0),
(37, 28, 1),
(38, 38, 1),
(38, 34, 0),
(39, 57, 0),
(39, 28, 1),
(40, 40, 2),
(40, 25, 0),
(41, 41, 2),
(41, 25, 0),
(42, 42, 2),
(42, 25, 0),
(43, 43, 2),
(43, 25, 0),
(44, 44, 2),
(44, 25, 0),
(47, 31, 1),
(47, 25, 0),
(48, 31, 1),
(48, 25, 0),
(49, 31, 1),
(49, 25, 0),
(50, 50, 2),
(50, 25, 0),
(51, 51, 2),
(51, 25, 0),
(52, 52, 2),
(52, 25, 0),
(58, 29, 1),
(58, 58, 2),
(58, 25, 0),
(53, 53, 2),
(53, 25, 0),
(54, 54, 2),
(54, 25, 0),
(55, 55, 2),
(55, 25, 0),
(56, 56, 2),
(56, 25, 0),
(57, 57, 0),
(54, 29, 1),
(55, 29, 1),
(56, 29, 1),
(52, 30, 1),
(53, 30, 1),
(51, 30, 1),
(50, 30, 1),
(48, 48, 2),
(47, 47, 2),
(44, 31, 1),
(43, 32, 1),
(42, 32, 1),
(41, 32, 1),
(40, 32, 1),
(49, 49, 2),
(39, 39, 2),
(37, 37, 2),
(59, 25, 0),
(59, 59, 2),
(59, 30, 1),
(60, 60, 2),
(60, 30, 1),
(60, 25, 0),
(61, 61, 2),
(61, 30, 1),
(61, 25, 0),
(62, 62, 2),
(62, 30, 1),
(62, 25, 0),
(63, 63, 2),
(63, 29, 1),
(63, 25, 0),
(64, 64, 2),
(64, 29, 1),
(64, 25, 0),
(65, 65, 2),
(65, 29, 1),
(65, 25, 0),
(66, 66, 2),
(66, 29, 1),
(66, 25, 0);
-- --------------------------------------------------------
--
-- Table structure for table `oc_category_to_layout`
--
-- Creation: Feb 13, 2019 at 05:18 PM
-- Last update: Feb 13, 2019 at 05:18 PM
-- Last check: Feb 13, 2019 at 11:57 PM
--
CREATE TABLE `oc_category_to_layout` (
  `category_id` int(11) NOT NULL,
  `store_id` int(11) NOT NULL,
  `layout_id` int(11) NOT NULL
) ENGINE=MyISAM DEFAULT CHARSET=utf8;
--
-- RELATIONSHIPS FOR TABLE `oc_category_to_layout`:
--
--
-- Dumping data for table `oc_category_to_layout`
--
INSERT INTO `oc_category_to_layout` (`category_id`, `store_id`, `layout_id`) VALUES
(20, 3, 0),
(20, 2, 0),
(20, 1, 0),
(20, 0, 0),
(28, 0, 0),
(28, 1, 0),
(28, 2, 0),
(28, 3, 0),
(58, 0, 0),
(58, 1, 0),
(58, 2, 0),
(58, 3, 0),
(54, 0, 0),
(54, 1, 0),
(54, 2, 0),
(54, 3, 0),
(55, 0, 0),
(55, 1, 0),
(55, 2, 0),
(55, 3, 0),
(56, 0, 0),
(56, 1, 0),
(56, 2, 0),
(56, 3, 0),
(52, 0, 0),
(52, 1, 0),
(52, 2, 0),
(52, 3, 0),
(53, 0, 0),
(53, 1, 0),
(53, 2, 0),
(53, 3, 0),
(51, 0, 0),
(51, 1, 0),
(51, 2, 0),
(51, 3, 0),
(50, 0, 0),
(50, 1, 0),
(50, 2, 0),
(50, 3, 0),
(49, 0, 0),
(49, 1, 0),
(49, 2, 0),
(49, 3, 0),
(48, 3, 0),
(48, 2, 0),
(48, 1, 0),
(48, 0, 0),
(47, 3, 0),
(47, 2, 0),
(47, 1, 0),
(47, 0, 0),
(44, 0, 0),
(44, 1, 0),
(44, 2, 0),
(44, 3, 0),
(43, 0, 0),
(43, 1, 0),
(43, 2, 0),
(43, 3, 0),
(42, 0, 0),
(42, 1, 0),
(42, 2, 0),
(42, 3, 0),
(41, 0, 0),
(41, 1, 0),
(41, 2, 0),
(41, 3, 0),
(40, 0, 0),
(40, 1, 0),
(40, 2, 0),
(40, 3, 0),
(39, 0, 0),
(39, 1, 0),
(39, 2, 0),
(39, 3, 0),
(37, 3, 0),
(37, 2, 0),
(37, 1, 0),
(37, 0, 0),
(25, 0, 0),
(25, 1, 0),
(25, 2, 0),
(25, 3, 0),
(57, 0, 0),
(57, 1, 0),
(57, 2, 0),
(57, 3, 0),
(35, 0, 0),
(35, 1, 0),
(35, 2, 0),
(35, 3, 0),
(31, 0, 0),
(31, 1, 0),
(31, 2, 0),
(31, 3, 0),
(36, 0, 0),
(36, 1, 0),
(36, 2, 0),
(36, 3, 0),
(59, 3, 0),
(59, 2, 0),
(59, 1, 0),
(59, 0, 0),
(60, 0, 0),
(60, 1, 0),
(60, 2, 0),
(60, 3, 0),
(61, 0, 0),
(61, 1, 0),
(61, 2, 0),
(61, 3, 0),
(62, 0, 0),
(62, 1, 0),
(62, 2, 0),
(62, 3, 0),
(63, 0, 0),
(63, 1, 0),
(63, 2, 0),
(63, 3, 0),
(64, 0, 0),
(64, 1, 0),
(64, 2, 0),
(64, 3, 0),
(65, 0, 0),
(65, 1, 0),
(65, 2, 0),
(65, 3, 0),
(66, 0, 0),
(66, 1, 0),
(66, 2, 0),
(66, 3, 0);
-- --------------------------------------------------------
--
-- Table structure for table `oc_category_to_store`
--
-- Creation: Feb 13, 2019 at 05:18 PM
-- Last update: Feb 13, 2019 at 05:18 PM
-- Last check: Feb 13, 2019 at 11:57 PM
--
CREATE TABLE `oc_category_to_store` (
  `category_id` int(11) NOT NULL,
  `store_id` int(11) NOT NULL
) ENGINE=MyISAM DEFAULT CHARSET=utf8;
--
-- RELATIONSHIPS FOR TABLE `oc_category_to_store`:
--
--
-- Dumping data for table `oc_category_to_store`
--
INSERT INTO `oc_category_to_store` (`category_id`, `store_id`) VALUES
(17, 0),
(17, 1),
(17, 2),
(17, 3),
(17, 4),
(18, 0),
(18, 1),
(18, 2),
(18, 3),
(18, 4),
(20, 0),
(20, 1),
(20, 2),
(20, 3),
(20, 4),
(24, 0),
(24, 1),
(24, 2),
(24, 3),
(24, 4),
(25, 0),
(25, 1),
(25, 2),
(25, 3),
(25, 4),
(26, 0),
(26, 1),
(26, 2),
(26, 3),
(26, 4),
(27, 0),
(27, 1),
(27, 2),
(27, 3),
(27, 4),
(28, 0),
(28, 1),
(28, 2),
(28, 3),
(28, 4),
(29, 0),
(29, 1),
(29, 2),
(29, 3),
(29, 4),
(30, 0),
(30, 1),
(30, 2),
(30, 3),
(30, 4),
(31, 0),
(31, 1),
(31, 2),
(31, 3),
(31, 4),
(32, 0),
(32, 1),
(32, 2),
(32, 3),
(32, 4),
(33, 0),
(33, 1),
(33, 2),
(33, 3),
(33, 4),
(34, 0),
(34, 1),
(34, 2),
(34, 3),
(34, 4),
(35, 0),
(35, 1),
(35, 2),
(35, 3),
(35, 4),
(36, 0),
(36, 1),
(36, 2),
(36, 3),
(36, 4),
(37, 0),
(37, 1),
(37, 2),
(37, 3),
(37, 4),
(38, 0),
(38, 1),
(38, 2),
(38, 3),
(38, 4),
(39, 0),
(39, 1),
(39, 2),
(39, 3),
(39, 4),
(40, 0),
(40, 1),
(40, 2),
(40, 3),
(40, 4),
(41, 0),
(41, 1),
(41, 2),
(41, 3),
(41, 4),
(42, 0),
(42, 1),
(42, 2),
(42, 3),
(42, 4),
(43, 0),
(43, 1),
(43, 2),
(43, 3),
(43, 4),
(44, 0),
(44, 1),
(44, 2),
(44, 3),
(44, 4),
(45, 0),
(45, 1),
(45, 2),
(45, 3),
(45, 4),
(46, 0),
(46, 1),
(46, 2),
(46, 3),
(46, 4),
(47, 0),
(47, 1),
(47, 2),
(47, 3),
(47, 4),
(48, 0),
(48, 1),
(48, 2),
(48, 3),
(48, 4),
(49, 0),
(49, 1),
(49, 2),
(49, 3),
(49, 4),
(50, 0),
(50, 1),
(50, 2),
(50, 3),
(50, 4),
(51, 0),
(51, 1),
(51, 2),
(51, 3),
(51, 4),
(52, 0),
(52, 1),
(52, 2),
(52, 3),
(52, 4),
(53, 0),
(53, 1),
(53, 2),
(53, 3),
(53, 4),
(54, 0),
(54, 1),
(54, 2),
(54, 3),
(54, 4),
(55, 0),
(55, 1),
(55, 2),
(55, 3),
(55, 4),
(56, 0),
(56, 1),
(56, 2),
(56, 3),
(56, 4),
(57, 0),
(57, 1),
(57, 2),
(57, 3),
(57, 4),
(58, 0),
(58, 1),
(58, 2),
(58, 3),
(58, 4),
(59, 0),
(59, 1),
(59, 2),
(59, 3),
(59, 4),
(60, 0),
(60, 1),
(60, 2),
(60, 3),
(60, 4),
(61, 0),
(61, 1),
(61, 2),
(61, 3),
(61, 4),
(62, 0),
(62, 1),
(62, 2),
(62, 3),
(62, 4),
(63, 0),
(63, 1),
(63, 2),
(63, 3),
(63, 4),
(64, 0),
(64, 1),
(64, 2),
(64, 3),
(64, 4),
(65, 0),
(65, 1),
(65, 2),
(65, 3),
(65, 4),
(66, 0),
(66, 1),
(66, 2),
(66, 3),
(66, 4);
-- --------------------------------------------------------
--
-- Table structure for table `oc_cmsblock`
--
-- Creation: Feb 13, 2019 at 05:18 PM
-- Last update: Apr 16, 2019 at 02:07 AM
-- Last check: Apr 25, 2019 at 01:05 AM
--
CREATE TABLE `oc_cmsblock` (
  `cmsblock_id` int(11) NOT NULL,
  `status` tinyint(1) NOT NULL,
  `sort_order` tinyint(1) DEFAULT NULL,
  `identify` varchar(255) DEFAULT NULL,
  `link` varchar(255) DEFAULT NULL,
  `type` tinyint(1) DEFAULT NULL,
  `banner_store` varchar(255) DEFAULT '0'
) ENGINE=MyISAM DEFAULT CHARSET=utf8;
--
-- RELATIONSHIPS FOR TABLE `oc_cmsblock`:
--
--
-- Dumping data for table `oc_cmsblock`
--
INSERT INTO `oc_cmsblock` (`cmsblock_id`, `status`, `sort_order`, `identify`, `link`, `type`, `banner_store`) VALUES
(49, 1, 0, '', '', 1, '3,0'),
(20, 1, 0, '', '', 1, '1,2,3,4,0'),
(21, 1, 0, '', '', 1, '1,2,3,4,0'),
(25, 1, 0, '', '', 1, '1,2,3,4,0'),
(26, 1, 0, '', '', 1, '4,1,2,3,0'),
(32, 1, 0, '', '', 1, '1,2,3,4,0'),
(33, 1, 0, '', '', 1, '1,2,3,4,0'),
(40, 1, 0, '', '', 1, '1,2,3,4,0'),
(43, 1, 0, '', '', 1, '2,0'),
(44, 1, 0, '', '', 1, '1,2,3,4,0'),
(47, 1, 0, '', '', 1, '1,2,3,4,0'),
(46, 1, 0, '', '', 1, '2,1,3,4,0'),
(48, 1, 0, '', '', 1, '2,0'),
(50, 1, 0, '', '', 1, '3,0'),
(51, 1, 0, '', '', 1, '4,0'),
(52, 1, 0, '', '', 1, '1,2,3,4,0');
-- --------------------------------------------------------
--
-- Table structure for table `oc_cmsblock_description`
--
-- Creation: Feb 13, 2019 at 05:18 PM
-- Last update: Apr 16, 2019 at 02:41 AM
-- Last check: Apr 25, 2019 at 01:05 AM
--
CREATE TABLE `oc_cmsblock_description` (
  `cmsblock_des_id` int(11) NOT NULL,
  `language_id` int(11) NOT NULL,
  `cmsblock_id` int(11) NOT NULL,
  `title` varchar(64) NOT NULL,
  `sub_title` varchar(64) DEFAULT NULL,
  `description` text
) ENGINE=MyISAM DEFAULT CHARSET=utf8;
--
-- RELATIONSHIPS FOR TABLE `oc_cmsblock_description`:
--
--
-- Dumping data for table `oc_cmsblock_description`
--
INSERT INTO `oc_cmsblock_description` (`cmsblock_des_id`, `language_id`, `cmsblock_id`, `title`, `sub_title`, `description`) VALUES
(498, 2, 51, 'Banner 10', NULL, '&lt;div class=&quot;banner-10&quot;&gt;\r\n	&lt;div class=&quot;row&quot;&gt;\r\n		&lt;div class=&quot;col col-sm-6&quot;&gt;\r\n			&lt;div class=&quot;col-img&quot;&gt;\r\n				&lt;a href=&quot;#&quot;&gt;&lt;img src=&quot;image/catalog/cmsblock/banner10-1.jpg&quot; alt=&quot;banner 10&quot;&gt;&lt;/a&gt;\r\n			&lt;/div&gt;\r\n		&lt;/div&gt;\r\n		&lt;div class=&quot;col col-sm-6&quot;&gt;\r\n			&lt;div class=&quot;col-img&quot;&gt;\r\n				&lt;a href=&quot;#&quot;&gt;&lt;img src=&quot;image/catalog/cmsblock/banner10-2.jpg&quot; alt=&quot;banner 10&quot;&gt;&lt;/a&gt;\r\n			&lt;/div&gt;\r\n		&lt;/div&gt;\r\n	&lt;/div&gt;\r\n&lt;/div&gt;'),
(497, 1, 51, 'Banner 10', NULL, '&lt;div class=&quot;banner-10&quot;&gt;\r\n	&lt;div class=&quot;row&quot;&gt;\r\n		&lt;div class=&quot;col col-sm-6&quot;&gt;\r\n			&lt;div class=&quot;col-img&quot;&gt;\r\n				&lt;a href=&quot;#&quot;&gt;&lt;img src=&quot;image/catalog/cmsblock/banner10-1.jpg&quot; alt=&quot;banner 10&quot;&gt;&lt;/a&gt;\r\n			&lt;/div&gt;\r\n		&lt;/div&gt;\r\n		&lt;div class=&quot;col col-sm-6&quot;&gt;\r\n			&lt;div class=&quot;col-img&quot;&gt;\r\n				&lt;a href=&quot;#&quot;&gt;&lt;img src=&quot;image/catalog/cmsblock/banner10-2.jpg&quot; alt=&quot;banner 10&quot;&gt;&lt;/a&gt;\r\n			&lt;/div&gt;\r\n		&lt;/div&gt;\r\n	&lt;/div&gt;\r\n&lt;/div&gt;'),
(510, 2, 33, 'Static Policy   ', NULL, '										  										  										  										  										  										  										  &lt;div class=&quot;static-policy&quot;&gt;\r\n	&lt;div class=&quot;row&quot;&gt;\r\n      &lt;div class=&quot;col col-xs-4 col-xs-12&quot;&gt;\r\n		&lt;div class=&quot;inner_des&quot;&gt;\r\n			 &lt;div class=&quot;col-img&quot;&gt;\r\n				&lt;i class=&quot;lnr-rocket lnr&quot;&gt;&lt;/i&gt;\r\n			 &lt;/div&gt;\r\n			 &lt;div class=&quot;text-content&quot;&gt;\r\n				&lt;h5&gt;Free Shipping&lt;/h5&gt;\r\n				&lt;p&gt;All Order Over $100&lt;/p&gt;				\r\n			 &lt;/div&gt;\r\n		 &lt;/div&gt;\r\n      &lt;/div&gt;\r\n      &lt;div class=&quot;col col-xs-4 col-xs-12&quot;&gt;\r\n		&lt;div class=&quot;inner_des&quot;&gt;\r\n			 &lt;div class=&quot;col-img&quot;&gt;\r\n				&lt;i class=&quot;lnr-phone lnr&quot;&gt;&lt;/i&gt;\r\n			 &lt;/div&gt;\r\n			 &lt;div class=&quot;text-content&quot;&gt;\r\n				&lt;h5&gt;24/7 Dedicated Support&lt;/h5&gt;\r\n				&lt;p&gt;0123 456 789&lt;/p&gt;\r\n			 &lt;/div&gt;\r\n		 &lt;/div&gt;\r\n      &lt;/div&gt;\r\n      &lt;div class=&quot;col col-xs-4 col-xs-12&quot;&gt;\r\n		&lt;div class=&quot;inner_des&quot;&gt;\r\n			 &lt;div class=&quot;col-img&quot;&gt;\r\n				&lt;i class=&quot;lnr-redo lnr&quot;&gt;&lt;/i&gt;\r\n			 &lt;/div&gt;\r\n			 &lt;div class=&quot;text-content&quot;&gt;\r\n				&lt;h5&gt;Money back&lt;/h5&gt;\r\n				&lt;p&gt;if the item didn\'t suit you&lt;/p&gt;\r\n			 &lt;/div&gt;\r\n		 &lt;/div&gt;\r\n      &lt;/div&gt;\r\n   &lt;/div&gt;\r\n&lt;/div&gt; 									 									 									 									 									 									'),
(509, 1, 33, 'Static Policy   ', NULL, '										  										  										  										  										  										  										  &lt;div class=&quot;static-policy&quot;&gt;\r\n	&lt;div class=&quot;row&quot;&gt;\r\n      &lt;div class=&quot;col col-xs-4 col-xs-12&quot;&gt;\r\n		&lt;div class=&quot;inner_des&quot;&gt;\r\n			 &lt;div class=&quot;col-img&quot;&gt;\r\n				&lt;i class=&quot;lnr-rocket lnr&quot;&gt;&lt;/i&gt;\r\n			 &lt;/div&gt;\r\n			 &lt;div class=&quot;text-content&quot;&gt;\r\n				&lt;h5&gt;Free Shipping&lt;/h5&gt;\r\n				&lt;p&gt;All Order Over $100&lt;/p&gt;				\r\n			 &lt;/div&gt;\r\n		 &lt;/div&gt;\r\n      &lt;/div&gt;\r\n      &lt;div class=&quot;col col-xs-4 col-xs-12&quot;&gt;\r\n		&lt;div class=&quot;inner_des&quot;&gt;\r\n			 &lt;div class=&quot;col-img&quot;&gt;\r\n				&lt;i class=&quot;lnr-phone lnr&quot;&gt;&lt;/i&gt;\r\n			 &lt;/div&gt;\r\n			 &lt;div class=&quot;text-content&quot;&gt;\r\n				&lt;h5&gt;24/7 Dedicated Support&lt;/h5&gt;\r\n				&lt;p&gt;0123 456 789&lt;/p&gt;\r\n			 &lt;/div&gt;\r\n		 &lt;/div&gt;\r\n      &lt;/div&gt;\r\n      &lt;div class=&quot;col col-xs-4 col-xs-12&quot;&gt;\r\n		&lt;div class=&quot;inner_des&quot;&gt;\r\n			 &lt;div class=&quot;col-img&quot;&gt;\r\n				&lt;i class=&quot;lnr-redo lnr&quot;&gt;&lt;/i&gt;\r\n			 &lt;/div&gt;\r\n			 &lt;div class=&quot;text-content&quot;&gt;\r\n				&lt;h5&gt;Money back&lt;/h5&gt;\r\n				&lt;p&gt;if the item didn\'t suit you&lt;/p&gt;\r\n			 &lt;/div&gt;\r\n		 &lt;/div&gt;\r\n      &lt;/div&gt;\r\n   &lt;/div&gt;\r\n&lt;/div&gt; 									 									 									 									 									 									'),
(500, 2, 26, 'Banner Sidebar ', NULL, '										  										&lt;div class=&quot;banner-sidebar&quot;&gt;\r\n	&lt;a href=&quot;#&quot;&gt;&lt;img src=&quot;image/catalog/cmsblock/banner-sidebar.jpg&quot; alt=&quot;banner sidebar&quot;&gt;&lt;/a&gt;\r\n&lt;/div&gt;									 									'),
(495, 1, 50, 'Banner 9  ', NULL, '&lt;div class=&quot;banner-9&quot;&gt;\r\n	&lt;div class=&quot;row&quot;&gt;\r\n		&lt;div class=&quot;col col-sm-6&quot;&gt;\r\n			&lt;div class=&quot;col-img&quot;&gt;\r\n				&lt;a href=&quot;#&quot;&gt;&lt;img src=&quot;image/catalog/cmsblock/banner9-1.jpg&quot; alt=&quot;banner 9&quot;&gt;&lt;/a&gt;\r\n			&lt;/div&gt;\r\n		&lt;/div&gt;\r\n		&lt;div class=&quot;col col-sm-6&quot;&gt;\r\n			&lt;div class=&quot;col-img&quot;&gt;\r\n				&lt;a href=&quot;#&quot;&gt;&lt;img src=&quot;image/catalog/cmsblock/banner9-2.jpg&quot; alt=&quot;banner 9&quot;&gt;&lt;/a&gt;\r\n			&lt;/div&gt;\r\n		&lt;/div&gt;\r\n	&lt;/div&gt;\r\n&lt;/div&gt;'),
(496, 2, 50, 'Banner 9  ', NULL, '&lt;div class=&quot;banner-9&quot;&gt;\r\n	&lt;div class=&quot;row&quot;&gt;\r\n		&lt;div class=&quot;col col-sm-6&quot;&gt;\r\n			&lt;div class=&quot;col-img&quot;&gt;\r\n				&lt;a href=&quot;#&quot;&gt;&lt;img src=&quot;image/catalog/cmsblock/banner9-1.jpg&quot; alt=&quot;banner 9&quot;&gt;&lt;/a&gt;\r\n			&lt;/div&gt;\r\n		&lt;/div&gt;\r\n		&lt;div class=&quot;col col-sm-6&quot;&gt;\r\n			&lt;div class=&quot;col-img&quot;&gt;\r\n				&lt;a href=&quot;#&quot;&gt;&lt;img src=&quot;image/catalog/cmsblock/banner9-2.jpg&quot; alt=&quot;banner 9&quot;&gt;&lt;/a&gt;\r\n			&lt;/div&gt;\r\n		&lt;/div&gt;\r\n	&lt;/div&gt;\r\n&lt;/div&gt;'),
(488, 2, 48, 'Banner 7', NULL, '&lt;div class=&quot;banner-7&quot;&gt;\r\n	&lt;div class=&quot;row&quot;&gt;\r\n		&lt;div class=&quot;col-sm-6&quot;&gt;\r\n			&lt;div class=&quot;col-img&quot;&gt;\r\n				&lt;a href=&quot;#&quot;&gt;&lt;img src=&quot;image/catalog/cmsblock/banner7-1.jpg&quot; alt=&quot;banner 7&quot;&gt;&lt;/a&gt;\r\n			&lt;/div&gt;\r\n		&lt;/div&gt;\r\n		&lt;div class=&quot;col-sm-6&quot;&gt;\r\n			&lt;div class=&quot;col-img&quot;&gt;\r\n				&lt;a href=&quot;#&quot;&gt;&lt;img src=&quot;image/catalog/cmsblock/banner7-2.jpg&quot; alt=&quot;banner 7&quot;&gt;&lt;/a&gt;\r\n			&lt;/div&gt;\r\n		&lt;/div&gt;\r\n	&lt;/div&gt;\r\n&lt;/div&gt; 									 									 									'),
(512, 2, 43, 'Banner 6      ', NULL, '&lt;div class=&quot;banner-6&quot;&gt;\r\n	&lt;div class=&quot;container&quot;&gt;\r\n&lt;div class=&quot;row&quot;&gt;\r\n		&lt;div class=&quot;col-sm-5 col&quot;&gt;\r\n			&lt;div class=&quot;col-img&quot;&gt;\r\n				&lt;a href=&quot;#&quot;&gt;&lt;img src=&quot;image/catalog/cmsblock/banner6-1.jpg&quot; alt=&quot;banner 6&quot;&gt;&lt;/a&gt;\r\n			&lt;/div&gt;\r\n			&lt;div class=&quot;text-content&quot;&gt;\r\n				&lt;h5&gt;Captain America&lt;/h5&gt;\r\n				&lt;h6&gt;Category: &lt;a href=&quot;#&quot;&gt;Potted Plant&lt;/a&gt;&lt;/h6&gt;\r\n				&lt;p&gt;Curabitur aliquet quam id dui posuere blandit. Mauris blandit aliquet elit, eget tincidunt nibh pulvinar a. Mauris blandit aliquet elit,&lt;/p&gt;\r\n				&lt;strong&gt;$21.00&lt;/strong&gt;\r\n				&lt;a href=&quot;#&quot;&gt;Shop Collections&lt;i class=&quot;fa fa-chevron-right&quot;&gt;&lt;/i&gt;&lt;/a&gt;\r\n			&lt;/div&gt;\r\n		&lt;/div&gt;\r\n		&lt;div class=&quot;col-sm-2&quot;&gt;&lt;/div&gt;\r\n		&lt;div class=&quot;col-sm-5 col&quot;&gt;\r\n			&lt;div class=&quot;text-content&quot;&gt;\r\n				&lt;h5&gt;Captain America&lt;/h5&gt;\r\n				&lt;h6&gt;Category: &lt;a href=&quot;#&quot;&gt;Potted Plant&lt;/a&gt;&lt;/h6&gt;\r\n				&lt;p&gt;Curabitur aliquet quam id dui posuere blandit. Mauris blandit aliquet elit, eget tincidunt nibh pulvinar a. Mauris blandit aliquet elit,&lt;/p&gt;\r\n				&lt;strong&gt;$16.00&lt;/strong&gt;\r\n				&lt;a href=&quot;#&quot;&gt;Shop Collections&lt;i class=&quot;fa fa-chevron-right&quot;&gt;&lt;/i&gt;&lt;/a&gt;\r\n			&lt;/div&gt;\r\n			&lt;div class=&quot;col-img&quot;&gt;\r\n				&lt;a href=&quot;#&quot;&gt;&lt;img src=&quot;image/catalog/cmsblock/banner6-2.jpg&quot; alt=&quot;banner 6&quot;&gt;&lt;/a&gt;\r\n			&lt;/div&gt;\r\n		&lt;/div&gt;\r\n	&lt;/div&gt;\r\n	&lt;/div&gt;\r\n&lt;/div&gt; 									'),
(511, 1, 43, 'Banner 6      ', NULL, '&lt;div class=&quot;banner-6&quot;&gt;\r\n	&lt;div class=&quot;container&quot;&gt;\r\n&lt;div class=&quot;row&quot;&gt;\r\n		&lt;div class=&quot;col-sm-5 col&quot;&gt;\r\n			&lt;div class=&quot;col-img&quot;&gt;\r\n				&lt;a href=&quot;#&quot;&gt;&lt;img src=&quot;image/catalog/cmsblock/banner6-1.jpg&quot; alt=&quot;banner 6&quot;&gt;&lt;/a&gt;\r\n			&lt;/div&gt;\r\n			&lt;div class=&quot;text-content&quot;&gt;\r\n				&lt;h5&gt;Captain America&lt;/h5&gt;\r\n				&lt;h6&gt;Category: &lt;a href=&quot;#&quot;&gt;Potted Plant&lt;/a&gt;&lt;/h6&gt;\r\n				&lt;p&gt;Curabitur aliquet quam id dui posuere blandit. Mauris blandit aliquet elit, eget tincidunt nibh pulvinar a. Mauris blandit aliquet elit,&lt;/p&gt;\r\n				&lt;strong&gt;$21.00&lt;/strong&gt;\r\n				&lt;a href=&quot;#&quot;&gt;Shop Collections&lt;i class=&quot;fa fa-chevron-right&quot;&gt;&lt;/i&gt;&lt;/a&gt;\r\n			&lt;/div&gt;\r\n		&lt;/div&gt;\r\n		&lt;div class=&quot;col-sm-2&quot;&gt;&lt;/div&gt;\r\n		&lt;div class=&quot;col-sm-5 col&quot;&gt;\r\n			&lt;div class=&quot;text-content&quot;&gt;\r\n				&lt;h5&gt;Captain America&lt;/h5&gt;\r\n				&lt;h6&gt;Category: &lt;a href=&quot;#&quot;&gt;Potted Plant&lt;/a&gt;&lt;/h6&gt;\r\n				&lt;p&gt;Curabitur aliquet quam id dui posuere blandit. Mauris blandit aliquet elit, eget tincidunt nibh pulvinar a. Mauris blandit aliquet elit,&lt;/p&gt;\r\n				&lt;strong&gt;$16.00&lt;/strong&gt;\r\n				&lt;a href=&quot;#&quot;&gt;Shop Collections&lt;i class=&quot;fa fa-chevron-right&quot;&gt;&lt;/i&gt;&lt;/a&gt;\r\n			&lt;/div&gt;\r\n			&lt;div class=&quot;col-img&quot;&gt;\r\n				&lt;a href=&quot;#&quot;&gt;&lt;img src=&quot;image/catalog/cmsblock/banner6-2.jpg&quot; alt=&quot;banner 6&quot;&gt;&lt;/a&gt;\r\n			&lt;/div&gt;\r\n		&lt;/div&gt;\r\n	&lt;/div&gt;\r\n	&lt;/div&gt;\r\n&lt;/div&gt; 									'),
(487, 1, 48, 'Banner 7', NULL, '&lt;div class=&quot;banner-7&quot;&gt;\r\n	&lt;div class=&quot;row&quot;&gt;\r\n		&lt;div class=&quot;col-sm-6&quot;&gt;\r\n			&lt;div class=&quot;col-img&quot;&gt;\r\n				&lt;a href=&quot;#&quot;&gt;&lt;img src=&quot;image/catalog/cmsblock/banner7-1.jpg&quot; alt=&quot;banner 7&quot;&gt;&lt;/a&gt;\r\n			&lt;/div&gt;\r\n		&lt;/div&gt;\r\n		&lt;div class=&quot;col-sm-6&quot;&gt;\r\n			&lt;div class=&quot;col-img&quot;&gt;\r\n				&lt;a href=&quot;#&quot;&gt;&lt;img src=&quot;image/catalog/cmsblock/banner7-2.jpg&quot; alt=&quot;banner 7&quot;&gt;&lt;/a&gt;\r\n			&lt;/div&gt;\r\n		&lt;/div&gt;\r\n	&lt;/div&gt;\r\n&lt;/div&gt; 									 									 									'),
(499, 1, 26, 'Banner Sidebar ', NULL, '										  										&lt;div class=&quot;banner-sidebar&quot;&gt;\r\n	&lt;a href=&quot;#&quot;&gt;&lt;img src=&quot;image/catalog/cmsblock/banner-sidebar.jpg&quot; alt=&quot;banner sidebar&quot;&gt;&lt;/a&gt;\r\n&lt;/div&gt;									 									'),
(453, 1, 25, 'Static Middle Footer  ', NULL, '										  										  &lt;div class=&quot;static-middle-footer&quot;&gt;\r\n&lt;div class=&quot;col-md-2 col-xs-6&quot;&gt;\r\n   &lt;img src=&quot;image/catalog/logo2.png&quot;&gt;\r\n&lt;/div&gt;\r\n&lt;div class=&quot;col-md-4 col-xs-6&quot;&gt;\r\n &lt;i class=&quot;fa fa-home&quot;&gt;&lt;/i&gt;\r\n &lt;p&gt;Address : No 40 Baria Sreet 15/2&lt;br&gt;NewYork City, NY, United States.&lt;/p&gt;\r\n&lt;/div&gt;\r\n&lt;div class=&quot;col-md-3 col-xs-6&quot;&gt;\r\n &lt;i class=&quot;fa fa-envelope-o&quot;&gt;&lt;/i&gt;\r\n &lt;p&gt;Email:&lt;br&gt;&lt;a href=&quot;email:Infor@plazathemes.com&quot;&gt;Infor@plazathemes.com&lt;/a&gt;&lt;/p&gt;\r\n&lt;/div&gt;\r\n&lt;div class=&quot;col-md-3 col-xs-6&quot;&gt;\r\n &lt;i class=&quot;fa fa-mobile&quot;&gt;&lt;/i&gt;\r\n &lt;p&gt;Phone:&lt;br&gt;&lt;a href=&quot;tel:+681234567890&quot;&gt;(+68) 123 456 7890&lt;/a&gt;&lt;/p&gt;\r\n&lt;/div&gt;\r\n&lt;/div&gt;\r\n 									 									'),
(454, 2, 25, 'Static Middle Footer  ', NULL, '										  										  &lt;div class=&quot;static-middle-footer&quot;&gt;\r\n&lt;div class=&quot;col-md-2 col-xs-6&quot;&gt;\r\n   &lt;img src=&quot;image/catalog/logo2.png&quot;&gt;\r\n&lt;/div&gt;\r\n&lt;div class=&quot;col-md-4 col-xs-6&quot;&gt;\r\n &lt;i class=&quot;fa fa-home&quot;&gt;&lt;/i&gt;\r\n &lt;p&gt;Address : No 40 Baria Sreet 15/2&lt;br&gt;NewYork City, NY, United States.&lt;/p&gt;\r\n&lt;/div&gt;\r\n&lt;div class=&quot;col-md-3 col-xs-6&quot;&gt;\r\n &lt;i class=&quot;fa fa-envelope-o&quot;&gt;&lt;/i&gt;\r\n &lt;p&gt;Email:&lt;br&gt;&lt;a href=&quot;email:Infor@plazathemes.com&quot;&gt;Infor@plazathemes.com&lt;/a&gt;&lt;/p&gt;\r\n&lt;/div&gt;\r\n&lt;div class=&quot;col-md-3 col-xs-6&quot;&gt;\r\n &lt;i class=&quot;fa fa-mobile&quot;&gt;&lt;/i&gt;\r\n &lt;p&gt;Phone:&lt;br&gt;&lt;a href=&quot;tel:+681234567890&quot;&gt;(+68) 123 456 7890&lt;/a&gt;&lt;/p&gt;\r\n&lt;/div&gt;\r\n&lt;/div&gt;\r\n 									 									'),
(463, 1, 32, 'Banner 4       ', NULL, '										  										  										  										  										  &lt;div class=&quot;banner-4 deal-of-the-day&quot;&gt;\r\n   &lt;div class=&quot;text-content&quot;&gt;\r\n      &lt;div class=&quot;col1&quot;&gt;\r\n               &lt;h3&gt;Deal Of The Day&lt;/h3&gt;\r\n               &lt;div class=&quot;time-container&quot;&gt;&lt;div class=&quot;time-count&quot;&gt;2020-02-03&lt;/div&gt;&lt;/div&gt;\r\n            &lt;/div&gt;\r\n   &lt;/div&gt;\r\n&lt;/div&gt; 									 									 									 									 									'),
(464, 2, 32, 'Banner 4       ', NULL, '										  										  										  										  										  &lt;div class=&quot;banner-4 deal-of-the-day&quot;&gt;\r\n   &lt;div class=&quot;text-content&quot;&gt;\r\n      &lt;div class=&quot;col1&quot;&gt;\r\n               &lt;h3&gt;Deal Of The Day&lt;/h3&gt;\r\n               &lt;div class=&quot;time-container&quot;&gt;&lt;div class=&quot;time-count&quot;&gt;2020-02-03&lt;/div&gt;&lt;/div&gt;\r\n            &lt;/div&gt;\r\n   &lt;/div&gt;\r\n&lt;/div&gt; 									 									 									 									 									'),
(484, 2, 40, 'Banner 5       ', NULL, '&lt;div class=&quot;banner-5&quot; &quot;=&quot;&quot;&gt;\r\n	&lt;div class=&quot;module-title&quot;&gt;\r\n		&lt;div class=&quot;module-description&quot;&gt;The best collection&lt;/div&gt;\r\n	&lt;h2&gt;Shop by categories&lt;/h2&gt;\r\n&lt;/div&gt;\r\n	&lt;div class=&quot;row&quot;&gt;\r\n		&lt;div class=&quot;col-sm-8 col-1&quot;&gt;\r\n			&lt;div class=&quot;col-img-inner&quot;&gt;\r\n				&lt;div class=&quot;col-img&quot;&gt;\r\n					&lt;a href=&quot;#&quot;&gt;&lt;img src=&quot;image/catalog/cmsblock/banner5-1.jpg&quot; alt=&quot;banner 5&quot;&gt;&lt;/a&gt;\r\n				&lt;/div&gt;\r\n				&lt;div class=&quot;text-content&quot;&gt;\r\n					&lt;h4&gt;Indoor plants&lt;/h4&gt;\r\n					&lt;p&gt;34 items&lt;/p&gt;\r\n				&lt;/div&gt;\r\n			&lt;/div&gt;\r\n			&lt;div class=&quot;row&quot;&gt;\r\n				&lt;div class=&quot;col-sm-6&quot;&gt;\r\n					&lt;div class=&quot;col-img-inner&quot;&gt;\r\n						&lt;div class=&quot;col-img&quot;&gt;\r\n							&lt;a href=&quot;#&quot;&gt;&lt;img src=&quot;image/catalog/cmsblock/banner5-2.jpg&quot; alt=&quot;banner 5&quot;&gt;&lt;/a&gt;\r\n						&lt;/div&gt;\r\n						&lt;div class=&quot;text-content&quot;&gt;\r\n							&lt;h4&gt;Indoor plants&lt;/h4&gt;\r\n							&lt;p&gt;34 items&lt;/p&gt;\r\n						&lt;/div&gt;\r\n					&lt;/div&gt;\r\n				&lt;/div&gt;\r\n				&lt;div class=&quot;col-sm-6&quot;&gt;\r\n					&lt;div class=&quot;col-img-inner&quot;&gt;\r\n						&lt;div class=&quot;col-img&quot;&gt;\r\n							&lt;a href=&quot;#&quot;&gt;&lt;img src=&quot;image/catalog/cmsblock/banner5-3.jpg&quot; alt=&quot;banner 5&quot;&gt;&lt;/a&gt;\r\n						&lt;/div&gt;\r\n						&lt;div class=&quot;text-content&quot;&gt;\r\n							&lt;h4&gt;Indoor plants&lt;/h4&gt;\r\n							&lt;p&gt;34 items&lt;/p&gt;\r\n						&lt;/div&gt;\r\n					&lt;/div&gt;\r\n				&lt;/div&gt;\r\n			&lt;/div&gt;\r\n		&lt;/div&gt;\r\n		&lt;div class=&quot;col-sm-4 col-2&quot;&gt;\r\n			&lt;div class=&quot;col-img-inner&quot;&gt;\r\n				&lt;div class=&quot;col-img&quot;&gt;\r\n					&lt;a href=&quot;#&quot;&gt;&lt;img src=&quot;image/catalog/cmsblock/banner5-4.jpg&quot; alt=&quot;banner 5&quot;&gt;&lt;/a&gt;\r\n				&lt;/div&gt;\r\n				&lt;div class=&quot;text-content&quot;&gt;\r\n					&lt;h4&gt;Indoor plants&lt;/h4&gt;\r\n					&lt;p&gt;34 items&lt;/p&gt;\r\n				&lt;/div&gt;\r\n			&lt;/div&gt;\r\n			&lt;div class=&quot;col-img-inner&quot;&gt;\r\n				&lt;div class=&quot;col-img&quot;&gt;\r\n					&lt;a href=&quot;#&quot;&gt;&lt;img src=&quot;image/catalog/cmsblock/banner5-5.jpg&quot; alt=&quot;banner 5&quot;&gt;&lt;/a&gt;\r\n				&lt;/div&gt;\r\n				&lt;div class=&quot;text-content&quot;&gt;\r\n					&lt;h4&gt;Indoor plants&lt;/h4&gt;\r\n					&lt;p&gt;34 items&lt;/p&gt;\r\n				&lt;/div&gt;\r\n			&lt;/div&gt;\r\n		&lt;/div&gt;\r\n	&lt;/div&gt;\r\n&lt;/div&gt;'),
(457, 1, 20, 'Banner 2   ', NULL, '										  										  										  &lt;div class=&quot;banner-2 deal-of-the-day&quot;&gt;\r\n   &lt;div class=&quot;text-content&quot;&gt;\r\n      &lt;div class=&quot;container&quot;&gt;\r\n         &lt;div class=&quot;row&quot;&gt;\r\n            &lt;div class=&quot;col-sm-12 col-lg-6 col1&quot;&gt;\r\n               &lt;h3&gt;Deal Of The Day&lt;/h3&gt;\r\n               &lt;div class=&quot;time-container&quot;&gt;&lt;div class=&quot;time-count&quot;&gt;2020-02-03&lt;/div&gt;&lt;/div&gt;\r\n               &lt;h4 class=&quot;description&quot;&gt;Caption America&lt;/h4&gt;\r\n               &lt;span class=&quot;price&quot;&gt;$24.00&lt;/span&gt;\r\n                &lt;a class=&quot;read-more btn&quot;&gt;Shop Collections&lt;i class=&quot;fa fa-chevron-right&quot; aria-hidden=&quot;true&quot;&gt;&lt;/i&gt;&lt;/a&gt;\r\n            &lt;/div&gt;\r\n         &lt;/div&gt;\r\n      &lt;/div&gt;\r\n   &lt;/div&gt;\r\n&lt;/div&gt; 									 									 									'),
(479, 1, 21, 'Banner 1   ', NULL, '&lt;div class=&quot;banner-1 banner-static-category&quot;&gt;\r\n   &lt;div class=&quot;module-title&quot;&gt;\r\n      &lt;div class=&quot;module-description&quot;&gt;The best collection&lt;/div&gt;\r\n      &lt;h2&gt;Shop by categories&lt;/h2&gt;\r\n   &lt;/div&gt;\r\n   &lt;div class=&quot;row&quot;&gt;\r\n	&lt;div class=&quot;col-sm-5 col-1&quot;&gt;\r\n		&lt;div class=&quot;col-img-inner&quot;&gt;\r\n			&lt;div class=&quot;col-img&quot;&gt;&lt;a href=&quot;#&quot;&gt;&lt;img src=&quot;image/catalog/cmsblock/banner1-1.jpg&quot; alt=&quot;banner 1&quot;&gt;&lt;/a&gt;&lt;/div&gt;\r\n			&lt;div class=&quot;text-content&quot;&gt;\r\n				&lt;h4&gt;Table tree plant&lt;/h4&gt;\r\n				&lt;p&gt;14 items&lt;/p&gt;\r\n			&lt;/div&gt;\r\n		&lt;/div&gt;\r\n	&lt;/div&gt;\r\n	&lt;div class=&quot;col-sm-7 col-2&quot;&gt;\r\n		&lt;div class=&quot;row&quot;&gt;\r\n			&lt;div class=&quot;col-sm-7 col-3&quot;&gt;\r\n				&lt;div class=&quot;col-img-inner&quot;&gt;\r\n					&lt;div class=&quot;col-img&quot;&gt;&lt;a href=&quot;#&quot;&gt;&lt;img src=&quot;image/catalog/cmsblock/banner1-2.jpg&quot; alt=&quot;banner 1&quot;&gt;&lt;/a&gt;&lt;/div&gt;\r\n					&lt;div class=&quot;text-content&quot;&gt;\r\n						&lt;h4&gt;Indoor plants&lt;/h4&gt;\r\n						&lt;p&gt;34 items&lt;/p&gt;\r\n					&lt;/div&gt;\r\n				&lt;/div&gt;\r\n			&lt;/div&gt;\r\n		&lt;div class=&quot;col-sm-5 col-4&quot;&gt;\r\n			&lt;div class=&quot;col-img-inner&quot;&gt;\r\n				&lt;div class=&quot;col-img&quot;&gt;&lt;a href=&quot;#&quot;&gt;&lt;img src=&quot;image/catalog/cmsblock/banner1-3.jpg&quot; alt=&quot;banner 1&quot;&gt;&lt;/a&gt;&lt;/div&gt;\r\n				&lt;div class=&quot;text-content&quot;&gt;\r\n					&lt;h4&gt;Cactus Plant&lt;/h4&gt;\r\n					&lt;p&gt;14 items&lt;/p&gt;\r\n				&lt;/div&gt;\r\n			&lt;/div&gt;\r\n		&lt;/div&gt;\r\n		&lt;/div&gt;\r\n		&lt;div class=&quot;row&quot;&gt;\r\n			&lt;div class=&quot;col-sm-4 col-5&quot;&gt;\r\n				&lt;div class=&quot;col-img-inner&quot;&gt;\r\n					&lt;div class=&quot;col-img&quot;&gt;&lt;a href=&quot;#&quot;&gt;&lt;img src=&quot;image/catalog/cmsblock/banner1-4.jpg&quot; alt=&quot;banner 1&quot;&gt;&lt;/a&gt;&lt;/div&gt;\r\n					&lt;div class=&quot;text-content&quot;&gt;\r\n						&lt;h4&gt;Potted plant&lt;/h4&gt;\r\n						&lt;p&gt;14 items&lt;/p&gt;\r\n					&lt;/div&gt;\r\n				&lt;/div&gt;\r\n			&lt;/div&gt;\r\n		&lt;div class=&quot;col-sm-8 col-6&quot;&gt;\r\n			&lt;div class=&quot;col-img-inner&quot;&gt;\r\n				&lt;div class=&quot;col-img&quot;&gt;&lt;a href=&quot;#&quot;&gt;&lt;img src=&quot;image/catalog/cmsblock/banner1-5.jpg&quot; alt=&quot;banner 1&quot;&gt;&lt;/a&gt;&lt;/div&gt;\r\n				&lt;div class=&quot;text-content&quot;&gt;\r\n					&lt;h4&gt;House plants&lt;/h4&gt;\r\n					&lt;p&gt;14 items&lt;/p&gt;\r\n				&lt;/div&gt;\r\n			&lt;/div&gt;\r\n		&lt;/div&gt;\r\n		&lt;/div&gt;\r\n	&lt;/div&gt;\r\n&lt;/div&gt;\r\n&lt;/div&gt;'),
(483, 1, 40, 'Banner 5       ', NULL, '&lt;div class=&quot;banner-5&quot; &quot;=&quot;&quot;&gt;\r\n	&lt;div class=&quot;module-title&quot;&gt;\r\n		&lt;div class=&quot;module-description&quot;&gt;The best collection&lt;/div&gt;\r\n	&lt;h2&gt;Shop by categories&lt;/h2&gt;\r\n&lt;/div&gt;\r\n	&lt;div class=&quot;row&quot;&gt;\r\n		&lt;div class=&quot;col-sm-8 col-1&quot;&gt;\r\n			&lt;div class=&quot;col-img-inner&quot;&gt;\r\n				&lt;div class=&quot;col-img&quot;&gt;\r\n					&lt;a href=&quot;#&quot;&gt;&lt;img src=&quot;image/catalog/cmsblock/banner5-1.jpg&quot; alt=&quot;banner 5&quot;&gt;&lt;/a&gt;\r\n				&lt;/div&gt;\r\n				&lt;div class=&quot;text-content&quot;&gt;\r\n					&lt;h4&gt;Indoor plants&lt;/h4&gt;\r\n					&lt;p&gt;34 items&lt;/p&gt;\r\n				&lt;/div&gt;\r\n			&lt;/div&gt;\r\n			&lt;div class=&quot;row&quot;&gt;\r\n				&lt;div class=&quot;col-sm-6&quot;&gt;\r\n					&lt;div class=&quot;col-img-inner&quot;&gt;\r\n						&lt;div class=&quot;col-img&quot;&gt;\r\n							&lt;a href=&quot;#&quot;&gt;&lt;img src=&quot;image/catalog/cmsblock/banner5-2.jpg&quot; alt=&quot;banner 5&quot;&gt;&lt;/a&gt;\r\n						&lt;/div&gt;\r\n						&lt;div class=&quot;text-content&quot;&gt;\r\n							&lt;h4&gt;Indoor plants&lt;/h4&gt;\r\n							&lt;p&gt;34 items&lt;/p&gt;\r\n						&lt;/div&gt;\r\n					&lt;/div&gt;\r\n				&lt;/div&gt;\r\n				&lt;div class=&quot;col-sm-6&quot;&gt;\r\n					&lt;div class=&quot;col-img-inner&quot;&gt;\r\n						&lt;div class=&quot;col-img&quot;&gt;\r\n							&lt;a href=&quot;#&quot;&gt;&lt;img src=&quot;image/catalog/cmsblock/banner5-3.jpg&quot; alt=&quot;banner 5&quot;&gt;&lt;/a&gt;\r\n						&lt;/div&gt;\r\n						&lt;div class=&quot;text-content&quot;&gt;\r\n							&lt;h4&gt;Indoor plants&lt;/h4&gt;\r\n							&lt;p&gt;34 items&lt;/p&gt;\r\n						&lt;/div&gt;\r\n					&lt;/div&gt;\r\n				&lt;/div&gt;\r\n			&lt;/div&gt;\r\n		&lt;/div&gt;\r\n		&lt;div class=&quot;col-sm-4 col-2&quot;&gt;\r\n			&lt;div class=&quot;col-img-inner&quot;&gt;\r\n				&lt;div class=&quot;col-img&quot;&gt;\r\n					&lt;a href=&quot;#&quot;&gt;&lt;img src=&quot;image/catalog/cmsblock/banner5-4.jpg&quot; alt=&quot;banner 5&quot;&gt;&lt;/a&gt;\r\n				&lt;/div&gt;\r\n				&lt;div class=&quot;text-content&quot;&gt;\r\n					&lt;h4&gt;Indoor plants&lt;/h4&gt;\r\n					&lt;p&gt;34 items&lt;/p&gt;\r\n				&lt;/div&gt;\r\n			&lt;/div&gt;\r\n			&lt;div class=&quot;col-img-inner&quot;&gt;\r\n				&lt;div class=&quot;col-img&quot;&gt;\r\n					&lt;a href=&quot;#&quot;&gt;&lt;img src=&quot;image/catalog/cmsblock/banner5-5.jpg&quot; alt=&quot;banner 5&quot;&gt;&lt;/a&gt;\r\n				&lt;/div&gt;\r\n				&lt;div class=&quot;text-content&quot;&gt;\r\n					&lt;h4&gt;Indoor plants&lt;/h4&gt;\r\n					&lt;p&gt;34 items&lt;/p&gt;\r\n				&lt;/div&gt;\r\n			&lt;/div&gt;\r\n		&lt;/div&gt;\r\n	&lt;/div&gt;\r\n&lt;/div&gt;'),
(493, 1, 49, 'Banner 8', NULL, '&lt;div class=&quot;banner-8&quot;&gt;\r\n	&lt;div class=&quot;row&quot;&gt;\r\n		&lt;div class=&quot;col col-sm-4&quot;&gt;\r\n			&lt;div class=&quot;col-img&quot;&gt;\r\n				&lt;a href=&quot;#&quot;&gt;&lt;img src=&quot;image/catalog/cmsblock/banner8-1.jpg&quot; alt=&quot;banner 8&quot;&gt;&lt;/a&gt;\r\n			&lt;/div&gt;\r\n		&lt;/div&gt;\r\n		&lt;div class=&quot;col col-sm-4&quot;&gt;\r\n			&lt;div class=&quot;col-img&quot;&gt;\r\n				&lt;a href=&quot;#&quot;&gt;&lt;img src=&quot;image/catalog/cmsblock/banner8-2.jpg&quot; alt=&quot;banner 8&quot;&gt;&lt;/a&gt;\r\n			&lt;/div&gt;\r\n		&lt;/div&gt;\r\n		&lt;div class=&quot;col col-sm-4&quot;&gt;\r\n			&lt;div class=&quot;col-img&quot;&gt;\r\n				&lt;a href=&quot;#&quot;&gt;&lt;img src=&quot;image/catalog/cmsblock/banner8-3.jpg&quot; alt=&quot;banner 8&quot;&gt;&lt;/a&gt;\r\n			&lt;/div&gt;\r\n		&lt;/div&gt;\r\n	&lt;/div&gt;\r\n&lt;/div&gt;'),
(494, 2, 49, 'Banner 8', NULL, '&lt;div class=&quot;banner-8&quot;&gt;\r\n	&lt;div class=&quot;row&quot;&gt;\r\n		&lt;div class=&quot;col col-sm-4&quot;&gt;\r\n			&lt;div class=&quot;col-img&quot;&gt;\r\n				&lt;a href=&quot;#&quot;&gt;&lt;img src=&quot;image/catalog/cmsblock/banner8-1.jpg&quot; alt=&quot;banner 8&quot;&gt;&lt;/a&gt;\r\n			&lt;/div&gt;\r\n		&lt;/div&gt;\r\n		&lt;div class=&quot;col col-sm-4&quot;&gt;\r\n			&lt;div class=&quot;col-img&quot;&gt;\r\n				&lt;a href=&quot;#&quot;&gt;&lt;img src=&quot;image/catalog/cmsblock/banner8-2.jpg&quot; alt=&quot;banner 8&quot;&gt;&lt;/a&gt;\r\n			&lt;/div&gt;\r\n		&lt;/div&gt;\r\n		&lt;div class=&quot;col col-sm-4&quot;&gt;\r\n			&lt;div class=&quot;col-img&quot;&gt;\r\n				&lt;a href=&quot;#&quot;&gt;&lt;img src=&quot;image/catalog/cmsblock/banner8-3.jpg&quot; alt=&quot;banner 8&quot;&gt;&lt;/a&gt;\r\n			&lt;/div&gt;\r\n		&lt;/div&gt;\r\n	&lt;/div&gt;\r\n&lt;/div&gt;'),
(480, 2, 21, 'Banner 1   ', NULL, '&lt;div class=&quot;banner-1 banner-static-category&quot;&gt;\r\n   &lt;div class=&quot;module-title&quot;&gt;\r\n      &lt;div class=&quot;module-description&quot;&gt;The best collection&lt;/div&gt;\r\n      &lt;h2&gt;Shop by categories&lt;/h2&gt;\r\n   &lt;/div&gt;\r\n   &lt;div class=&quot;row&quot;&gt;\r\n	&lt;div class=&quot;col-sm-5 col-1&quot;&gt;\r\n		&lt;div class=&quot;col-img-inner&quot;&gt;\r\n			&lt;div class=&quot;col-img&quot;&gt;&lt;a href=&quot;#&quot;&gt;&lt;img src=&quot;image/catalog/cmsblock/banner1-1.jpg&quot; alt=&quot;banner 1&quot;&gt;&lt;/a&gt;&lt;/div&gt;\r\n			&lt;div class=&quot;text-content&quot;&gt;\r\n				&lt;h4&gt;Table tree plant&lt;/h4&gt;\r\n				&lt;p&gt;14 items&lt;/p&gt;\r\n			&lt;/div&gt;\r\n		&lt;/div&gt;\r\n	&lt;/div&gt;\r\n	&lt;div class=&quot;col-sm-7 col-2&quot;&gt;\r\n		&lt;div class=&quot;row&quot;&gt;\r\n			&lt;div class=&quot;col-sm-7 col-3&quot;&gt;\r\n				&lt;div class=&quot;col-img-inner&quot;&gt;\r\n					&lt;div class=&quot;col-img&quot;&gt;&lt;a href=&quot;#&quot;&gt;&lt;img src=&quot;image/catalog/cmsblock/banner1-2.jpg&quot; alt=&quot;banner 1&quot;&gt;&lt;/a&gt;&lt;/div&gt;\r\n					&lt;div class=&quot;text-content&quot;&gt;\r\n						&lt;h4&gt;Indoor plants&lt;/h4&gt;\r\n						&lt;p&gt;34 items&lt;/p&gt;\r\n					&lt;/div&gt;\r\n				&lt;/div&gt;\r\n			&lt;/div&gt;\r\n		&lt;div class=&quot;col-sm-5 col-4&quot;&gt;\r\n			&lt;div class=&quot;col-img-inner&quot;&gt;\r\n				&lt;div class=&quot;col-img&quot;&gt;&lt;a href=&quot;#&quot;&gt;&lt;img src=&quot;image/catalog/cmsblock/banner1-3.jpg&quot; alt=&quot;banner 1&quot;&gt;&lt;/a&gt;&lt;/div&gt;\r\n				&lt;div class=&quot;text-content&quot;&gt;\r\n					&lt;h4&gt;Cactus Plant&lt;/h4&gt;\r\n					&lt;p&gt;14 items&lt;/p&gt;\r\n				&lt;/div&gt;\r\n			&lt;/div&gt;\r\n		&lt;/div&gt;\r\n		&lt;/div&gt;\r\n		&lt;div class=&quot;row&quot;&gt;\r\n			&lt;div class=&quot;col-sm-4 col-5&quot;&gt;\r\n				&lt;div class=&quot;col-img-inner&quot;&gt;\r\n					&lt;div class=&quot;col-img&quot;&gt;&lt;a href=&quot;#&quot;&gt;&lt;img src=&quot;image/catalog/cmsblock/banner1-4.jpg&quot; alt=&quot;banner 1&quot;&gt;&lt;/a&gt;&lt;/div&gt;\r\n					&lt;div class=&quot;text-content&quot;&gt;\r\n						&lt;h4&gt;Potted plant&lt;/h4&gt;\r\n						&lt;p&gt;14 items&lt;/p&gt;\r\n					&lt;/div&gt;\r\n				&lt;/div&gt;\r\n			&lt;/div&gt;\r\n		&lt;div class=&quot;col-sm-8 col-6&quot;&gt;\r\n			&lt;div class=&quot;col-img-inner&quot;&gt;\r\n				&lt;div class=&quot;col-img&quot;&gt;&lt;a href=&quot;#&quot;&gt;&lt;img src=&quot;image/catalog/cmsblock/banner1-5.jpg&quot; alt=&quot;banner 1&quot;&gt;&lt;/a&gt;&lt;/div&gt;\r\n				&lt;div class=&quot;text-content&quot;&gt;\r\n					&lt;h4&gt;House plants&lt;/h4&gt;\r\n					&lt;p&gt;14 items&lt;/p&gt;\r\n				&lt;/div&gt;\r\n			&lt;/div&gt;\r\n		&lt;/div&gt;\r\n		&lt;/div&gt;\r\n	&lt;/div&gt;\r\n&lt;/div&gt;\r\n&lt;/div&gt;'),
(467, 1, 46, 'Our History      ', NULL, '										  										  &lt;div class=&quot;our_history&quot;&gt;\r\n	&lt;div class=&quot;module-title&quot;&gt;\r\n		&lt;h2&gt;Our History&lt;/h2&gt;\r\n		&lt;div class=&quot;module-description&quot;&gt;A little story about us&lt;/div&gt;\r\n	&lt;/div&gt;\r\n	&lt;div class=&quot;text-content&quot;&gt;\r\n		&lt;h5&gt;Captain America: Civil War Christopher Markus and Stephen McFeely see the Hulk as the game over moment.&lt;/h5&gt;\r\n		&lt;p&gt;Nam liber tempor cum soluta nobis eleifend option congue nihil imperdiet doming id quod mazim placerat facer possim assum. Typi non habent claritatem insitam; est usus legentis in iis qui facit eorum claritatem. Investigationes demonstraverunt lectores legere me lius quod ii legunt saepius. Claritas est etiam processus dynamicus.  Phasellus eu rhoncus dolor, vitae scelerisque sapien&lt;/p&gt;\r\n	&lt;/div&gt;\r\n&lt;/div&gt; 									 									'),
(468, 2, 46, 'Our History      ', NULL, '										  										  &lt;div class=&quot;our_history&quot;&gt;\r\n	&lt;div class=&quot;module-title&quot;&gt;\r\n		&lt;h2&gt;Our History&lt;/h2&gt;\r\n		&lt;div class=&quot;module-description&quot;&gt;A little story about us&lt;/div&gt;\r\n	&lt;/div&gt;\r\n	&lt;div class=&quot;text-content&quot;&gt;\r\n		&lt;h5&gt;Captain America: Civil War Christopher Markus and Stephen McFeely see the Hulk as the game over moment.&lt;/h5&gt;\r\n		&lt;p&gt;Nam liber tempor cum soluta nobis eleifend option congue nihil imperdiet doming id quod mazim placerat facer possim assum. Typi non habent claritatem insitam; est usus legentis in iis qui facit eorum claritatem. Investigationes demonstraverunt lectores legere me lius quod ii legunt saepius. Claritas est etiam processus dynamicus.  Phasellus eu rhoncus dolor, vitae scelerisque sapien&lt;/p&gt;\r\n	&lt;/div&gt;\r\n&lt;/div&gt; 									 									'),
(452, 2, 44, 'Static Bottom Footer ', NULL, '										  &lt;div class=&quot;static-bottom-footer&quot;&gt;\r\n	&lt;div class=&quot;payment-method&quot;&gt;&lt;img src=&quot;image/payment/payment.png&quot; alt=&quot;payment&quot;&gt;&lt;/div&gt;\r\n	&lt;div class=&quot;static-link&quot;&gt;\r\n		&lt;ul class=&quot;list-unstyled&quot;&gt;\r\n			&lt;li&gt;&lt;a href=&quot;#&quot;&gt;site map&lt;/a&gt;&lt;/li&gt;\r\n			&lt;li&gt;&lt;a href=&quot;#&quot;&gt;Search Terms&lt;/a&gt;&lt;/li&gt;\r\n			&lt;li&gt;&lt;a href=&quot;#&quot;&gt;Advanced Search&lt;/a&gt;&lt;/li&gt;\r\n			&lt;li&gt;&lt;a href=&quot;#&quot;&gt;Orders and Returns&lt;/a&gt;&lt;/li&gt;\r\n			&lt;li&gt;&lt;a href=&quot;#&quot;&gt;Contact Us&lt;/a&gt;&lt;/li&gt;\r\n		&lt;/ul&gt;\r\n	&lt;/div&gt;\r\n&lt;/div&gt; 									'),
(451, 1, 44, 'Static Bottom Footer ', NULL, '										  &lt;div class=&quot;static-bottom-footer&quot;&gt;\r\n	&lt;div class=&quot;payment-method&quot;&gt;&lt;img src=&quot;image/payment/payment.png&quot; alt=&quot;payment&quot;&gt;&lt;/div&gt;\r\n	&lt;div class=&quot;static-link&quot;&gt;\r\n		&lt;ul class=&quot;list-unstyled&quot;&gt;\r\n			&lt;li&gt;&lt;a href=&quot;#&quot;&gt;site map&lt;/a&gt;&lt;/li&gt;\r\n			&lt;li&gt;&lt;a href=&quot;#&quot;&gt;Search Terms&lt;/a&gt;&lt;/li&gt;\r\n			&lt;li&gt;&lt;a href=&quot;#&quot;&gt;Advanced Search&lt;/a&gt;&lt;/li&gt;\r\n			&lt;li&gt;&lt;a href=&quot;#&quot;&gt;Orders and Returns&lt;/a&gt;&lt;/li&gt;\r\n			&lt;li&gt;&lt;a href=&quot;#&quot;&gt;Contact Us&lt;/a&gt;&lt;/li&gt;\r\n		&lt;/ul&gt;\r\n	&lt;/div&gt;\r\n&lt;/div&gt; 									'),
(458, 2, 20, 'Banner 2   ', NULL, '										  										  										  &lt;div class=&quot;banner-2 deal-of-the-day&quot;&gt;\r\n   &lt;div class=&quot;text-content&quot;&gt;\r\n      &lt;div class=&quot;container&quot;&gt;\r\n         &lt;div class=&quot;row&quot;&gt;\r\n            &lt;div class=&quot;col-sm-12 col-lg-6 col1&quot;&gt;\r\n               &lt;h3&gt;Deal Of The Day&lt;/h3&gt;\r\n               &lt;div class=&quot;time-container&quot;&gt;&lt;div class=&quot;time-count&quot;&gt;2020-02-03&lt;/div&gt;&lt;/div&gt;\r\n               &lt;h4 class=&quot;description&quot;&gt;Caption America&lt;/h4&gt;\r\n               &lt;span class=&quot;price&quot;&gt;$24.00&lt;/span&gt;\r\n                &lt;a class=&quot;read-more btn&quot;&gt;Shop Collections&lt;i class=&quot;fa fa-chevron-right&quot; aria-hidden=&quot;true&quot;&gt;&lt;/i&gt;&lt;/a&gt;\r\n            &lt;/div&gt;\r\n         &lt;/div&gt;\r\n      &lt;/div&gt;\r\n   &lt;/div&gt;\r\n&lt;/div&gt; 									 									 									'),
(461, 1, 47, 'Banner 3 ', NULL, '										  										  										  &lt;div class=&quot;banner-3&quot;&gt;\r\n  &lt;div class=&quot;row&quot;&gt;\r\n     &lt;div class=&quot;col-md-4 col-sm-4&quot;&gt;\r\n         &lt;div class=&quot;col-img&quot;&gt;\r\n            &lt;img src=&quot;image/catalog/cmsblock/banner3-1.jpg&quot;&gt;\r\n         &lt;/div&gt;        \r\n     &lt;/div&gt;\r\n     &lt;div class=&quot;col-md-4 col-sm-4&quot;&gt;\r\n         &lt;div class=&quot;col-img&quot;&gt;\r\n            &lt;img src=&quot;image/catalog/cmsblock/banner3-2.jpg&quot;&gt;\r\n         &lt;/div&gt;      \r\n     &lt;/div&gt;\r\n     &lt;div class=&quot;col-md-4 col-sm-4&quot;&gt;\r\n         &lt;div class=&quot;col-img&quot;&gt;\r\n            &lt;img src=&quot;image/catalog/cmsblock/banner3-3.jpg&quot;&gt;\r\n         &lt;/div&gt;       \r\n     &lt;/div&gt;\r\n  &lt;/div&gt;\r\n&lt;/div&gt; 									 									 									 									 									 									 									'),
(462, 2, 47, 'Banner 3 ', NULL, '										  										  										  &lt;div class=&quot;banner-3&quot;&gt;\r\n  &lt;div class=&quot;row&quot;&gt;\r\n     &lt;div class=&quot;col-md-4 col-sm-4&quot;&gt;\r\n         &lt;div class=&quot;col-img&quot;&gt;\r\n            &lt;img src=&quot;image/catalog/cmsblock/banner3-1.jpg&quot;&gt;\r\n         &lt;/div&gt;        \r\n     &lt;/div&gt;\r\n     &lt;div class=&quot;col-md-4 col-sm-4&quot;&gt;\r\n         &lt;div class=&quot;col-img&quot;&gt;\r\n            &lt;img src=&quot;image/catalog/cmsblock/banner3-2.jpg&quot;&gt;\r\n         &lt;/div&gt;      \r\n     &lt;/div&gt;\r\n     &lt;div class=&quot;col-md-4 col-sm-4&quot;&gt;\r\n         &lt;div class=&quot;col-img&quot;&gt;\r\n            &lt;img src=&quot;image/catalog/cmsblock/banner3-3.jpg&quot;&gt;\r\n         &lt;/div&gt;       \r\n     &lt;/div&gt;\r\n  &lt;/div&gt;\r\n&lt;/div&gt; 									 									 									 									 									 									 									'),
(508, 2, 52, 'Static Popular Tags ', NULL, '										  &lt;div class=&quot;popular-tags&quot;&gt;\r\n&lt;div class=&quot;module-title&quot;&gt;\r\n	&lt;h2&gt;Popular Tags&lt;/h2&gt;\r\n&lt;/div&gt;\r\n&lt;ul class=&quot;list-unstyled&quot;&gt;\r\n	&lt;li&gt;&lt;a href=&quot;#&quot;&gt;Women&lt;/a&gt;&lt;/li&gt;\r\n	&lt;li&gt;&lt;a href=&quot;#&quot;&gt;Man&lt;/a&gt;&lt;/li&gt;\r\n	&lt;li&gt;&lt;a href=&quot;#&quot;&gt;Bags&lt;/a&gt;&lt;/li&gt;\r\n	&lt;li&gt;&lt;a href=&quot;#&quot;&gt;Suits&lt;/a&gt;&lt;/li&gt;\r\n	&lt;li&gt;&lt;a href=&quot;#&quot;&gt;Sweatshirts&lt;/a&gt;&lt;/li&gt;\r\n	&lt;li&gt;&lt;a href=&quot;#&quot;&gt;Shopping&lt;/a&gt;&lt;/li&gt;\r\n	&lt;li&gt;&lt;a href=&quot;#&quot;&gt;Hoodies&lt;/a&gt;&lt;/li&gt;\r\n&lt;/ul&gt;\r\n&lt;/div&gt; 									'),
(507, 1, 52, 'Static Popular Tags ', NULL, '										  &lt;div class=&quot;popular-tags&quot;&gt;\r\n&lt;div class=&quot;module-title&quot;&gt;\r\n	&lt;h2&gt;Popular Tags&lt;/h2&gt;\r\n&lt;/div&gt;\r\n&lt;ul class=&quot;list-unstyled&quot;&gt;\r\n	&lt;li&gt;&lt;a href=&quot;#&quot;&gt;Women&lt;/a&gt;&lt;/li&gt;\r\n	&lt;li&gt;&lt;a href=&quot;#&quot;&gt;Man&lt;/a&gt;&lt;/li&gt;\r\n	&lt;li&gt;&lt;a href=&quot;#&quot;&gt;Bags&lt;/a&gt;&lt;/li&gt;\r\n	&lt;li&gt;&lt;a href=&quot;#&quot;&gt;Suits&lt;/a&gt;&lt;/li&gt;\r\n	&lt;li&gt;&lt;a href=&quot;#&quot;&gt;Sweatshirts&lt;/a&gt;&lt;/li&gt;\r\n	&lt;li&gt;&lt;a href=&quot;#&quot;&gt;Shopping&lt;/a&gt;&lt;/li&gt;\r\n	&lt;li&gt;&lt;a href=&quot;#&quot;&gt;Hoodies&lt;/a&gt;&lt;/li&gt;\r\n&lt;/ul&gt;\r\n&lt;/div&gt; 									');
-- --------------------------------------------------------
--
-- Table structure for table `oc_cmsblock_to_store`
--
-- Creation: Feb 13, 2019 at 05:18 PM
-- Last update: Feb 13, 2019 at 05:18 PM
--
CREATE TABLE `oc_cmsblock_to_store` (
  `cmsblock_id` int(11) DEFAULT NULL,
  `store_id` tinyint(4) DEFAULT NULL
) ENGINE=MyISAM DEFAULT CHARSET=latin1;
--
-- RELATIONSHIPS FOR TABLE `oc_cmsblock_to_store`:
--
-- --------------------------------------------------------
--
-- Table structure for table `oc_country`
--
-- Creation: Feb 13, 2019 at 05:18 PM
-- Last update: Feb 13, 2019 at 05:18 PM
-- Last check: Mar 12, 2019 at 01:50 PM
--
CREATE TABLE `oc_country` (
  `country_id` int(11) NOT NULL,
  `name` varchar(128) NOT NULL,
  `iso_code_2` varchar(2) NOT NULL,
  `iso_code_3` varchar(3) NOT NULL,
  `address_format` text NOT NULL,
  `postcode_required` tinyint(1) NOT NULL,
  `status` tinyint(1) NOT NULL DEFAULT '1'
) ENGINE=MyISAM DEFAULT CHARSET=utf8;
--
-- RELATIONSHIPS FOR TABLE `oc_country`:
--
--
-- Dumping data for table `oc_country`
--
INSERT INTO `oc_country` (`country_id`, `name`, `iso_code_2`, `iso_code_3`, `address_format`, `postcode_required`, `status`) VALUES
(1, 'Afghanistan', 'AF', 'AFG', '', 0, 1),
(2, 'Albania', 'AL', 'ALB', '', 0, 1),
(3, 'Algeria', 'DZ', 'DZA', '', 0, 1),
(4, 'American Samoa', 'AS', 'ASM', '', 0, 1),
(5, 'Andorra', 'AD', 'AND', '', 0, 1),
(6, 'Angola', 'AO', 'AGO', '', 0, 1),
(7, 'Anguilla', 'AI', 'AIA', '', 0, 1),
(8, 'Antarctica', 'AQ', 'ATA', '', 0, 1),
(9, 'Antigua and Barbuda', 'AG', 'ATG', '', 0, 1),
(10, 'Argentina', 'AR', 'ARG', '', 0, 1),
(11, 'Armenia', 'AM', 'ARM', '', 0, 1),
(12, 'Aruba', 'AW', 'ABW', '', 0, 1),
(13, 'Australia', 'AU', 'AUS', '', 0, 1),
(14, 'Austria', 'AT', 'AUT', '', 0, 1),
(15, 'Azerbaijan', 'AZ', 'AZE', '', 0, 1),
(16, 'Bahamas', 'BS', 'BHS', '', 0, 1),
(17, 'Bahrain', 'BH', 'BHR', '', 0, 1),
(18, 'Bangladesh', 'BD', 'BGD', '', 0, 1),
(19, 'Barbados', 'BB', 'BRB', '', 0, 1),
(20, 'Belarus', 'BY', 'BLR', '', 0, 1),
(21, 'Belgium', 'BE', 'BEL', '{firstname} {lastname}\r\n{company}\r\n{address_1}\r\n{address_2}\r\n{postcode} {city}\r\n{country}', 0, 1),
(22, 'Belize', 'BZ', 'BLZ', '', 0, 1),
(23, 'Benin', 'BJ', 'BEN', '', 0, 1),
(24, 'Bermuda', 'BM', 'BMU', '', 0, 1),
(25, 'Bhutan', 'BT', 'BTN', '', 0, 1),
(26, 'Bolivia', 'BO', 'BOL', '', 0, 1),
(27, 'Bosnia and Herzegovina', 'BA', 'BIH', '', 0, 1),
(28, 'Botswana', 'BW', 'BWA', '', 0, 1),
(29, 'Bouvet Island', 'BV', 'BVT', '', 0, 1),
(30, 'Brazil', 'BR', 'BRA', '', 0, 1),
(31, 'British Indian Ocean Territory', 'IO', 'IOT', '', 0, 1),
(32, 'Brunei Darussalam', 'BN', 'BRN', '', 0, 1),
(33, 'Bulgaria', 'BG', 'BGR', '', 0, 1),
(34, 'Burkina Faso', 'BF', 'BFA', '', 0, 1),
(35, 'Burundi', 'BI', 'BDI', '', 0, 1),
(36, 'Cambodia', 'KH', 'KHM', '', 0, 1),
(37, 'Cameroon', 'CM', 'CMR', '', 0, 1),
(38, 'Canada', 'CA', 'CAN', '', 0, 1),
(39, 'Cape Verde', 'CV', 'CPV', '', 0, 1),
(40, 'Cayman Islands', 'KY', 'CYM', '', 0, 1),
(41, 'Central African Republic', 'CF', 'CAF', '', 0, 1),
(42, 'Chad', 'TD', 'TCD', '', 0, 1),
(43, 'Chile', 'CL', 'CHL', '', 0, 1),
(44, 'China', 'CN', 'CHN', '', 0, 1),
(45, 'Christmas Island', 'CX', 'CXR', '', 0, 1),
(46, 'Cocos (Keeling) Islands', 'CC', 'CCK', '', 0, 1),
(47, 'Colombia', 'CO', 'COL', '', 0, 1),
(48, 'Comoros', 'KM', 'COM', '', 0, 1),
(49, 'Congo', 'CG', 'COG', '', 0, 1),
(50, 'Cook Islands', 'CK', 'COK', '', 0, 1),
(51, 'Costa Rica', 'CR', 'CRI', '', 0, 1),
(52, 'Cote D\'Ivoire', 'CI', 'CIV', '', 0, 1),
(53, 'Croatia', 'HR', 'HRV', '', 0, 1),
(54, 'Cuba', 'CU', 'CUB', '', 0, 1),
(55, 'Cyprus', 'CY', 'CYP', '', 0, 1),
(56, 'Czech Republic', 'CZ', 'CZE', '', 0, 1),
(57, 'Denmark', 'DK', 'DNK', '', 0, 1),
(58, 'Djibouti', 'DJ', 'DJI', '', 0, 1),
(59, 'Dominica', 'DM', 'DMA', '', 0, 1),
(60, 'Dominican Republic', 'DO', 'DOM', '', 0, 1),
(61, 'East Timor', 'TL', 'TLS', '', 0, 1),
(62, 'Ecuador', 'EC', 'ECU', '', 0, 1),
(63, 'Egypt', 'EG', 'EGY', '', 0, 1),
(64, 'El Salvador', 'SV', 'SLV', '', 0, 1),
(65, 'Equatorial Guinea', 'GQ', 'GNQ', '', 0, 1),
(66, 'Eritrea', 'ER', 'ERI', '', 0, 1),
(67, 'Estonia', 'EE', 'EST', '', 0, 1),
(68, 'Ethiopia', 'ET', 'ETH', '', 0, 1),
(69, 'Falkland Islands (Malvinas)', 'FK', 'FLK', '', 0, 1),
(70, 'Faroe Islands', 'FO', 'FRO', '', 0, 1),
(71, 'Fiji', 'FJ', 'FJI', '', 0, 1),
(72, 'Finland', 'FI', 'FIN', '', 0, 1),
(74, 'France, Metropolitan', 'FR', 'FRA', '{firstname} {lastname}\r\n{company}\r\n{address_1}\r\n{address_2}\r\n{postcode} {city}\r\n{country}', 1, 1),
(75, 'French Guiana', 'GF', 'GUF', '', 0, 1),
(76, 'French Polynesia', 'PF', 'PYF', '', 0, 1),
(77, 'French Southern Territories', 'TF', 'ATF', '', 0, 1),
(78, 'Gabon', 'GA', 'GAB', '', 0, 1),
(79, 'Gambia', 'GM', 'GMB', '', 0, 1),
(80, 'Georgia', 'GE', 'GEO', '', 0, 1),
(81, 'Germany', 'DE', 'DEU', '{company}\r\n{firstname} {lastname}\r\n{address_1}\r\n{address_2}\r\n{postcode} {city}\r\n{country}', 1, 1),
(82, 'Ghana', 'GH', 'GHA', '', 0, 1),
(83, 'Gibraltar', 'GI', 'GIB', '', 0, 1),
(84, 'Greece', 'GR', 'GRC', '', 0, 1),
(85, 'Greenland', 'GL', 'GRL', '', 0, 1),
(86, 'Grenada', 'GD', 'GRD', '', 0, 1),
(87, 'Guadeloupe', 'GP', 'GLP', '', 0, 1),
(88, 'Guam', 'GU', 'GUM', '', 0, 1),
(89, 'Guatemala', 'GT', 'GTM', '', 0, 1),
(90, 'Guinea', 'GN', 'GIN', '', 0, 1),
(91, 'Guinea-Bissau', 'GW', 'GNB', '', 0, 1),
(92, 'Guyana', 'GY', 'GUY', '', 0, 1),
(93, 'Haiti', 'HT', 'HTI', '', 0, 1),
(94, 'Heard and Mc Donald Islands', 'HM', 'HMD', '', 0, 1),
(95, 'Honduras', 'HN', 'HND', '', 0, 1),
(96, 'Hong Kong', 'HK', 'HKG', '', 0, 1),
(97, 'Hungary', 'HU', 'HUN', '', 0, 1),
(98, 'Iceland', 'IS', 'ISL', '', 0, 1),
(99, 'India', 'IN', 'IND', '', 0, 1),
(100, 'Indonesia', 'ID', 'IDN', '', 0, 1),
(101, 'Iran (Islamic Republic of)', 'IR', 'IRN', '', 0, 1),
(102, 'Iraq', 'IQ', 'IRQ', '', 0, 1),
(103, 'Ireland', 'IE', 'IRL', '', 0, 1),
(104, 'Israel', 'IL', 'ISR', '', 0, 1),
(105, 'Italy', 'IT', 'ITA', '', 0, 1),
(106, 'Jamaica', 'JM', 'JAM', '', 0, 1),
(107, 'Japan', 'JP', 'JPN', '', 0, 1),
(108, 'Jordan', 'JO', 'JOR', '', 0, 1),
(109, 'Kazakhstan', 'KZ', 'KAZ', '', 0, 1),
(110, 'Kenya', 'KE', 'KEN', '', 0, 1),
(111, 'Kiribati', 'KI', 'KIR', '', 0, 1),
(112, 'North Korea', 'KP', 'PRK', '', 0, 1),
(113, 'South Korea', 'KR', 'KOR', '', 0, 1),
(114, 'Kuwait', 'KW', 'KWT', '', 0, 1),
(115, 'Kyrgyzstan', 'KG', 'KGZ', '', 0, 1),
(116, 'Lao People\'s Democratic Republic', 'LA', 'LAO', '', 0, 1),
(117, 'Latvia', 'LV', 'LVA', '', 0, 1),
(118, 'Lebanon', 'LB', 'LBN', '', 0, 1),
(119, 'Lesotho', 'LS', 'LSO', '', 0, 1),
(120, 'Liberia', 'LR', 'LBR', '', 0, 1),
(121, 'Libyan Arab Jamahiriya', 'LY', 'LBY', '', 0, 1),
(122, 'Liechtenstein', 'LI', 'LIE', '', 0, 1),
(123, 'Lithuania', 'LT', 'LTU', '', 0, 1),
(124, 'Luxembourg', 'LU', 'LUX', '', 0, 1),
(125, 'Macau', 'MO', 'MAC', '', 0, 1),
(126, 'FYROM', 'MK', 'MKD', '', 0, 1),
(127, 'Madagascar', 'MG', 'MDG', '', 0, 1),
(128, 'Malawi', 'MW', 'MWI', '', 0, 1),
(129, 'Malaysia', 'MY', 'MYS', '', 0, 1),
(130, 'Maldives', 'MV', 'MDV', '', 0, 1),
(131, 'Mali', 'ML', 'MLI', '', 0, 1),
(132, 'Malta', 'MT', 'MLT', '', 0, 1),
(133, 'Marshall Islands', 'MH', 'MHL', '', 0, 1),
(134, 'Martinique', 'MQ', 'MTQ', '', 0, 1),
(135, 'Mauritania', 'MR', 'MRT', '', 0, 1),
(136, 'Mauritius', 'MU', 'MUS', '', 0, 1),
(137, 'Mayotte', 'YT', 'MYT', '', 0, 1),
(138, 'Mexico', 'MX', 'MEX', '', 0, 1),
(139, 'Micronesia, Federated States of', 'FM', 'FSM', '', 0, 1),
(140, 'Moldova, Republic of', 'MD', 'MDA', '', 0, 1),
(141, 'Monaco', 'MC', 'MCO', '', 0, 1),
(142, 'Mongolia', 'MN', 'MNG', '', 0, 1),
(143, 'Montserrat', 'MS', 'MSR', '', 0, 1),
(144, 'Morocco', 'MA', 'MAR', '', 0, 1),
(145, 'Mozambique', 'MZ', 'MOZ', '', 0, 1),
(146, 'Myanmar', 'MM', 'MMR', '', 0, 1),
(147, 'Namibia', 'NA', 'NAM', '', 0, 1),
(148, 'Nauru', 'NR', 'NRU', '', 0, 1),
(149, 'Nepal', 'NP', 'NPL', '', 0, 1),
(150, 'Netherlands', 'NL', 'NLD', '', 0, 1),
(151, 'Netherlands Antilles', 'AN', 'ANT', '', 0, 1),
(152, 'New Caledonia', 'NC', 'NCL', '', 0, 1),
(153, 'New Zealand', 'NZ', 'NZL', '', 0, 1),
(154, 'Nicaragua', 'NI', 'NIC', '', 0, 1),
(155, 'Niger', 'NE', 'NER', '', 0, 1),
(156, 'Nigeria', 'NG', 'NGA', '', 0, 1),
(157, 'Niue', 'NU', 'NIU', '', 0, 1),
(158, 'Norfolk Island', 'NF', 'NFK', '', 0, 1),
(159, 'Northern Mariana Islands', 'MP', 'MNP', '', 0, 1),
(160, 'Norway', 'NO', 'NOR', '', 0, 1),
(161, 'Oman', 'OM', 'OMN', '', 0, 1),
(162, 'Pakistan', 'PK', 'PAK', '', 0, 1),
(163, 'Palau', 'PW', 'PLW', '', 0, 1),
(164, 'Panama', 'PA', 'PAN', '', 0, 1),
(165, 'Papua New Guinea', 'PG', 'PNG', '', 0, 1),
(166, 'Paraguay', 'PY', 'PRY', '', 0, 1),
(167, 'Peru', 'PE', 'PER', '', 0, 1),
(168, 'Philippines', 'PH', 'PHL', '', 0, 1),
(169, 'Pitcairn', 'PN', 'PCN', '', 0, 1),
(170, 'Poland', 'PL', 'POL', '', 0, 1),
(171, 'Portugal', 'PT', 'PRT', '', 0, 1),
(172, 'Puerto Rico', 'PR', 'PRI', '', 0, 1),
(173, 'Qatar', 'QA', 'QAT', '', 0, 1),
(174, 'Reunion', 'RE', 'REU', '', 0, 1),
(175, 'Romania', 'RO', 'ROM', '', 0, 1),
(176, 'Russian Federation', 'RU', 'RUS', '', 0, 1),
(177, 'Rwanda', 'RW', 'RWA', '', 0, 1),
(178, 'Saint Kitts and Nevis', 'KN', 'KNA', '', 0, 1),
(179, 'Saint Lucia', 'LC', 'LCA', '', 0, 1),
(180, 'Saint Vincent and the Grenadines', 'VC', 'VCT', '', 0, 1),
(181, 'Samoa', 'WS', 'WSM', '', 0, 1),
(182, 'San Marino', 'SM', 'SMR', '', 0, 1),
(183, 'Sao Tome and Principe', 'ST', 'STP', '', 0, 1),
(184, 'Saudi Arabia', 'SA', 'SAU', '', 0, 1),
(185, 'Senegal', 'SN', 'SEN', '', 0, 1),
(186, 'Seychelles', 'SC', 'SYC', '', 0, 1),
(187, 'Sierra Leone', 'SL', 'SLE', '', 0, 1),
(188, 'Singapore', 'SG', 'SGP', '', 0, 1),
(189, 'Slovak Republic', 'SK', 'SVK', '{firstname} {lastname}\r\n{company}\r\n{address_1}\r\n{address_2}\r\n{city} {postcode}\r\n{zone}\r\n{country}', 0, 1),
(190, 'Slovenia', 'SI', 'SVN', '', 0, 1),
(191, 'Solomon Islands', 'SB', 'SLB', '', 0, 1),
(192, 'Somalia', 'SO', 'SOM', '', 0, 1),
(193, 'South Africa', 'ZA', 'ZAF', '', 0, 1),
(194, 'South Georgia &amp; South Sandwich Islands', 'GS', 'SGS', '', 0, 1),
(195, 'Spain', 'ES', 'ESP', '', 0, 1),
(196, 'Sri Lanka', 'LK', 'LKA', '', 0, 1),
(197, 'St. Helena', 'SH', 'SHN', '', 0, 1),
(198, 'St. Pierre and Miquelon', 'PM', 'SPM', '', 0, 1),
(199, 'Sudan', 'SD', 'SDN', '', 0, 1),
(200, 'Suriname', 'SR', 'SUR', '', 0, 1),
(201, 'Svalbard and Jan Mayen Islands', 'SJ', 'SJM', '', 0, 1),
(202, 'Swaziland', 'SZ', 'SWZ', '', 0, 1),
(203, 'Sweden', 'SE', 'SWE', '{company}\r\n{firstname} {lastname}\r\n{address_1}\r\n{address_2}\r\n{postcode} {city}\r\n{country}', 1, 1),
(204, 'Switzerland', 'CH', 'CHE', '', 0, 1),
(205, 'Syrian Arab Republic', 'SY', 'SYR', '', 0, 1),
(206, 'Taiwan', 'TW', 'TWN', '', 0, 1),
(207, 'Tajikistan', 'TJ', 'TJK', '', 0, 1),
(208, 'Tanzania, United Republic of', 'TZ', 'TZA', '', 0, 1),
(209, 'Thailand', 'TH', 'THA', '', 0, 1),
(210, 'Togo', 'TG', 'TGO', '', 0, 1),
(211, 'Tokelau', 'TK', 'TKL', '', 0, 1),
(212, 'Tonga', 'TO', 'TON', '', 0, 1),
(213, 'Trinidad and Tobago', 'TT', 'TTO', '', 0, 1),
(214, 'Tunisia', 'TN', 'TUN', '', 0, 1),
(215, 'Turkey', 'TR', 'TUR', '', 0, 1),
(216, 'Turkmenistan', 'TM', 'TKM', '', 0, 1),
(217, 'Turks and Caicos Islands', 'TC', 'TCA', '', 0, 1),
(218, 'Tuvalu', 'TV', 'TUV', '', 0, 1),
(219, 'Uganda', 'UG', 'UGA', '', 0, 1),
(220, 'Ukraine', 'UA', 'UKR', '', 0, 1),
(221, 'United Arab Emirates', 'AE', 'ARE', '', 0, 1),
(222, 'United Kingdom', 'GB', 'GBR', '', 1, 1),
(223, 'United States', 'US', 'USA', '{firstname} {lastname}\r\n{company}\r\n{address_1}\r\n{address_2}\r\n{city}, {zone} {postcode}\r\n{country}', 0, 1),
(224, 'United States Minor Outlying Islands', 'UM', 'UMI', '', 0, 1),
(225, 'Uruguay', 'UY', 'URY', '', 0, 1),
(226, 'Uzbekistan', 'UZ', 'UZB', '', 0, 1),
(227, 'Vanuatu', 'VU', 'VUT', '', 0, 1),
(228, 'Vatican City State (Holy See)', 'VA', 'VAT', '', 0, 1),
(229, 'Venezuela', 'VE', 'VEN', '', 0, 1),
(230, 'Viet Nam', 'VN', 'VNM', '', 0, 1),
(231, 'Virgin Islands (British)', 'VG', 'VGB', '', 0, 1),
(232, 'Virgin Islands (U.S.)', 'VI', 'VIR', '', 0, 1),
(233, 'Wallis and Futuna Islands', 'WF', 'WLF', '', 0, 1),
(234, 'Western Sahara', 'EH', 'ESH', '', 0, 1),
(235, 'Yemen', 'YE', 'YEM', '', 0, 1),
(237, 'Democratic Republic of Congo', 'CD', 'COD', '', 0, 1),
(238, 'Zambia', 'ZM', 'ZMB', '', 0, 1),
(239, 'Zimbabwe', 'ZW', 'ZWE', '', 0, 1),
(242, 'Montenegro', 'ME', 'MNE', '', 0, 1),
(243, 'Serbia', 'RS', 'SRB', '', 0, 1),
(244, 'Aaland Islands', 'AX', 'ALA', '', 0, 1),
(245, 'Bonaire, Sint Eustatius and Saba', 'BQ', 'BES', '', 0, 1),
(246, 'Curacao', 'CW', 'CUW', '', 0, 1),
(247, 'Palestinian Territory, Occupied', 'PS', 'PSE', '', 0, 1),
(248, 'South Sudan', 'SS', 'SSD', '', 0, 1),
(249, 'St. Barthelemy', 'BL', 'BLM', '', 0, 1),
(250, 'St. Martin (French part)', 'MF', 'MAF', '', 0, 1),
(251, 'Canary Islands', 'IC', 'ICA', '', 0, 1),
(252, 'Ascension Island (British)', 'AC', 'ASC', '', 0, 1),
(253, 'Kosovo, Republic of', 'XK', 'UNK', '', 0, 1),
(254, 'Isle of Man', 'IM', 'IMN', '', 0, 1),
(255, 'Tristan da Cunha', 'TA', 'SHN', '', 0, 1),
(256, 'Guernsey', 'GG', 'GGY', '', 0, 1),
(257, 'Jersey', 'JE', 'JEY', '', 0, 1);
-- --------------------------------------------------------
--
-- Table structure for table `oc_coupon`
--
-- Creation: Feb 13, 2019 at 05:18 PM
-- Last update: Feb 13, 2019 at 05:18 PM
-- Last check: Mar 12, 2019 at 04:01 PM
--
CREATE TABLE `oc_coupon` (
  `coupon_id` int(11) NOT NULL,
  `name` varchar(128) NOT NULL,
  `code` varchar(20) NOT NULL,
  `type` char(1) NOT NULL,
  `discount` decimal(15,4) NOT NULL,
  `logged` tinyint(1) NOT NULL,
  `shipping` tinyint(1) NOT NULL,
  `total` decimal(15,4) NOT NULL,
  `date_start` date NOT NULL DEFAULT '0000-00-00',
  `date_end` date NOT NULL DEFAULT '0000-00-00',
  `uses_total` int(11) NOT NULL,
  `uses_customer` varchar(11) NOT NULL,
  `status` tinyint(1) NOT NULL,
  `date_added` datetime NOT NULL
) ENGINE=MyISAM DEFAULT CHARSET=utf8;
--
-- RELATIONSHIPS FOR TABLE `oc_coupon`:
--
--
-- Dumping data for table `oc_coupon`
--
INSERT INTO `oc_coupon` (`coupon_id`, `name`, `code`, `type`, `discount`, `logged`, `shipping`, `total`, `date_start`, `date_end`, `uses_total`, `uses_customer`, `status`, `date_added`) VALUES
(4, '-10% Discount', '2222', 'P', '10.0000', 0, 0, '0.0000', '2014-01-01', '2020-01-01', 10, '10', 0, '2009-01-27 13:55:03'),
(5, 'Free Shipping', '3333', 'P', '0.0000', 0, 1, '100.0000', '2014-01-01', '2014-02-01', 10, '10', 0, '2009-03-14 21:13:53'),
(6, '-10.00 Discount', '1111', 'F', '10.0000', 0, 0, '10.0000', '2014-01-01', '2020-01-01', 100000, '10000', 0, '2009-03-14 21:15:18');
-- --------------------------------------------------------
--
-- Table structure for table `oc_coupon_category`
--
-- Creation: Feb 13, 2019 at 05:18 PM
-- Last update: Feb 13, 2019 at 05:18 PM
--
CREATE TABLE `oc_coupon_category` (
  `coupon_id` int(11) NOT NULL,
  `category_id` int(11) NOT NULL
) ENGINE=MyISAM DEFAULT CHARSET=utf8;
--
-- RELATIONSHIPS FOR TABLE `oc_coupon_category`:
--
-- --------------------------------------------------------
--
-- Table structure for table `oc_coupon_history`
--
-- Creation: Feb 13, 2019 at 05:18 PM
-- Last update: Feb 13, 2019 at 05:18 PM
--
CREATE TABLE `oc_coupon_history` (
  `coupon_history_id` int(11) NOT NULL,
  `coupon_id` int(11) NOT NULL,
  `order_id` int(11) NOT NULL,
  `customer_id` int(11) NOT NULL,
  `amount` decimal(15,4) NOT NULL,
  `date_added` datetime NOT NULL
) ENGINE=MyISAM DEFAULT CHARSET=utf8;
--
-- RELATIONSHIPS FOR TABLE `oc_coupon_history`:
--
-- --------------------------------------------------------
--
-- Table structure for table `oc_coupon_product`
--
-- Creation: Feb 13, 2019 at 05:18 PM
-- Last update: Feb 13, 2019 at 05:18 PM
--
CREATE TABLE `oc_coupon_product` (
  `coupon_product_id` int(11) NOT NULL,
  `coupon_id` int(11) NOT NULL,
  `product_id` int(11) NOT NULL
) ENGINE=MyISAM DEFAULT CHARSET=utf8;
--
-- RELATIONSHIPS FOR TABLE `oc_coupon_product`:
--
-- --------------------------------------------------------
--
-- Table structure for table `oc_currency`
--
-- Creation: Feb 13, 2019 at 05:18 PM
-- Last update: May 20, 2019 at 09:12 AM
-- Last check: May 14, 2019 at 01:54 PM
--
CREATE TABLE `oc_currency` (
  `currency_id` int(11) NOT NULL,
  `title` varchar(32) NOT NULL,
  `code` varchar(3) NOT NULL,
  `symbol_left` varchar(12) NOT NULL,
  `symbol_right` varchar(12) NOT NULL,
  `decimal_place` char(1) NOT NULL,
  `value` double(15,8) NOT NULL,
  `status` tinyint(1) NOT NULL,
  `date_modified` datetime NOT NULL
) ENGINE=MyISAM DEFAULT CHARSET=utf8;
--
-- RELATIONSHIPS FOR TABLE `oc_currency`:
--
--
-- Dumping data for table `oc_currency`
--
INSERT INTO `oc_currency` (`currency_id`, `title`, `code`, `symbol_left`, `symbol_right`, `decimal_place`, `value`, `status`, `date_modified`) VALUES
(1, 'Pound Sterling', 'GBP', '£', '', '2', 0.75306876, 1, '2017-11-01 01:36:38'),
(2, 'US Dollar', 'USD', '$', '', '2', 1.00000000, 1, '2019-05-20 09:12:47'),
(3, 'Euro', 'EUR', '€', '', '2', 0.85947572, 1, '2017-12-29 08:39:55');
-- --------------------------------------------------------
--
-- Table structure for table `oc_customer`
--
-- Creation: Feb 13, 2019 at 05:18 PM
-- Last update: Feb 13, 2019 at 05:18 PM
-- Last check: Mar 12, 2019 at 01:50 PM
--
CREATE TABLE `oc_customer` (
  `customer_id` int(11) NOT NULL,
  `customer_group_id` int(11) NOT NULL,
  `store_id` int(11) NOT NULL DEFAULT '0',
  `language_id` int(11) NOT NULL,
  `firstname` varchar(32) NOT NULL,
  `lastname` varchar(32) NOT NULL,
  `email` varchar(96) NOT NULL,
  `telephone` varchar(32) NOT NULL,
  `fax` varchar(32) NOT NULL,
  `password` varchar(40) NOT NULL,
  `salt` varchar(9) NOT NULL,
  `cart` text,
  `wishlist` text,
  `newsletter` tinyint(1) NOT NULL DEFAULT '0',
  `address_id` int(11) NOT NULL DEFAULT '0',
  `custom_field` text NOT NULL,
  `ip` varchar(40) NOT NULL,
  `status` tinyint(1) NOT NULL,
  `safe` tinyint(1) NOT NULL,
  `token` text NOT NULL,
  `code` varchar(40) NOT NULL,
  `date_added` datetime NOT NULL
) ENGINE=MyISAM DEFAULT CHARSET=utf8;
--
-- RELATIONSHIPS FOR TABLE `oc_customer`:
--
--
-- Dumping data for table `oc_customer`
--
INSERT INTO `oc_customer` (`customer_id`, `customer_group_id`, `store_id`, `language_id`, `firstname`, `lastname`, `email`, `telephone`, `fax`, `password`, `salt`, `cart`, `wishlist`, `newsletter`, `address_id`, `custom_field`, `ip`, `status`, `safe`, `token`, `code`, `date_added`) VALUES
(1, 1, 1, 1, 'demo', 'demo', 'demo@demo.com', '111111', '', '86e42360000daa985bc02f7c3fe25d1e273964db', 'I7vGcJkMd', NULL, NULL, 0, 1, '', '::1', 1, 0, '', '', '2017-10-25 08:45:22'),
(2, 1, 1, 1, 'demo', 'demo2', 'demo@demo2.com', '111111', '', 'a0d515bff42a22f378783e469ffa668f77566362', 'C1tKJ8yCV', NULL, NULL, 0, 2, '', '127.0.0.1', 1, 0, '', '', '2017-11-29 14:06:41');
-- --------------------------------------------------------
--
-- Table structure for table `oc_customer_activity`
--
-- Creation: Feb 13, 2019 at 05:18 PM
-- Last update: Feb 13, 2019 at 05:18 PM
--
CREATE TABLE `oc_customer_activity` (
  `customer_activity_id` int(11) NOT NULL,
  `customer_id` int(11) NOT NULL,
  `key` varchar(64) NOT NULL,
  `data` text NOT NULL,
  `ip` varchar(40) NOT NULL,
  `date_added` datetime NOT NULL
) ENGINE=MyISAM DEFAULT CHARSET=utf8;
--
-- RELATIONSHIPS FOR TABLE `oc_customer_activity`:
--
-- --------------------------------------------------------
--
-- Table structure for table `oc_customer_affiliate`
--
-- Creation: Feb 13, 2019 at 05:18 PM
-- Last update: Feb 13, 2019 at 05:18 PM
--
CREATE TABLE `oc_customer_affiliate` (
  `customer_id` int(11) NOT NULL,
  `company` varchar(40) NOT NULL,
  `website` varchar(255) NOT NULL,
  `tracking` varchar(64) NOT NULL,
  `commission` decimal(4,2) NOT NULL DEFAULT '0.00',
  `tax` varchar(64) NOT NULL,
  `payment` varchar(6) NOT NULL,
  `cheque` varchar(100) NOT NULL,
  `paypal` varchar(64) NOT NULL,
  `bank_name` varchar(64) NOT NULL,
  `bank_branch_number` varchar(64) NOT NULL,
  `bank_swift_code` varchar(64) NOT NULL,
  `bank_account_name` varchar(64) NOT NULL,
  `bank_account_number` varchar(64) NOT NULL,
  `custom_field` text NOT NULL,
  `status` tinyint(1) NOT NULL,
  `date_added` datetime NOT NULL
) ENGINE=MyISAM DEFAULT CHARSET=utf8;
--
-- RELATIONSHIPS FOR TABLE `oc_customer_affiliate`:
--
-- --------------------------------------------------------
--
-- Table structure for table `oc_customer_approval`
--
-- Creation: Feb 13, 2019 at 05:18 PM
-- Last update: Feb 13, 2019 at 05:18 PM
--
CREATE TABLE `oc_customer_approval` (
  `customer_approval_id` int(11) NOT NULL,
  `customer_id` int(11) NOT NULL,
  `type` varchar(9) NOT NULL,
  `date_added` datetime NOT NULL
) ENGINE=MyISAM DEFAULT CHARSET=utf8;
--
-- RELATIONSHIPS FOR TABLE `oc_customer_approval`:
--
-- --------------------------------------------------------
--
-- Table structure for table `oc_customer_group`
--
-- Creation: Feb 13, 2019 at 05:18 PM
-- Last update: Feb 13, 2019 at 05:18 PM
-- Last check: Feb 13, 2019 at 11:57 PM
--
CREATE TABLE `oc_customer_group` (
  `customer_group_id` int(11) NOT NULL,
  `approval` int(1) NOT NULL,
  `sort_order` int(3) NOT NULL
) ENGINE=MyISAM DEFAULT CHARSET=utf8;
--
-- RELATIONSHIPS FOR TABLE `oc_customer_group`:
--
--
-- Dumping data for table `oc_customer_group`
--
INSERT INTO `oc_customer_group` (`customer_group_id`, `approval`, `sort_order`) VALUES
(1, 0, 1);
-- --------------------------------------------------------
--
-- Table structure for table `oc_customer_group_description`
--
-- Creation: Feb 13, 2019 at 05:18 PM
-- Last update: Feb 13, 2019 at 05:18 PM
-- Last check: Feb 13, 2019 at 11:57 PM
--
CREATE TABLE `oc_customer_group_description` (
  `customer_group_id` int(11) NOT NULL,
  `language_id` int(11) NOT NULL,
  `name` varchar(32) NOT NULL,
  `description` text NOT NULL
) ENGINE=MyISAM DEFAULT CHARSET=utf8;
--
-- RELATIONSHIPS FOR TABLE `oc_customer_group_description`:
--
--
-- Dumping data for table `oc_customer_group_description`
--
INSERT INTO `oc_customer_group_description` (`customer_group_id`, `language_id`, `name`, `description`) VALUES
(1, 1, 'Default', 'test');
-- --------------------------------------------------------
--
-- Table structure for table `oc_customer_history`
--
-- Creation: Feb 13, 2019 at 05:18 PM
-- Last update: Feb 13, 2019 at 05:18 PM
--
CREATE TABLE `oc_customer_history` (
  `customer_history_id` int(11) NOT NULL,
  `customer_id` int(11) NOT NULL,
  `comment` text NOT NULL,
  `date_added` datetime NOT NULL
) ENGINE=MyISAM DEFAULT CHARSET=utf8;
--
-- RELATIONSHIPS FOR TABLE `oc_customer_history`:
--
-- --------------------------------------------------------
--
-- Table structure for table `oc_customer_ip`
--
-- Creation: Feb 13, 2019 at 05:18 PM
-- Last update: Feb 13, 2019 at 05:18 PM
-- Last check: Mar 12, 2019 at 04:01 PM
--
CREATE TABLE `oc_customer_ip` (
  `customer_ip_id` int(11) NOT NULL,
  `customer_id` int(11) NOT NULL,
  `ip` varchar(40) NOT NULL,
  `date_added` datetime NOT NULL
) ENGINE=MyISAM DEFAULT CHARSET=utf8;
--
-- RELATIONSHIPS FOR TABLE `oc_customer_ip`:
--
--
-- Dumping data for table `oc_customer_ip`
--
INSERT INTO `oc_customer_ip` (`customer_ip_id`, `customer_id`, `ip`, `date_added`) VALUES
(1, 1, '127.0.0.1', '2017-10-25 08:45:23'),
(2, 1, '127.0.0.1', '2017-10-25 08:45:23'),
(3, 2, '127.0.0.1', '2017-11-29 14:06:44'),
(4, 2, '127.0.0.1', '2017-11-29 14:06:44'),
(5, 1, '::1', '2019-02-01 10:22:59');
-- --------------------------------------------------------
--
-- Table structure for table `oc_customer_login`
--
-- Creation: Feb 13, 2019 at 05:18 PM
-- Last update: Feb 13, 2019 at 05:18 PM
-- Last check: Mar 12, 2019 at 04:01 PM
--
CREATE TABLE `oc_customer_login` (
  `customer_login_id` int(11) NOT NULL,
  `email` varchar(96) NOT NULL,
  `ip` varchar(40) NOT NULL,
  `total` int(4) NOT NULL,
  `date_added` datetime NOT NULL,
  `date_modified` datetime NOT NULL
) ENGINE=MyISAM DEFAULT CHARSET=utf8;
--
-- RELATIONSHIPS FOR TABLE `oc_customer_login`:
--
--
-- Dumping data for table `oc_customer_login`
--
INSERT INTO `oc_customer_login` (`customer_login_id`, `email`, `ip`, `total`, `date_added`, `date_modified`) VALUES
(1, '', '127.0.0.1', 4, '2017-10-13 01:36:18', '2018-01-02 03:50:39'),
(2, 'demo', '127.0.0.1', 1, '2017-11-09 03:08:30', '2017-11-09 03:08:30'),
(3, '', '::1', 1, '2019-02-01 03:22:58', '2019-02-01 03:22:58');
-- --------------------------------------------------------
--
-- Table structure for table `oc_customer_online`
--
-- Creation: Feb 13, 2019 at 05:18 PM
-- Last update: Feb 13, 2019 at 05:18 PM
--
CREATE TABLE `oc_customer_online` (
  `ip` varchar(40) NOT NULL,
  `customer_id` int(11) NOT NULL,
  `url` text NOT NULL,
  `referer` text NOT NULL,
  `date_added` datetime NOT NULL
) ENGINE=MyISAM DEFAULT CHARSET=utf8;
--
-- RELATIONSHIPS FOR TABLE `oc_customer_online`:
--
-- --------------------------------------------------------
--
-- Table structure for table `oc_customer_reward`
--
-- Creation: Feb 13, 2019 at 05:18 PM
-- Last update: Feb 13, 2019 at 05:18 PM
--
CREATE TABLE `oc_customer_reward` (
  `customer_reward_id` int(11) NOT NULL,
  `customer_id` int(11) NOT NULL DEFAULT '0',
  `order_id` int(11) NOT NULL DEFAULT '0',
  `description` text NOT NULL,
  `points` int(8) NOT NULL DEFAULT '0',
  `date_added` datetime NOT NULL
) ENGINE=MyISAM DEFAULT CHARSET=utf8;
--
-- RELATIONSHIPS FOR TABLE `oc_customer_reward`:
--
-- --------------------------------------------------------
--
-- Table structure for table `oc_customer_search`
--
-- Creation: Feb 13, 2019 at 05:18 PM
-- Last update: Feb 13, 2019 at 05:18 PM
--
CREATE TABLE `oc_customer_search` (
  `customer_search_id` int(11) NOT NULL,
  `store_id` int(11) NOT NULL,
  `language_id` int(11) NOT NULL,
  `customer_id` int(11) NOT NULL,
  `keyword` varchar(255) NOT NULL,
  `category_id` int(11) DEFAULT NULL,
  `sub_category` tinyint(1) NOT NULL,
  `description` tinyint(1) NOT NULL,
  `products` int(11) NOT NULL,
  `ip` varchar(40) NOT NULL,
  `date_added` datetime NOT NULL
) ENGINE=MyISAM DEFAULT CHARSET=utf8;
--
-- RELATIONSHIPS FOR TABLE `oc_customer_search`:
--
-- --------------------------------------------------------
--
-- Table structure for table `oc_customer_transaction`
--
-- Creation: Feb 13, 2019 at 05:18 PM
-- Last update: Feb 13, 2019 at 05:18 PM
--
CREATE TABLE `oc_customer_transaction` (
  `customer_transaction_id` int(11) NOT NULL,
  `customer_id` int(11) NOT NULL,
  `order_id` int(11) NOT NULL,
  `description` text NOT NULL,
  `amount` decimal(15,4) NOT NULL,
  `date_added` datetime NOT NULL
) ENGINE=MyISAM DEFAULT CHARSET=utf8;
--
-- RELATIONSHIPS FOR TABLE `oc_customer_transaction`:
--
-- --------------------------------------------------------
--
-- Table structure for table `oc_customer_wishlist`
--
-- Creation: Feb 13, 2019 at 05:18 PM
-- Last update: Feb 13, 2019 at 05:18 PM
--
CREATE TABLE `oc_customer_wishlist` (
  `customer_id` int(11) NOT NULL,
  `product_id` int(11) NOT NULL,
  `date_added` datetime NOT NULL
) ENGINE=MyISAM DEFAULT CHARSET=utf8;
--
-- RELATIONSHIPS FOR TABLE `oc_customer_wishlist`:
--
-- --------------------------------------------------------
--
-- Table structure for table `oc_custom_field`
--
-- Creation: Feb 13, 2019 at 05:18 PM
-- Last update: Feb 13, 2019 at 05:18 PM
--
CREATE TABLE `oc_custom_field` (
  `custom_field_id` int(11) NOT NULL,
  `type` varchar(32) NOT NULL,
  `value` text NOT NULL,
  `validation` varchar(255) NOT NULL,
  `location` varchar(7) NOT NULL,
  `status` tinyint(1) NOT NULL,
  `sort_order` int(3) NOT NULL
) ENGINE=MyISAM DEFAULT CHARSET=utf8;
--
-- RELATIONSHIPS FOR TABLE `oc_custom_field`:
--
-- --------------------------------------------------------
--
-- Table structure for table `oc_custom_field_customer_group`
--
-- Creation: Feb 13, 2019 at 05:18 PM
-- Last update: Feb 13, 2019 at 05:18 PM
--
CREATE TABLE `oc_custom_field_customer_group` (
  `custom_field_id` int(11) NOT NULL,
  `customer_group_id` int(11) NOT NULL,
  `required` tinyint(1) NOT NULL
) ENGINE=MyISAM DEFAULT CHARSET=utf8;
--
-- RELATIONSHIPS FOR TABLE `oc_custom_field_customer_group`:
--
-- --------------------------------------------------------
--
-- Table structure for table `oc_custom_field_description`
--
-- Creation: Feb 13, 2019 at 05:18 PM
-- Last update: Feb 13, 2019 at 05:18 PM
--
CREATE TABLE `oc_custom_field_description` (
  `custom_field_id` int(11) NOT NULL,
  `language_id` int(11) NOT NULL,
  `name` varchar(128) NOT NULL
) ENGINE=MyISAM DEFAULT CHARSET=utf8;
--
-- RELATIONSHIPS FOR TABLE `oc_custom_field_description`:
--
-- --------------------------------------------------------
--
-- Table structure for table `oc_custom_field_value`
--
-- Creation: Feb 13, 2019 at 05:18 PM
-- Last update: Feb 13, 2019 at 05:18 PM
--
CREATE TABLE `oc_custom_field_value` (
  `custom_field_value_id` int(11) NOT NULL,
  `custom_field_id` int(11) NOT NULL,
  `sort_order` int(3) NOT NULL
) ENGINE=MyISAM DEFAULT CHARSET=utf8;
--
-- RELATIONSHIPS FOR TABLE `oc_custom_field_value`:
--
-- --------------------------------------------------------
--
-- Table structure for table `oc_custom_field_value_description`
--
-- Creation: Feb 13, 2019 at 05:18 PM
-- Last update: Feb 13, 2019 at 05:18 PM
--
CREATE TABLE `oc_custom_field_value_description` (
  `custom_field_value_id` int(11) NOT NULL,
  `language_id` int(11) NOT NULL,
  `custom_field_id` int(11) NOT NULL,
  `name` varchar(128) NOT NULL
) ENGINE=MyISAM DEFAULT CHARSET=utf8;
--
-- RELATIONSHIPS FOR TABLE `oc_custom_field_value_description`:
--
-- --------------------------------------------------------
--
-- Table structure for table `oc_download`
--
-- Creation: Feb 13, 2019 at 05:18 PM
-- Last update: Feb 13, 2019 at 05:18 PM
--
CREATE TABLE `oc_download` (
  `download_id` int(11) NOT NULL,
  `filename` varchar(140) NOT NULL,
  `mask` varchar(128) NOT NULL,
  `date_added` datetime NOT NULL
) ENGINE=MyISAM DEFAULT CHARSET=utf8;
--
-- RELATIONSHIPS FOR TABLE `oc_download`:
--
-- --------------------------------------------------------
--
-- Table structure for table `oc_download_description`
--
-- Creation: Feb 13, 2019 at 05:18 PM
-- Last update: Feb 13, 2019 at 05:18 PM
--
CREATE TABLE `oc_download_description` (
  `download_id` int(11) NOT NULL,
  `language_id` int(11) NOT NULL,
  `name` varchar(64) NOT NULL
) ENGINE=MyISAM DEFAULT CHARSET=utf8;
--
-- RELATIONSHIPS FOR TABLE `oc_download_description`:
--
-- --------------------------------------------------------
--
-- Table structure for table `oc_event`
--
-- Creation: Feb 13, 2019 at 05:18 PM
-- Last update: Feb 13, 2019 at 05:18 PM
-- Last check: Feb 13, 2019 at 11:57 PM
--
CREATE TABLE `oc_event` (
  `event_id` int(11) NOT NULL,
  `code` varchar(64) NOT NULL,
  `trigger` text NOT NULL,
  `action` text NOT NULL,
  `status` tinyint(1) NOT NULL,
  `sort_order` int(3) NOT NULL
) ENGINE=MyISAM DEFAULT CHARSET=utf8;
--
-- RELATIONSHIPS FOR TABLE `oc_event`:
--
--
-- Dumping data for table `oc_event`
--
INSERT INTO `oc_event` (`event_id`, `code`, `trigger`, `action`, `status`, `sort_order`) VALUES
(1, 'activity_customer_add', 'catalog/model/account/customer/addCustomer/after', 'event/activity/addCustomer', 1, 0),
(2, 'activity_customer_edit', 'catalog/model/account/customer/editCustomer/after', 'event/activity/editCustomer', 1, 0),
(3, 'activity_customer_password', 'catalog/model/account/customer/editPassword/after', 'event/activity/editPassword', 1, 0),
(4, 'activity_customer_forgotten', 'catalog/model/account/customer/editCode/after', 'event/activity/forgotten', 1, 0),
(5, 'activity_transaction', 'catalog/model/account/customer/addTransaction/after', 'event/activity/addTransaction', 1, 0),
(6, 'activity_customer_login', 'catalog/model/account/customer/deleteLoginAttempts/after', 'event/activity/login', 1, 0),
(7, 'activity_address_add', 'catalog/model/account/address/addAddress/after', 'event/activity/addAddress', 1, 0),
(8, 'activity_address_edit', 'catalog/model/account/address/editAddress/after', 'event/activity/editAddress', 1, 0),
(9, 'activity_address_delete', 'catalog/model/account/address/deleteAddress/after', 'event/activity/deleteAddress', 1, 0),
(10, 'activity_affiliate_add', 'catalog/model/account/customer/addAffiliate/after', 'event/activity/addAffiliate', 1, 0),
(11, 'activity_affiliate_edit', 'catalog/model/account/customer/editAffiliate/after', 'event/activity/editAffiliate', 1, 0),
(12, 'activity_order_add', 'catalog/model/checkout/order/addOrderHistory/before', 'event/activity/addOrderHistory', 1, 0),
(13, 'activity_return_add', 'catalog/model/account/return/addReturn/after', 'event/activity/addReturn', 1, 0),
(14, 'mail_transaction', 'catalog/model/account/customer/addTransaction/after', 'mail/transaction', 1, 0),
(15, 'mail_forgotten', 'catalog/model/account/customer/editCode/after', 'mail/forgotten', 1, 0),
(16, 'mail_customer_add', 'catalog/model/account/customer/addCustomer/after', 'mail/register', 1, 0),
(17, 'mail_customer_alert', 'catalog/model/account/customer/addCustomer/after', 'mail/register/alert', 1, 0),
(18, 'mail_affiliate_add', 'catalog/model/account/customer/addAffiliate/after', 'mail/affiliate', 1, 0),
(19, 'mail_affiliate_alert', 'catalog/model/account/customer/addAffiliate/after', 'mail/affiliate/alert', 1, 0),
(20, 'mail_voucher', 'catalog/model/checkout/order/addOrderHistory/after', 'extension/total/voucher/send', 1, 0),
(21, 'mail_order_add', 'catalog/model/checkout/order/addOrderHistory/before', 'mail/order', 1, 0),
(22, 'mail_order_alert', 'catalog/model/checkout/order/addOrderHistory/before', 'mail/order/alert', 1, 0),
(23, 'statistics_review_add', 'catalog/model/catalog/review/addReview/after', 'event/statistics/addReview', 1, 0),
(24, 'statistics_return_add', 'catalog/model/account/return/addReturn/after', 'event/statistics/addReturn', 1, 0),
(25, 'statistics_order_history', 'catalog/model/checkout/order/addOrderHistory/after', 'event/statistics/addOrderHistory', 1, 0),
(26, 'admin_mail_affiliate_approve', 'admin/model/customer/customer_approval/approveAffiliate/after', 'mail/affiliate/approve', 1, 0),
(27, 'admin_mail_affiliate_deny', 'admin/model/customer/customer_approval/denyAffiliate/after', 'mail/affiliate/deny', 1, 0),
(28, 'admin_mail_customer_approve', 'admin/model/customer/customer_approval/approveCustomer/after', 'mail/customer/approve', 1, 0),
(29, 'admin_mail_customer_deny', 'admin/model/customer/customer_approval/denyCustomer/after', 'mail/customer/deny', 1, 0),
(30, 'admin_mail_reward', 'admin/model/customer/customer/addReward/after', 'mail/reward', 1, 0),
(31, 'admin_mail_transaction', 'admin/model/customer/customer/addTransaction/after', 'mail/transaction', 1, 0),
(32, 'admin_mail_return', 'admin/model/sale/return/addReturn/after', 'mail/return', 1, 0),
(33, 'admin_mail_forgotten', 'admin/model/user/user/editCode/after', 'mail/forgotten', 1, 0);
-- --------------------------------------------------------
--
-- Table structure for table `oc_extension`
--
-- Creation: Feb 13, 2019 at 05:18 PM
-- Last update: Feb 13, 2019 at 05:18 PM
-- Last check: Feb 13, 2019 at 11:57 PM
--
CREATE TABLE `oc_extension` (
  `extension_id` int(11) NOT NULL,
  `type` varchar(32) NOT NULL,
  `code` varchar(32) NOT NULL
) ENGINE=MyISAM DEFAULT CHARSET=utf8;
--
-- RELATIONSHIPS FOR TABLE `oc_extension`:
--
--
-- Dumping data for table `oc_extension`
--
INSERT INTO `oc_extension` (`extension_id`, `type`, `code`) VALUES
(1, 'payment', 'cod'),
(2, 'total', 'shipping'),
(3, 'total', 'sub_total'),
(4, 'total', 'tax'),
(5, 'total', 'total'),
(6, 'module', 'banner'),
(53, 'module', 'octabproducts'),
(8, 'total', 'credit'),
(9, 'shipping', 'flat'),
(10, 'total', 'handling'),
(11, 'total', 'low_order_fee'),
(12, 'total', 'coupon'),
(15, 'total', 'reward'),
(16, 'total', 'voucher'),
(17, 'payment', 'free_checkout'),
(20, 'theme', 'default'),
(21, 'dashboard', 'activity'),
(22, 'dashboard', 'sale'),
(23, 'dashboard', 'recent'),
(24, 'dashboard', 'order'),
(25, 'dashboard', 'online'),
(26, 'dashboard', 'map'),
(27, 'dashboard', 'customer'),
(28, 'dashboard', 'chart'),
(29, 'report', 'sale_coupon'),
(31, 'report', 'customer_search'),
(32, 'report', 'customer_transaction'),
(33, 'report', 'product_purchased'),
(34, 'report', 'product_viewed'),
(35, 'report', 'sale_return'),
(36, 'report', 'sale_order'),
(37, 'report', 'sale_shipping'),
(38, 'report', 'sale_tax'),
(39, 'report', 'customer_activity'),
(40, 'report', 'customer_order'),
(41, 'report', 'customer_reward'),
(60, 'module', 'octhemeoption'),
(43, 'module', 'occmsblock'),
(44, 'module', 'ocblog'),
(45, 'module', 'oc_page_builder'),
(46, 'module', 'ocajaxlogin'),
(49, 'module', 'newslettersubscribe'),
(50, 'module', 'ocslideshow'),
(52, 'module', 'ocproduct'),
(55, 'module', 'category'),
(58, 'module', 'ocsearchcategory'),
(59, 'module', 'ocmegamenu'),
(61, 'module', 'octestimonial'),
(63, 'module', 'ocfeaturedcategory'),
(64, 'module', 'html');
-- --------------------------------------------------------
--
-- Table structure for table `oc_extension_install`
--
-- Creation: Feb 13, 2019 at 05:18 PM
-- Last update: Feb 13, 2019 at 05:18 PM
-- Last check: Mar 12, 2019 at 04:01 PM
--
CREATE TABLE `oc_extension_install` (
  `extension_install_id` int(11) NOT NULL,
  `extension_download_id` int(11) NOT NULL,
  `filename` varchar(255) NOT NULL,
  `date_added` datetime NOT NULL
) ENGINE=MyISAM DEFAULT CHARSET=utf8;
--
-- RELATIONSHIPS FOR TABLE `oc_extension_install`:
--
--
-- Dumping data for table `oc_extension_install`
--
INSERT INTO `oc_extension_install` (`extension_install_id`, `extension_download_id`, `filename`, `date_added`) VALUES
(1, 0, 'occustomizetemplate.ocmod.zip', '2017-10-12 09:00:43'),
(2, 0, 'oclayerednavigation.ocmod.zip', '2017-10-12 09:00:52'),
(3, 0, 'octhemeoption.ocmod.zip', '2017-10-12 09:01:01'),
(4, 0, 'occustomizetemplate.ocmod.zip', '2017-12-02 09:42:37'),
(5, 0, 'occustomizetemplate.ocmod.zip', '2017-12-04 11:28:03'),
(6, 0, 'occustomizetemplate.ocmod.zip', '2017-12-18 10:51:08'),
(7, 0, 'occustomizetemplate.ocmod.zip', '2017-12-25 09:52:26'),
(8, 0, 'occustomizetemplate.ocmod.zip', '2017-12-25 10:01:35'),
(9, 0, 'occustomizetemplate.ocmod.zip', '2017-12-26 14:46:13'),
(10, 0, 'occustomizetemplate.ocmod.zip', '2017-12-26 16:16:27'),
(11, 0, 'occustomizetemplate.ocmod.zip', '2018-01-03 14:31:00'),
(12, 0, 'octhemeoption.ocmod.zip', '2018-01-04 14:42:46'),
(13, 0, 'octhemeoption.ocmod.zip', '2018-01-18 10:06:39'),
(14, 0, 'ocsearchcategory.ocmod.zip', '2018-01-18 10:07:00'),
(15, 0, 'occustomizetemplate.ocmod.zip', '2018-01-19 09:16:55'),
(16, 0, 'occustomizetemplate.ocmod.zip', '2018-01-19 10:32:25'),
(17, 0, 'octhemeoption.ocmod.zip', '2018-01-29 16:37:26'),
(18, 0, 'occustomizetemplate.ocmod.zip', '2018-01-30 15:24:34'),
(19, 0, 'occustomizetemplate.ocmod.zip', '2018-01-30 15:26:35'),
(20, 0, 'occustomizetemplate.ocmod.zip', '2018-01-30 15:27:39'),
(21, 0, 'occustomizetemplate.ocmod.zip', '2018-01-31 14:34:04'),
(22, 0, 'occustomizetemplate.ocmod.zip', '2018-01-31 14:41:44'),
(23, 0, 'occustomizetemplate.ocmod.zip', '2018-02-28 15:01:47'),
(24, 0, 'occustomizetemplate.ocmod.zip', '2018-02-28 15:03:10'),
(25, 0, 'octhemeoption.ocmod.zip', '2018-03-15 21:11:45'),
(26, 0, 'occustomizetemplate.ocmod.zip', '2018-03-18 10:09:35'),
(27, 0, 'customize.ocmod.zip', '2018-03-28 20:11:17'),
(28, 0, 'occustomizetemplate.ocmod.zip', '2018-03-28 21:29:25'),
(29, 0, 'occustomizetemplate.ocmod.zip', '2018-03-28 21:35:11'),
(30, 0, 'occustomizetemplate.ocmod.zip', '2018-03-28 23:15:37'),
(31, 0, 'occustomizetemplate.ocmod.zip', '2018-03-28 23:32:50'),
(32, 0, 'occustomizetemplate.ocmod.zip', '2018-03-30 10:11:31'),
(33, 0, 'occustomizetemplate.ocmod.zip', '2018-04-26 21:21:43'),
(34, 0, 'occustomizetemplate.ocmod.zip', '2018-04-26 21:24:03'),
(35, 0, 'occustomizetemplate.ocmod.zip', '2018-10-12 00:10:55'),
(36, 0, 'occustomizetemplate.ocmod.zip', '2019-01-16 23:21:22');
-- --------------------------------------------------------
--
-- Table structure for table `oc_extension_path`
--
-- Creation: Feb 13, 2019 at 05:18 PM
-- Last update: Feb 13, 2019 at 05:18 PM
--
CREATE TABLE `oc_extension_path` (
  `extension_path_id` int(11) NOT NULL,
  `extension_install_id` int(11) NOT NULL,
  `path` varchar(255) NOT NULL,
  `date_added` datetime NOT NULL
) ENGINE=MyISAM DEFAULT CHARSET=utf8;
--
-- RELATIONSHIPS FOR TABLE `oc_extension_path`:
--
-- --------------------------------------------------------
--
-- Table structure for table `oc_filter`
--
-- Creation: Feb 13, 2019 at 05:18 PM
-- Last update: Feb 13, 2019 at 05:18 PM
-- Last check: Feb 13, 2019 at 11:57 PM
--
CREATE TABLE `oc_filter` (
  `filter_id` int(11) NOT NULL,
  `filter_group_id` int(11) NOT NULL,
  `sort_order` int(3) NOT NULL
) ENGINE=MyISAM DEFAULT CHARSET=utf8;
--
-- RELATIONSHIPS FOR TABLE `oc_filter`:
--
--
-- Dumping data for table `oc_filter`
--
INSERT INTO `oc_filter` (`filter_id`, `filter_group_id`, `sort_order`) VALUES
(1, 1, 0),
(2, 1, 0),
(3, 1, 0),
(4, 1, 0),
(5, 2, 0),
(6, 2, 0),
(7, 2, 0),
(8, 2, 0),
(9, 3, 0),
(10, 3, 0),
(11, 3, 0),
(12, 3, 0);
-- --------------------------------------------------------
--
-- Table structure for table `oc_filter_description`
--
-- Creation: Feb 13, 2019 at 05:18 PM
-- Last update: Feb 13, 2019 at 05:18 PM
-- Last check: Feb 13, 2019 at 11:57 PM
--
CREATE TABLE `oc_filter_description` (
  `filter_id` int(11) NOT NULL,
  `language_id` int(11) NOT NULL,
  `filter_group_id` int(11) NOT NULL,
  `name` varchar(64) NOT NULL
) ENGINE=MyISAM DEFAULT CHARSET=utf8;
--
-- RELATIONSHIPS FOR TABLE `oc_filter_description`:
--
--
-- Dumping data for table `oc_filter_description`
--
INSERT INTO `oc_filter_description` (`filter_id`, `language_id`, `filter_group_id`, `name`) VALUES
(1, 1, 1, 'Brand 1'),
(2, 1, 1, 'Brand 2'),
(3, 1, 1, 'Brand 3'),
(4, 1, 1, 'Brand 4'),
(5, 1, 2, 'Size 1'),
(6, 1, 2, 'Size 2'),
(7, 1, 2, 'Size 3'),
(8, 1, 2, 'Size 4'),
(9, 1, 3, 'Weight 1'),
(10, 1, 3, 'Weight 2'),
(11, 1, 3, 'Weight 3'),
(12, 1, 3, 'Weight 4'),
(1, 2, 1, 'Brand 1'),
(2, 2, 1, 'Brand 2'),
(3, 2, 1, 'Brand 3'),
(4, 2, 1, 'Brand 4'),
(5, 2, 2, 'Size 1'),
(6, 2, 2, 'Size 2'),
(7, 2, 2, 'Size 3'),
(8, 2, 2, 'Size 4'),
(9, 2, 3, 'Weight 1'),
(10, 2, 3, 'Weight 2'),
(11, 2, 3, 'Weight 3'),
(12, 2, 3, 'Weight 4');
-- --------------------------------------------------------
--
-- Table structure for table `oc_filter_group`
--
-- Creation: Feb 13, 2019 at 05:18 PM
-- Last update: Feb 13, 2019 at 05:18 PM
-- Last check: Feb 13, 2019 at 11:57 PM
--
CREATE TABLE `oc_filter_group` (
  `filter_group_id` int(11) NOT NULL,
  `sort_order` int(3) NOT NULL
) ENGINE=MyISAM DEFAULT CHARSET=utf8;
--
-- RELATIONSHIPS FOR TABLE `oc_filter_group`:
--
--
-- Dumping data for table `oc_filter_group`
--
INSERT INTO `oc_filter_group` (`filter_group_id`, `sort_order`) VALUES
(1, 0),
(2, 0),
(3, 0);
-- --------------------------------------------------------
--
-- Table structure for table `oc_filter_group_description`
--
-- Creation: Feb 13, 2019 at 05:18 PM
-- Last update: Feb 13, 2019 at 05:18 PM
-- Last check: Feb 13, 2019 at 11:57 PM
--
CREATE TABLE `oc_filter_group_description` (
  `filter_group_id` int(11) NOT NULL,
  `language_id` int(11) NOT NULL,
  `name` varchar(64) NOT NULL
) ENGINE=MyISAM DEFAULT CHARSET=utf8;
--
-- RELATIONSHIPS FOR TABLE `oc_filter_group_description`:
--
--
-- Dumping data for table `oc_filter_group_description`
--
INSERT INTO `oc_filter_group_description` (`filter_group_id`, `language_id`, `name`) VALUES
(1, 1, 'Brand'),
(2, 1, 'Size'),
(3, 1, 'Weight'),
(1, 2, 'Brand'),
(2, 2, 'Size'),
(3, 2, 'Weight');
-- --------------------------------------------------------
--
-- Table structure for table `oc_geo_zone`
--
-- Creation: Feb 13, 2019 at 05:18 PM
-- Last update: Feb 13, 2019 at 05:18 PM
-- Last check: Feb 13, 2019 at 11:57 PM
--
CREATE TABLE `oc_geo_zone` (
  `geo_zone_id` int(11) NOT NULL,
  `name` varchar(32) NOT NULL,
  `description` varchar(255) NOT NULL,
  `date_added` datetime NOT NULL,
  `date_modified` datetime NOT NULL
) ENGINE=MyISAM DEFAULT CHARSET=utf8;
--
-- RELATIONSHIPS FOR TABLE `oc_geo_zone`:
--
--
-- Dumping data for table `oc_geo_zone`
--
INSERT INTO `oc_geo_zone` (`geo_zone_id`, `name`, `description`, `date_added`, `date_modified`) VALUES
(3, 'UK VAT Zone', 'UK VAT', '2009-01-06 23:26:25', '2010-02-26 22:33:24'),
(4, 'UK Shipping', 'UK Shipping Zones', '2009-06-23 01:14:53', '2010-12-15 15:18:13');
-- --------------------------------------------------------
--
-- Table structure for table `oc_information`
--
-- Creation: Feb 13, 2019 at 05:18 PM
-- Last update: Feb 13, 2019 at 05:18 PM
-- Last check: Feb 13, 2019 at 11:57 PM
--
CREATE TABLE `oc_information` (
  `information_id` int(11) NOT NULL,
  `bottom` int(1) NOT NULL DEFAULT '0',
  `sort_order` int(3) NOT NULL DEFAULT '0',
  `status` tinyint(1) NOT NULL DEFAULT '1'
) ENGINE=MyISAM DEFAULT CHARSET=utf8;
--
-- RELATIONSHIPS FOR TABLE `oc_information`:
--
--
-- Dumping data for table `oc_information`
--
INSERT INTO `oc_information` (`information_id`, `bottom`, `sort_order`, `status`) VALUES
(3, 1, 3, 1),
(4, 1, 1, 1),
(5, 1, 4, 1),
(6, 1, 2, 1);
-- --------------------------------------------------------
--
-- Table structure for table `oc_information_description`
--
-- Creation: Feb 13, 2019 at 05:18 PM
-- Last update: Feb 13, 2019 at 05:18 PM
-- Last check: Feb 13, 2019 at 11:57 PM
--
CREATE TABLE `oc_information_description` (
  `information_id` int(11) NOT NULL,
  `language_id` int(11) NOT NULL,
  `title` varchar(64) NOT NULL,
  `description` mediumtext NOT NULL,
  `meta_title` varchar(255) NOT NULL,
  `meta_description` varchar(255) NOT NULL,
  `meta_keyword` varchar(255) NOT NULL
) ENGINE=MyISAM DEFAULT CHARSET=utf8;
--
-- RELATIONSHIPS FOR TABLE `oc_information_description`:
--
--
-- Dumping data for table `oc_information_description`
--
INSERT INTO `oc_information_description` (`information_id`, `language_id`, `title`, `description`, `meta_title`, `meta_description`, `meta_keyword`) VALUES
(4, 2, 'About Us', '&lt;p&gt;\r\n	About Us&lt;/p&gt;\r\n', 'About Us', '', ''),
(5, 2, 'Terms &amp; Conditions', '&lt;p&gt;\r\n	Terms &amp;amp; Conditions&lt;/p&gt;\r\n', 'Terms &amp; Conditions', '', ''),
(3, 2, 'Privacy Policy', '&lt;p&gt;\r\n	Privacy Policy&lt;/p&gt;\r\n', 'Privacy Policy', '', ''),
(6, 2, 'Delivery Information', '&lt;p&gt;\r\n	Delivery Information&lt;/p&gt;\r\n', 'Delivery Information', '', ''),
(4, 1, 'About Us', '&lt;p&gt;\r\n	About Us&lt;/p&gt;\r\n', 'About Us', '', ''),
(5, 1, 'Terms &amp; Conditions', '&lt;p&gt;\r\n	Terms &amp;amp; Conditions&lt;/p&gt;\r\n', 'Terms &amp; Conditions', '', ''),
(3, 1, 'Privacy Policy', '&lt;p&gt;\r\n	Privacy Policy&lt;/p&gt;\r\n', 'Privacy Policy', '', ''),
(6, 1, 'Delivery Information', '&lt;p&gt;\r\n	Delivery Information&lt;/p&gt;\r\n', 'Delivery Information', '', '');
-- --------------------------------------------------------
--
-- Table structure for table `oc_information_to_layout`
--
-- Creation: Feb 13, 2019 at 05:18 PM
-- Last update: Feb 13, 2019 at 05:18 PM
-- Last check: Mar 12, 2019 at 04:01 PM
--
CREATE TABLE `oc_information_to_layout` (
  `information_id` int(11) NOT NULL,
  `store_id` int(11) NOT NULL,
  `layout_id` int(11) NOT NULL
) ENGINE=MyISAM DEFAULT CHARSET=utf8;
--
-- RELATIONSHIPS FOR TABLE `oc_information_to_layout`:
--
--
-- Dumping data for table `oc_information_to_layout`
--
INSERT INTO `oc_information_to_layout` (`information_id`, `store_id`, `layout_id`) VALUES
(4, 2, 0),
(4, 1, 0),
(4, 4, 0),
(4, 0, 0),
(6, 2, 0),
(6, 1, 0),
(6, 4, 0),
(6, 0, 0),
(3, 2, 0),
(3, 1, 0),
(3, 4, 0),
(3, 0, 0),
(5, 2, 0),
(5, 1, 0),
(5, 4, 0),
(5, 0, 0),
(4, 3, 0),
(6, 3, 0),
(3, 3, 0),
(5, 3, 0);
-- --------------------------------------------------------
--
-- Table structure for table `oc_information_to_store`
--
-- Creation: Feb 13, 2019 at 05:18 PM
-- Last update: Feb 13, 2019 at 05:18 PM
-- Last check: Feb 13, 2019 at 11:57 PM
--
CREATE TABLE `oc_information_to_store` (
  `information_id` int(11) NOT NULL,
  `store_id` int(11) NOT NULL
) ENGINE=MyISAM DEFAULT CHARSET=utf8;
--
-- RELATIONSHIPS FOR TABLE `oc_information_to_store`:
--
--
-- Dumping data for table `oc_information_to_store`
--
INSERT INTO `oc_information_to_store` (`information_id`, `store_id`) VALUES
(3, 0),
(3, 1),
(3, 2),
(3, 3),
(3, 4),
(4, 0),
(4, 1),
(4, 2),
(4, 3),
(4, 4),
(5, 0),
(5, 1),
(5, 2),
(5, 3),
(5, 4),
(6, 0),
(6, 1),
(6, 2),
(6, 3),
(6, 4);
-- --------------------------------------------------------
--
-- Table structure for table `oc_language`
--
-- Creation: Feb 13, 2019 at 05:18 PM
-- Last update: Feb 13, 2019 at 05:18 PM
-- Last check: Feb 13, 2019 at 11:57 PM
--
CREATE TABLE `oc_language` (
  `language_id` int(11) NOT NULL,
  `name` varchar(32) NOT NULL,
  `code` varchar(5) NOT NULL,
  `locale` varchar(255) NOT NULL,
  `image` varchar(64) NOT NULL,
  `directory` varchar(32) NOT NULL,
  `sort_order` int(3) NOT NULL DEFAULT '0',
  `status` tinyint(1) NOT NULL
) ENGINE=MyISAM DEFAULT CHARSET=utf8;
--
-- RELATIONSHIPS FOR TABLE `oc_language`:
--
--
-- Dumping data for table `oc_language`
--
INSERT INTO `oc_language` (`language_id`, `name`, `code`, `locale`, `image`, `directory`, `sort_order`, `status`) VALUES
(1, 'English', 'en-gb', 'en-US,en_US.UTF-8,en_US,en-gb,english', 'gb.png', 'english', 1, 1),
(2, 'French', 'fr', 'fr', '', '', 1, 1);
-- --------------------------------------------------------
--
-- Table structure for table `oc_layout`
--
-- Creation: Feb 13, 2019 at 05:18 PM
-- Last update: Feb 13, 2019 at 05:18 PM
-- Last check: Mar 12, 2019 at 02:40 PM
--
CREATE TABLE `oc_layout` (
  `layout_id` int(11) NOT NULL,
  `name` varchar(64) NOT NULL
) ENGINE=MyISAM DEFAULT CHARSET=utf8;
--
-- RELATIONSHIPS FOR TABLE `oc_layout`:
--
--
-- Dumping data for table `oc_layout`
--
INSERT INTO `oc_layout` (`layout_id`, `name`) VALUES
(1, 'Layout Plantmore 01: Home'),
(2, 'Layout Plantmore 01: Product'),
(3, 'Layout Plantmore 01: Category'),
(4, 'Layout Plantmore 01: Default'),
(5, 'Layout Plantmore 03: Home'),
(6, 'Layout Plantmore 02: Category'),
(7, 'Layout Plantmore 02: Home'),
(8, 'Layout Plantmore 03: Category'),
(9, 'Layout Plantmore 04: Category'),
(10, 'Layout Plantmore 02: Default'),
(11, 'Layout Plantmore 03: Default'),
(12, 'Layout Plantmore 02: Product'),
(13, 'Layout Plantmore 03: Product'),
(14, 'Layout Plantmore 04: Default'),
(15, 'Layout Plantmore 04: Home'),
(16, 'Layout Plantmore 04: Product'),
(17, 'Layout Plantmore 05: Home'),
(18, 'Layout Plantmore 05: Category'),
(19, 'Layout Plantmore 05: Default'),
(20, 'Layout Plantmore 05: Product');
-- --------------------------------------------------------
--
-- Table structure for table `oc_layout_module`
--
-- Creation: Feb 13, 2019 at 05:18 PM
-- Last update: Apr 16, 2019 at 03:16 AM
-- Last check: Apr 25, 2019 at 01:05 AM
--
CREATE TABLE `oc_layout_module` (
  `layout_module_id` int(11) NOT NULL,
  `layout_id` int(11) NOT NULL,
  `code` varchar(64) NOT NULL,
  `position` varchar(14) NOT NULL,
  `sort_order` int(3) NOT NULL
) ENGINE=MyISAM DEFAULT CHARSET=utf8;
--
-- RELATIONSHIPS FOR TABLE `oc_layout_module`:
--
--
-- Dumping data for table `oc_layout_module`
--
INSERT INTO `oc_layout_module` (`layout_module_id`, `layout_id`, `code`, `position`, `sort_order`) VALUES
(1255, 7, 'occmsblock.121', 'block4', 0),
(1234, 2, 'occmsblock.121', 'block4', 0),
(1233, 2, 'occmsblock.42', 'block3', 0),
(1231, 2, 'banner.31', 'block2', 0),
(1232, 2, 'newslettersubscribe.49', 'block2', 1),
(1515, 18, 'occmsblock.121', 'block4', 0),
(1352, 3, 'newslettersubscribe.49', 'block2', 1),
(1514, 18, 'occmsblock.42', 'block3', 0),
(1511, 18, 'oc_page_builder.144', 'block1', 0),
(1505, 16, 'ocproduct.100', 'column_right', 0),
(1254, 7, 'occmsblock.42', 'block3', 0),
(1513, 18, 'newslettersubscribe.49', 'block2', 1),
(1230, 2, 'ocajaxlogin', 'content_top', 0),
(1512, 18, 'banner.31', 'block2', 0),
(1281, 4, 'newslettersubscribe.49', 'block2', 1),
(1421, 10, 'newslettersubscribe.49', 'block2', 1),
(1353, 3, 'occmsblock.42', 'block3', 0),
(1253, 7, 'newslettersubscribe.49', 'block2', 1),
(1351, 3, 'banner.31', 'block2', 0),
(1483, 9, 'ocajaxlogin', 'content_top', 0),
(1280, 4, 'banner.31', 'block2', 0),
(1350, 3, 'oc_page_builder.98', 'block1', 0),
(1229, 2, 'oc_page_builder.98', 'block1', 0),
(1279, 4, 'ocajaxlogin', 'content_top', 1),
(1252, 7, 'oc_page_builder.65', 'content_top', 0),
(1394, 6, 'banner.31', 'block2', 0),
(1420, 10, 'banner.31', 'block2', 0),
(1458, 12, 'occmsblock.42', 'block3', 0),
(1498, 15, 'occmsblock.121', 'block4', 0),
(1260, 5, 'occmsblock.121', 'block4', 0),
(1278, 4, 'oc_page_builder.98', 'block1', 0),
(1485, 9, 'newslettersubscribe.49', 'block2', 1),
(1492, 14, 'occmsblock.42', 'block3', 1),
(1497, 15, 'occmsblock.42', 'block3', 0),
(1220, 1, 'occmsblock.42', 'block3', 0),
(1283, 4, 'occmsblock.121', 'block4', 0),
(1395, 6, 'newslettersubscribe.49', 'block2', 1),
(1419, 10, 'ocajaxlogin', 'content_top', 0),
(1418, 10, 'oc_page_builder.98', 'block1', 0),
(1282, 4, 'occmsblock.42', 'block3', 0),
(1457, 12, 'newslettersubscribe.49', 'block2', 1),
(1456, 12, 'banner.31', 'block2', 0),
(1455, 12, 'ocajaxlogin', 'content_top', 0),
(1259, 5, 'occmsblock.42', 'block3', 0),
(1258, 5, 'newslettersubscribe.49', 'block2', 0),
(1257, 5, 'oc_page_builder.67', 'content_top', 0),
(1256, 5, 'oc_page_builder.98', 'block1', 0),
(1403, 8, 'ocajaxlogin', 'content_top', 0),
(1402, 8, 'oc_page_builder.98', 'block1', 0),
(1427, 11, 'newslettersubscribe.49', 'block2', 1),
(1426, 11, 'banner.31', 'block2', 0),
(1425, 11, 'ocajaxlogin', 'content_top', 0),
(1424, 11, 'oc_page_builder.98', 'block1', 0),
(1466, 13, 'occmsblock.42', 'block3', 0),
(1465, 13, 'newslettersubscribe.49', 'block2', 1),
(1464, 13, 'banner.31', 'block2', 0),
(1463, 13, 'ocajaxlogin', 'content_top', 0),
(1496, 15, 'newslettersubscribe.49', 'block2', 0),
(1484, 9, 'banner.31', 'block2', 0),
(1482, 9, 'oc_page_builder.144', 'block1', 0),
(1491, 14, 'newslettersubscribe.49', 'block2', 1),
(1490, 14, 'banner.31', 'block2', 0),
(1504, 16, 'occmsblock.121', 'block4', 0),
(1251, 7, 'oc_page_builder.98', 'block1', 0),
(1349, 3, 'occmsblock.142', 'column_left', 3),
(1510, 18, 'occmsblock.142', 'column_left', 3),
(1393, 6, 'ocajaxlogin', 'content_top', 0),
(1236, 2, 'occmsblock.99', 'column_right', 1),
(1235, 2, 'ocproduct.100', 'column_right', 0),
(1480, 9, 'ocproduct.100', 'column_left', 2),
(1489, 14, 'ocajaxlogin', 'content_top', 0),
(1348, 3, 'ocproduct.100', 'column_left', 2),
(1495, 15, 'oc_page_builder.68', 'content_top', 0),
(1503, 16, 'occmsblock.42', 'block3', 1),
(1221, 1, 'occmsblock.121', 'block4', 0),
(1392, 6, 'oc_page_builder.98', 'block1', 0),
(1401, 8, 'occmsblock.142', 'column_left', 3),
(1494, 15, 'oc_page_builder.144', 'block1', 0),
(1219, 1, 'newslettersubscribe.49', 'block2', 0),
(1218, 1, 'oc_page_builder.64', 'content_top', 0),
(1217, 1, 'oc_page_builder.98', 'block1', 0),
(1519, 19, 'newslettersubscribe.49', 'block2', 1),
(1518, 19, 'banner.31', 'block2', 0),
(1517, 19, 'ocajaxlogin', 'content_top', 0),
(1516, 19, 'oc_page_builder.144', 'block1', 0),
(1525, 17, 'occmsblock.42', 'block3', 0),
(1524, 17, 'newslettersubscribe.49', 'block2', 1),
(1523, 17, 'oc_page_builder.138', 'content_top', 0),
(1532, 20, 'occmsblock.121', 'block4', 0),
(1531, 20, 'occmsblock.42', 'block3', 0),
(1530, 20, 'newslettersubscribe.49', 'block2', 1),
(1529, 20, 'banner.31', 'block2', 0),
(1528, 20, 'ocajaxlogin', 'content_top', 0),
(1527, 20, 'oc_page_builder.144', 'block1', 0),
(1522, 17, 'oc_page_builder.144', 'block1', 0),
(1347, 3, 'occmsblock.99', 'column_left', 1),
(1346, 3, 'category', 'column_left', 0),
(1391, 6, 'occmsblock.142', 'column_left', 3),
(1390, 6, 'ocproduct.100', 'column_left', 2),
(1400, 8, 'ocproduct.100', 'column_left', 2),
(1399, 8, 'occmsblock.99', 'column_left', 1),
(1481, 9, 'occmsblock.142', 'column_left', 3),
(1509, 18, 'ocproduct.100', 'column_left', 2),
(1508, 18, 'occmsblock.99', 'column_left', 1),
(1354, 3, 'occmsblock.121', 'block4', 0),
(1389, 6, 'occmsblock.99', 'column_left', 1),
(1388, 6, 'category', 'column_left', 0),
(1398, 8, 'category', 'column_left', 0),
(1479, 9, 'occmsblock.99', 'column_left', 1),
(1507, 18, 'category', 'column_left', 0),
(1396, 6, 'occmsblock.42', 'block3', 0),
(1397, 6, 'occmsblock.121', 'block4', 0),
(1404, 8, 'banner.31', 'block2', 0),
(1405, 8, 'newslettersubscribe.49', 'block2', 1),
(1406, 8, 'occmsblock.42', 'block3', 0),
(1407, 8, 'occmsblock.121', 'block4', 0),
(1478, 9, 'category', 'column_left', 0),
(1422, 10, 'occmsblock.42', 'block3', 0),
(1423, 10, 'occmsblock.121', 'block4', 0),
(1428, 11, 'occmsblock.42', 'block3', 1),
(1429, 11, 'occmsblock.121', 'block4', 0),
(1488, 14, 'oc_page_builder.144', 'block1', 0),
(1454, 12, 'oc_page_builder.98', 'block1', 0),
(1462, 13, 'oc_page_builder.98', 'block1', 0),
(1502, 16, 'newslettersubscribe.49', 'block2', 1),
(1459, 12, 'occmsblock.121', 'block4', 0),
(1460, 12, 'ocproduct.100', 'column_right', 0),
(1461, 12, 'occmsblock.99', 'column_right', 1),
(1467, 13, 'occmsblock.121', 'block4', 0),
(1468, 13, 'ocproduct.100', 'column_right', 0),
(1469, 13, 'occmsblock.99', 'column_right', 1),
(1506, 16, 'occmsblock.99', 'column_right', 1),
(1501, 16, 'banner.31', 'block2', 0),
(1500, 16, 'ocajaxlogin', 'content_top', 0),
(1499, 16, 'oc_page_builder.144', 'block1', 0),
(1486, 9, 'occmsblock.42', 'block3', 0),
(1487, 9, 'occmsblock.121', 'block4', 0),
(1493, 14, 'occmsblock.121', 'block4', 0),
(1520, 19, 'occmsblock.42', 'block3', 0),
(1521, 19, 'occmsblock.121', 'block4', 0),
(1526, 17, 'occmsblock.121', 'block4', 0),
(1533, 20, 'ocproduct.100', 'column_right', 0),
(1534, 20, 'occmsblock.99', 'column_right', 1);
-- --------------------------------------------------------
--
-- Table structure for table `oc_layout_route`
--
-- Creation: Feb 13, 2019 at 05:18 PM
-- Last update: Apr 16, 2019 at 03:16 AM
-- Last check: Apr 25, 2019 at 01:05 AM
--
CREATE TABLE `oc_layout_route` (
  `layout_route_id` int(11) NOT NULL,
  `layout_id` int(11) NOT NULL,
  `store_id` int(11) NOT NULL,
  `route` varchar(64) NOT NULL
) ENGINE=MyISAM DEFAULT CHARSET=utf8;
--
-- RELATIONSHIPS FOR TABLE `oc_layout_route`:
--
--
-- Dumping data for table `oc_layout_route`
--
INSERT INTO `oc_layout_route` (`layout_route_id`, `layout_id`, `store_id`, `route`) VALUES
(346, 16, 3, 'product/product%'),
(345, 15, 3, 'common/home'),
(341, 13, 2, 'product/product%'),
(331, 6, 1, 'product/category%'),
(343, 9, 3, 'product/category%'),
(344, 14, 3, ''),
(332, 8, 2, 'product/category%'),
(340, 12, 1, 'product/product%'),
(334, 10, 1, ''),
(347, 18, 4, 'product/category%'),
(349, 17, 4, 'common/home'),
(335, 11, 2, ''),
(305, 7, 1, 'common/home'),
(306, 5, 2, 'common/home'),
(326, 3, 0, 'product/category%'),
(300, 1, 0, 'common/home'),
(302, 2, 0, 'product/product'),
(316, 4, 0, ''),
(348, 19, 4, ''),
(350, 20, 4, 'product/product');
-- --------------------------------------------------------
--
-- Table structure for table `oc_length_class`
--
-- Creation: Feb 13, 2019 at 05:18 PM
-- Last update: Feb 13, 2019 at 05:18 PM
-- Last check: Feb 13, 2019 at 11:57 PM
--
CREATE TABLE `oc_length_class` (
  `length_class_id` int(11) NOT NULL,
  `value` decimal(15,8) NOT NULL
) ENGINE=MyISAM DEFAULT CHARSET=utf8;
--
-- RELATIONSHIPS FOR TABLE `oc_length_class`:
--
--
-- Dumping data for table `oc_length_class`
--
INSERT INTO `oc_length_class` (`length_class_id`, `value`) VALUES
(1, '1.00000000'),
(2, '10.00000000'),
(3, '0.39370000');
-- --------------------------------------------------------
--
-- Table structure for table `oc_length_class_description`
--
-- Creation: Feb 13, 2019 at 05:18 PM
-- Last update: Feb 13, 2019 at 05:18 PM
-- Last check: Feb 13, 2019 at 11:57 PM
--
CREATE TABLE `oc_length_class_description` (
  `length_class_id` int(11) NOT NULL,
  `language_id` int(11) NOT NULL,
  `title` varchar(32) NOT NULL,
  `unit` varchar(4) NOT NULL
) ENGINE=MyISAM DEFAULT CHARSET=utf8;
--
-- RELATIONSHIPS FOR TABLE `oc_length_class_description`:
--
--
-- Dumping data for table `oc_length_class_description`
--
INSERT INTO `oc_length_class_description` (`length_class_id`, `language_id`, `title`, `unit`) VALUES
(1, 1, 'Centimeter', 'cm'),
(2, 1, 'Millimeter', 'mm'),
(3, 1, 'Inch', 'in');
-- --------------------------------------------------------
--
-- Table structure for table `oc_location`
--
-- Creation: Feb 13, 2019 at 05:18 PM
-- Last update: Feb 13, 2019 at 05:18 PM
--
CREATE TABLE `oc_location` (
  `location_id` int(11) NOT NULL,
  `name` varchar(32) NOT NULL,
  `address` text NOT NULL,
  `telephone` varchar(32) NOT NULL,
  `fax` varchar(32) NOT NULL,
  `geocode` varchar(32) NOT NULL,
  `image` varchar(255) DEFAULT NULL,
  `open` text NOT NULL,
  `comment` text NOT NULL
) ENGINE=MyISAM DEFAULT CHARSET=utf8;
--
-- RELATIONSHIPS FOR TABLE `oc_location`:
--
-- --------------------------------------------------------
--
-- Table structure for table `oc_manufacturer`
--
-- Creation: Feb 13, 2019 at 05:18 PM
-- Last update: Feb 13, 2019 at 05:18 PM
-- Last check: Feb 13, 2019 at 11:57 PM
--
CREATE TABLE `oc_manufacturer` (
  `manufacturer_id` int(11) NOT NULL,
  `name` varchar(64) NOT NULL,
  `image` varchar(255) DEFAULT NULL,
  `sort_order` int(3) NOT NULL
) ENGINE=MyISAM DEFAULT CHARSET=utf8;
--
-- RELATIONSHIPS FOR TABLE `oc_manufacturer`:
--
--
-- Dumping data for table `oc_manufacturer`
--
INSERT INTO `oc_manufacturer` (`manufacturer_id`, `name`, `image`, `sort_order`) VALUES
(5, 'Denon', 'catalog/demo/htc_logo.jpg', 0),
(6, 'Everki', 'catalog/demo/palm_logo.jpg', 0),
(7, 'Cabeau', 'catalog/demo/hp_logo.jpg', 0),
(8, 'Buxton', 'catalog/demo/apple_logo.jpg', 0),
(9, 'Boconi', 'catalog/demo/canon_logo.jpg', 0),
(10, 'Gottex', 'catalog/demo/sony_logo.jpg', 0);
-- --------------------------------------------------------
--
-- Table structure for table `oc_manufacturer_to_store`
--
-- Creation: Feb 13, 2019 at 05:18 PM
-- Last update: Feb 13, 2019 at 05:18 PM
-- Last check: Mar 12, 2019 at 04:01 PM
--
CREATE TABLE `oc_manufacturer_to_store` (
  `manufacturer_id` int(11) NOT NULL,
  `store_id` int(11) NOT NULL
) ENGINE=MyISAM DEFAULT CHARSET=utf8;
--
-- RELATIONSHIPS FOR TABLE `oc_manufacturer_to_store`:
--
--
-- Dumping data for table `oc_manufacturer_to_store`
--
INSERT INTO `oc_manufacturer_to_store` (`manufacturer_id`, `store_id`) VALUES
(5, 0),
(5, 1),
(5, 2),
(5, 3),
(5, 4),
(6, 0),
(6, 1),
(6, 2),
(6, 3),
(6, 4),
(7, 0),
(7, 1),
(7, 2),
(7, 3),
(7, 4),
(8, 0),
(8, 1),
(8, 2),
(8, 3),
(8, 4),
(9, 0),
(9, 1),
(9, 2),
(9, 3),
(9, 4),
(10, 0),
(10, 1),
(10, 2),
(10, 3),
(10, 4);
-- --------------------------------------------------------
--
-- Table structure for table `oc_marketing`
--
-- Creation: Feb 13, 2019 at 05:18 PM
-- Last update: Feb 13, 2019 at 05:18 PM
--
CREATE TABLE `oc_marketing` (
  `marketing_id` int(11) NOT NULL,
  `name` varchar(32) NOT NULL,
  `description` text NOT NULL,
  `code` varchar(64) NOT NULL,
  `clicks` int(5) NOT NULL DEFAULT '0',
  `date_added` datetime NOT NULL
) ENGINE=MyISAM DEFAULT CHARSET=utf8;
--
-- RELATIONSHIPS FOR TABLE `oc_marketing`:
--
-- --------------------------------------------------------
--
-- Table structure for table `oc_megamenu`
--
-- Creation: Feb 13, 2019 at 05:18 PM
--
CREATE TABLE `oc_megamenu` (
  `menu_id` int(11) NOT NULL,
  `status` tinyint(1) NOT NULL DEFAULT '0',
  `name` varchar(255) NOT NULL,
  `menu_type` varchar(255) NOT NULL
) ENGINE=InnoDB DEFAULT CHARSET=utf8;
--
-- RELATIONSHIPS FOR TABLE `oc_megamenu`:
--
--
-- Dumping data for table `oc_megamenu`
--
INSERT INTO `oc_megamenu` (`menu_id`, `status`, `name`, `menu_type`) VALUES
(1, 1, 'Horizontal Mega Menu', 'horizontal'),
(3, 1, 'Mobile Menu', 'mobile');
-- --------------------------------------------------------
--
-- Table structure for table `oc_megamenu_sub_item`
--
-- Creation: Feb 13, 2019 at 05:18 PM
--
CREATE TABLE `oc_megamenu_sub_item` (
  `sub_menu_item_id` int(11) NOT NULL,
  `parent_menu_item_id` int(11) NOT NULL,
  `level` int(11) NOT NULL,
  `status` tinyint(1) NOT NULL DEFAULT '0',
  `name` varchar(255) NOT NULL,
  `position` int(11) NOT NULL,
  `link` varchar(255) DEFAULT NULL
) ENGINE=InnoDB DEFAULT CHARSET=utf8;
--
-- RELATIONSHIPS FOR TABLE `oc_megamenu_sub_item`:
--
-- --------------------------------------------------------
--
-- Table structure for table `oc_megamenu_sub_item_description`
--
-- Creation: Feb 13, 2019 at 05:18 PM
--
CREATE TABLE `oc_megamenu_sub_item_description` (
  `sub_menu_item_id` int(11) NOT NULL,
  `language_id` int(11) NOT NULL,
  `title` varchar(255) NOT NULL
) ENGINE=InnoDB DEFAULT CHARSET=utf8;
--
-- RELATIONSHIPS FOR TABLE `oc_megamenu_sub_item_description`:
--
-- --------------------------------------------------------
--
-- Table structure for table `oc_megamenu_top_item`
--
-- Creation: Feb 13, 2019 at 05:18 PM
--
CREATE TABLE `oc_megamenu_top_item` (
  `menu_item_id` int(11) NOT NULL,
  `menu_id` int(11) NOT NULL,
  `status` tinyint(1) NOT NULL DEFAULT '0',
  `has_title` tinyint(1) NOT NULL DEFAULT '0',
  `has_link` tinyint(1) NOT NULL DEFAULT '0',
  `has_child` tinyint(1) NOT NULL DEFAULT '0',
  `category_id` int(11) DEFAULT NULL,
  `position` int(11) NOT NULL DEFAULT '0',
  `name` varchar(255) NOT NULL,
  `link` varchar(255) DEFAULT NULL,
  `icon` varchar(255) DEFAULT NULL,
  `item_align` varchar(255) NOT NULL,
  `sub_menu_type` varchar(255) NOT NULL,
  `sub_menu_content_type` varchar(255) NOT NULL,
  `sub_menu_content_columns` int(11) DEFAULT NULL,
  `sub_menu_content` text
) ENGINE=InnoDB DEFAULT CHARSET=utf8;
--
-- RELATIONSHIPS FOR TABLE `oc_megamenu_top_item`:
--
--
-- Dumping data for table `oc_megamenu_top_item`
--
INSERT INTO `oc_megamenu_top_item` (`menu_item_id`, `menu_id`, `status`, `has_title`, `has_link`, `has_child`, `category_id`, `position`, `name`, `link`, `icon`, `item_align`, `sub_menu_type`, `sub_menu_content_type`, `sub_menu_content_columns`, `sub_menu_content`) VALUES
(2, 1, 1, 1, 1, 1, 0, 1, 'Shop', 'index.php?route=product/category&amp;path=25', '', 'left', 'mega', 'widget', 1, '{\"widget\":[{\"name\":\"Accessories\",\"category_id\":\"25\",\"show_image\":\"0\",\"show_child\":\"1\",\"type\":\"category\",\"cols\":\"4\",\"position\":\"0\"},{\"name\":\"Purus Lacus\",\"category_id\":\"32\",\"show_image\":\"0\",\"show_child\":\"1\",\"type\":\"category\",\"cols\":\"4\",\"position\":\"1\"},{\"name\":{\"1\":\"\",\"2\":\"\"},\"content\":{\"1\":\"&lt;img src=&quot;image\\/catalog\\/itemmenu\\/shopbackground.jpg&quot;&gt;\",\"2\":\"&lt;img src=&quot;image\\/catalog\\/itemmenu\\/shopbackground.jpg&quot;&gt;\"},\"type\":\"html\",\"cols\":\"4\",\"position\":\"2\",\"show_title\":\"1\"}]}'),
(3, 1, 1, 1, 1, 0, 0, 2, 'Blog', 'index.php?route=blog/blog', '', 'left', 'mega', 'widget', 1, '[]'),
(5, 1, 1, 1, 1, 0, 0, 4, 'Pages', 'index.php?route=product/product&amp;product_id=42', '', 'left', 'mega', 'widget', 1, '[]'),
(6, 1, 1, 1, 1, 0, 0, 5, 'About us', 'index.php?route=information/information&amp;information_id=4', '', 'left', 'mega', 'widget', 1, '[]'),
(22, 1, 1, 1, 1, 0, 0, 0, 'Home', 'index.php?route=common/home', '', 'left', 'mega', 'widget', 1, '[]'),
(23, 3, 1, 1, 1, 0, 0, 0, 'Home', 'index.php?route=common/home', '', 'left', 'mega', 'widget', 1, '[]'),
(24, 3, 1, 1, 1, 1, 25, 0, 'Shop', 'index.php?route=product/category&amp;path=25', '', 'left', 'mega', 'category', 1, '{\"category\":[{\"name\":\"Office chair\",\"type\":\"category\",\"cols\":\"3\",\"position\":\"0\",\"category_id\":\"31\",\"show_image\":\"0\",\"show_child\":\"0\"},{\"name\":\"Purus Lacus\",\"type\":\"category\",\"cols\":\"3\",\"position\":\"1\",\"category_id\":\"32\",\"show_image\":\"0\",\"show_child\":\"0\"},{\"name\":\"Sagittis Blandit\",\"type\":\"category\",\"cols\":\"3\",\"position\":\"2\",\"category_id\":\"30\",\"show_image\":\"0\",\"show_child\":\"0\"},{\"name\":\"Sagittis Eget\",\"type\":\"category\",\"cols\":\"3\",\"position\":\"3\",\"category_id\":\"29\",\"show_image\":\"0\",\"show_child\":\"0\"}]}'),
(25, 3, 1, 1, 1, 1, 20, 0, 'Page', 'index.php?route=product/category&amp;path=20', '', 'left', 'mega', 'category', 1, '{\"category\":[{\"name\":\"Cras Ultrices\",\"type\":\"category\",\"cols\":\"2\",\"position\":\"0\",\"category_id\":\"26\",\"show_image\":\"0\",\"show_child\":\"0\"},{\"name\":\"Auctor Viverra\",\"type\":\"category\",\"cols\":\"2\",\"position\":\"1\",\"category_id\":\"27\",\"show_image\":\"0\",\"show_child\":\"0\"}]}'),
(26, 3, 1, 1, 1, 0, 0, 0, 'Blog', 'index.php?route=blog/blog', '', 'left', 'mega', 'widget', 1, '[]'),
(27, 3, 1, 1, 1, 0, 0, 0, 'Contact Us', 'index.php?route=information/contact', '', 'left', 'mega', 'widget', 1, '[]');
-- --------------------------------------------------------
--
-- Table structure for table `oc_megamenu_top_item_description`
--
-- Creation: Feb 13, 2019 at 05:18 PM
--
CREATE TABLE `oc_megamenu_top_item_description` (
  `menu_item_id` int(11) NOT NULL,
  `language_id` int(11) NOT NULL,
  `title` varchar(255) NOT NULL
) ENGINE=InnoDB DEFAULT CHARSET=utf8;
--
-- RELATIONSHIPS FOR TABLE `oc_megamenu_top_item_description`:
--
--
-- Dumping data for table `oc_megamenu_top_item_description`
--
INSERT INTO `oc_megamenu_top_item_description` (`menu_item_id`, `language_id`, `title`) VALUES
(2, 1, 'Shop'),
(2, 2, 'Shop'),
(3, 1, 'Blog'),
(3, 2, 'Blog'),
(5, 1, 'Pages'),
(5, 2, 'Pages'),
(6, 1, 'About us'),
(6, 2, 'About us'),
(8, 1, 'Automotive &amp; Motorcycle'),
(8, 2, 'Automotive &amp; Motorcycle'),
(9, 1, 'Electronics'),
(9, 2, 'Electronics'),
(10, 1, 'Sports &amp; Outdoors'),
(10, 2, 'Sports &amp; Outdoors'),
(11, 1, 'Smartphone &amp; Tablets'),
(11, 2, 'Smartphone &amp; Tablets'),
(12, 1, 'Health &amp; Beauty'),
(12, 2, 'Health &amp; Beauty'),
(13, 1, 'Bags, Shoes &amp; Accessories'),
(13, 2, 'Bags, Shoes &amp; Accessories'),
(14, 1, 'Toys &amp; Hobbies'),
(14, 2, 'Toys &amp; Hobbies'),
(15, 1, 'Computers &amp; Networking'),
(15, 2, 'Computers &amp; Networking'),
(16, 1, 'Laptops &amp; Accessories'),
(16, 2, 'Laptops &amp; Accessories'),
(17, 1, 'Jewelry &amp; Watches'),
(17, 2, 'Jewelry &amp; Watches'),
(18, 1, 'Flashlights &amp; Lamps'),
(18, 2, 'Flashlights &amp; Lamps'),
(19, 1, 'Cameras &amp; Photo'),
(19, 2, 'Cameras &amp; Photo'),
(20, 1, 'Holiday Supplies &amp; Gifts'),
(20, 2, 'Holiday Supplies &amp; Gifts'),
(21, 1, 'Item More'),
(21, 2, 'Item More'),
(22, 1, 'Home'),
(22, 2, 'Home'),
(23, 1, 'Home'),
(23, 2, 'Home'),
(24, 1, 'Shop'),
(24, 2, 'Shop'),
(25, 1, 'Page'),
(25, 2, 'Page'),
(26, 1, 'Blog'),
(26, 2, 'Blog'),
(27, 1, 'Contact Us'),
(27, 2, 'Contact Us');
-- --------------------------------------------------------
--
-- Table structure for table `oc_modification`
--
-- Creation: Feb 13, 2019 at 05:18 PM
-- Last update: Feb 13, 2019 at 05:18 PM
-- Last check: Mar 12, 2019 at 04:01 PM
--
CREATE TABLE `oc_modification` (
  `modification_id` int(11) NOT NULL,
  `extension_download_id` int(11) NOT NULL,
  `extension_install_id` int(11) NOT NULL,
  `name` varchar(64) NOT NULL,
  `code` varchar(64) NOT NULL,
  `author` varchar(64) NOT NULL,
  `version` varchar(32) NOT NULL,
  `link` varchar(255) NOT NULL,
  `xml` mediumtext NOT NULL,
  `status` tinyint(1) NOT NULL,
  `date_added` datetime NOT NULL
) ENGINE=MyISAM DEFAULT CHARSET=utf8;
--
-- RELATIONSHIPS FOR TABLE `oc_modification`:
--
--
-- Dumping data for table `oc_modification`
--
INSERT INTO `oc_modification` (`modification_id`, `extension_download_id`, `extension_install_id`, `name`, `code`, `author`, `version`, `link`, `xml`, `status`, `date_added`) VALUES
(2, 0, 2, 'OC Layered Navigation Ajax', 'layered_navigation', 'Plaza Theme', '3.x', 'http://www.plazathemes.com/', '<modification>\r\n    <name>OC Layered Navigation Ajax</name>\r\n	<version>3.x</version>\r\n	<link>http://www.plazathemes.com/</link>\r\n	<author>Plaza Theme</author>\r\n	<code>layered_navigation</code>\r\n\r\n	<file path=\"catalog/controller/product/category.php\">\r\n        <operation>\r\n            <search><![CDATA[$category_info = $this->model_catalog_category->getCategory($category_id);]]></search>\r\n            <add position=\"before\"><![CDATA[\r\n        /* Edit for Layered Navigation */\r\n        if (!empty($_SERVER[\'HTTPS\']) && $_SERVER[\'HTTPS\'] != \'off\') {\r\n            // SSL connection\r\n            $base_url = str_replace(\'http\', \'https\', $this->config->get(\'config_url\'));\r\n        } else {\r\n            $base_url = $this->config->get(\'config_url\');\r\n        }\r\n            ]]></add>\r\n        </operation>\r\n\r\n        <operation>\r\n            <search><![CDATA[\'href\' => $this->url->link(\'product/category\', \'path=\' . $this->request->get[\'path\'] . \'_\' . $result[\'category_id\'] . $url)]]></search>\r\n            <add position=\"replace\"><![CDATA[\'href\'  => $base_url . \'index.php?route=product/category&path=\' . $result[\'category_id\'] . $url]]></add>\r\n        </operation>\r\n\r\n        <operation>\r\n            <search><![CDATA[$this->url->link(\'product/category\', \'path=\' . $this->request->get[\'path\'] . \'&sort=p.sort_order&order=ASC\' . $url)]]></search>\r\n            <add position=\"replace\"><![CDATA[$base_url . \'index.php?route=product/category&path=\' . $category_id . \'&sort=p.sort_order&order=ASC\' . $url]]></add>\r\n        </operation>\r\n\r\n        <operation>\r\n            <search><![CDATA[$this->url->link(\'product/category\', \'path=\' . $this->request->get[\'path\'] . \'&sort=pd.name&order=ASC\' . $url)]]></search>\r\n            <add position=\"replace\"><![CDATA[$base_url . \'index.php?route=product/category&path=\' . $category_id . \'&sort=pd.name&order=ASC\' . $url]]></add>\r\n        </operation>\r\n\r\n        <operation>\r\n            <search><![CDATA[$this->url->link(\'product/category\', \'path=\' . $this->request->get[\'path\'] . \'&sort=pd.name&order=DESC\' . $url)]]></search>\r\n            <add position=\"replace\"><![CDATA[$base_url . \'index.php?route=product/category&path=\' . $category_id . \'&sort=pd.name&order=DESC\' . $url]]></add>\r\n        </operation>\r\n\r\n        <operation>\r\n            <search><![CDATA[$this->url->link(\'product/category\', \'path=\' . $this->request->get[\'path\'] . \'&sort=p.price&order=ASC\' . $url)]]></search>\r\n            <add position=\"replace\"><![CDATA[$base_url . \'index.php?route=product/category&path=\' . $category_id . \'&sort=p.price&order=ASC\' . $url]]></add>\r\n        </operation>\r\n\r\n        <operation>\r\n            <search><![CDATA[$this->url->link(\'product/category\', \'path=\' . $this->request->get[\'path\'] . \'&sort=p.price&order=DESC\' . $url)]]></search>\r\n            <add position=\"replace\"><![CDATA[$base_url . \'index.php?route=product/category&path=\' . $category_id . \'&sort=p.price&order=DESC\' . $url]]></add>\r\n        </operation>\r\n\r\n        <operation>\r\n            <search><![CDATA[$this->url->link(\'product/category\', \'path=\' . $this->request->get[\'path\'] . \'&sort=rating&order=DESC\' . $url)]]></search>\r\n            <add position=\"replace\"><![CDATA[$base_url . \'index.php?route=product/category&path=\' . $category_id . \'&sort=rating&order=DESC\' . $url]]></add>\r\n        </operation>\r\n\r\n        <operation>\r\n            <search><![CDATA[$this->url->link(\'product/category\', \'path=\' . $this->request->get[\'path\'] . \'&sort=rating&order=ASC\' . $url)]]></search>\r\n            <add position=\"replace\"><![CDATA[$base_url . \'index.php?route=product/category&path=\' . $category_id . \'&sort=rating&order=ASC\' . $url]]></add>\r\n        </operation>\r\n\r\n        <operation>\r\n            <search><![CDATA[$this->url->link(\'product/category\', \'path=\' . $this->request->get[\'path\'] . \'&sort=p.model&order=ASC\' . $url)]]></search>\r\n            <add position=\"replace\"><![CDATA[$base_url . \'index.php?route=product/category&path=\' . $category_id . \'&sort=p.model&order=ASC\' . $url]]></add>\r\n        </operation>\r\n\r\n        <operation>\r\n            <search><![CDATA[$this->url->link(\'product/category\', \'path=\' . $this->request->get[\'path\'] . \'&sort=p.model&order=DESC\' . $url)]]></search>\r\n            <add position=\"replace\"><![CDATA[$base_url . \'index.php?route=product/category&path=\' . $category_id . \'&sort=p.model&order=DESC\' . $url]]></add>\r\n        </operation>\r\n\r\n        <operation>\r\n            <search><![CDATA[$this->url->link(\'product/category\', \'path=\' . $this->request->get[\'path\'] . $url . \'&limit=\' . $value)]]></search>\r\n            <add position=\"replace\"><![CDATA[$base_url . \'index.php?route=product/category&path=\' . $category_id . $url . \'&limit=\' . $value]]></add>\r\n        </operation>\r\n\r\n        <operation>\r\n            <search><![CDATA[$pagination->url = $this->url->link(\'product/category\', \'path=\' . $this->request->get[\'path\'] . $url . \'&page={page}\');]]></search>\r\n            <add position=\"replace\"><![CDATA[$pagination->url = $base_url . \'index.php?route=extension/module/oclayerednavigation/category&path=\' . $category_id . $url . \'&page={page}\';]]></add>\r\n        </operation>\r\n\r\n        <operation>\r\n            <search><![CDATA[$data[\'limit\'] = $limit;]]></search>\r\n            <add position=\"replace\"><![CDATA[\r\n            /* Edit for Layered Navigation Ajax Module */\r\n            $module_status = $this->config->get(\'module_oclayerednavigation_status\');\r\n            if($module_status) {\r\n                // $this->document->addScript(\'catalog/view/javascript/jquery/jquery-ui.min.js\');\r\n                $this->document->addStyle(\'catalog/view/javascript/jquery/css/jquery-ui.min.css\');\r\n \r\n                if (file_exists(DIR_TEMPLATE . $this->config->get(\'theme_\' . $this->config->get(\'config_theme\') . \'_directory\') . \'/stylesheet/opentheme/oclayerednavigation/css/oclayerednavigation.css\')) {\r\n                    $this->document->addStyle(\'catalog/view/theme/\' . $this->config->get(\'theme_\' . $this->config->get(\'config_theme\') . \'_directory\') . \'/stylesheet/opentheme/oclayerednavigation/css/oclayerednavigation.css\');\r\n                } else {\r\n                    $this->document->addStyle(\'catalog/view/theme/default/stylesheet/opentheme/oclayerednavigation/css/oclayerednavigation.css\');\r\n                }\r\n \r\n                $this->document->addScript(\'catalog/view/javascript/opentheme/oclayerednavigation/oclayerednavigation.js\');\r\n            }\r\n\r\n\r\n            ]]></add>\r\n        </operation>\r\n\r\n        <operation>\r\n            <search><![CDATA[$this->response->setOutput($this->load->view(\'product/category\', $data));]]></search>\r\n            <add position=\"replace\"><![CDATA[\r\n            /* Edit for Layered Navigation Ajax Module */\r\n            if($module_status) {\r\n                $data[\'module_oclayerednavigation_loader_img\'] = $base_url . \'image/\' . $this->config->get(\'module_oclayerednavigation_loader_img\');\r\n \r\n                $this->response->setOutput($this->load->view(\'extension/module/oclayerednavigation/occategory\', $data));\r\n            } else {\r\n \r\n                $this->response->setOutput($this->load->view(\'product/category\', $data));\r\n            }\r\n            ]]></add>\r\n        </operation>\r\n	</file>\r\n\r\n    <file path=\"catalog/model/catalog/product.php\">\r\n        <operation>\r\n            <search><![CDATA[if (!empty($data[\'filter_manufacturer_id\'])) {]]></search>\r\n            <add position=\"before\">\r\n                <![CDATA[\r\n        /* Price range */\r\n        if  (!empty($data[\'filter_price\'])) {\r\n            $min_price = $data[\'filter_price\'][\'min_price\'];\r\n            $max_price = $data[\'filter_price\'][\'max_price\'];\r\n            $sql_sl_special = \"(SELECT price FROM \" . DB_PREFIX . \"product_special ps WHERE ps.product_id = p.product_id AND ps.customer_group_id = \'\" . (int)$this->config->get(\'config_customer_group_id\') . \"\' AND ((ps.date_start = \'0000-00-00\' OR ps.date_start < NOW()) AND (ps.date_end = \'0000-00-00\' OR ps.date_end > NOW())) ORDER BY ps.priority ASC, ps.price ASC LIMIT 1)\";\r\n            $sql_sl_discount = \"(SELECT price FROM \" . DB_PREFIX . \"product_discount pd2 WHERE pd2.product_id = p.product_id AND pd2.customer_group_id = \'\" . (int)$this->config->get(\'config_customer_group_id\') . \"\' AND pd2.quantity = \'1\' AND ((pd2.date_start = \'0000-00-00\' OR pd2.date_start < NOW()) AND (pd2.date_end = \'0000-00-00\' OR pd2.date_end > NOW())) ORDER BY pd2.priority ASC, pd2.price ASC LIMIT 1)\";\r\n            $sql .= \" AND (CASE WHEN \" . $sql_sl_special . \" IS NOT NULL THEN \" . $sql_sl_special . \" WHEN \" . $sql_sl_discount . \" IS NOT NULL THEN \". $sql_sl_discount . \" ELSE p.price END) >=\'\". $min_price .\"\'\" ;\r\n            $sql .= \" AND (CASE WHEN \" . $sql_sl_special . \" IS NOT NULL THEN \" . $sql_sl_special . \" WHEN \" . $sql_sl_discount . \" IS NOT NULL THEN \". $sql_sl_discount . \" ELSE p.price END) <=\'\". $max_price .\"\'\";\r\n        }\r\n        /* End */\r\n                ]]>\r\n            </add>\r\n        </operation>\r\n    </file>\r\n</modification>', 1, '2017-10-12 09:00:56');
INSERT INTO `oc_modification` (`modification_id`, `extension_download_id`, `extension_install_id`, `name`, `code`, `author`, `version`, `link`, `xml`, `status`, `date_added`) VALUES
(25, 0, 25, 'OC Theme Option', 'oc_theme_option', 'Plaza Theme', '1.18', '', '<?xml version=\"1.0\" encoding=\"utf-8\"?>\r\n<modification>\r\n    <code>oc_theme_option</code>\r\n    <name>OC Theme Option</name>\r\n    <version>1.18</version>\r\n    <author>Plaza Theme</author>\r\n\r\n    <!-- Menu Left in Admin -->\r\n    <file path=\"admin/controller/common/column_left.php\">\r\n        <operation>\r\n            <search ><![CDATA[$sale = array();]]></search>\r\n            <add position=\"before\"><![CDATA[\r\n            // OC Menu Items\r\n            $this->load->language(\'ocadminmenu/ocadminmenu\');\r\n\r\n            $ocadmin_menu = array();\r\n\r\n            if($this->user->hasPermission(\'access\', \'extension/module/octhemeoption\')) {\r\n                $ocadmin_menu[] = array(\r\n                    \'name\'     => $this->language->get(\'text_theme_config\'),\r\n                    \'href\'     => $this->url->link(\'extension/module/octhemeoption\', \'user_token=\' . $this->session->data[\'user_token\'], true),\r\n                    \'children\' => array()\r\n                );\r\n            }\r\n\r\n            if($this->user->hasPermission(\'access\', \'catalog/occategorythumbnail\')) {\r\n                $ocadmin_menu[] = array(\r\n                    \'name\'     => $this->language->get(\'text_category_thumbnail\'),\r\n                    \'href\'     => $this->url->link(\'catalog/occategorythumbnail\', \'user_token=\' . $this->session->data[\'user_token\'], true),\r\n                    \'children\' => array()\r\n                );\r\n            }\r\n\r\n            if($this->user->hasPermission(\'access\', \'extension/module/ocmegamenu\')) {\r\n                $ocadmin_menu[] = array(\r\n                    \'name\'     => $this->language->get(\'text_advance_menu\'),\r\n                    \'href\'     => $this->url->link(\'extension/module/ocmegamenu/menuList\', \'user_token=\' . $this->session->data[\'user_token\'], true),\r\n                    \'children\' => array()\r\n                );\r\n            }\r\n\r\n            // Blog\r\n            $blog = array();\r\n\r\n            if ($this->user->hasPermission(\'access\', \'blog/article\')) {\r\n                $blog[] = array(\r\n                    \'name\'     => $this->language->get(\'text_article\'),\r\n                    \'href\'     => $this->url->link(\'blog/article\', \'user_token=\' . $this->session->data[\'user_token\'], true),\r\n                    \'children\' => array()\r\n                );\r\n            }\r\n\r\n            if ($this->user->hasPermission(\'access\', \'blog/articlelist\')) {\r\n                $blog[] = array(\r\n                    \'name\'     => $this->language->get(\'text_article_list\'),\r\n                    \'href\'     => $this->url->link(\'blog/articlelist\', \'user_token=\' . $this->session->data[\'user_token\'], true),\r\n                    \'children\' => array()\r\n                );\r\n            }\r\n\r\n            if ($this->user->hasPermission(\'access\', \'blog/config\')) {\r\n                $blog[] = array(\r\n                    \'name\'     => $this->language->get(\'text_blog_config\'),\r\n                    \'href\'     => $this->url->link(\'blog/config\', \'user_token=\' . $this->session->data[\'user_token\'], true),\r\n                    \'children\' => array()\r\n                );\r\n            }\r\n\r\n            if($blog) {\r\n                $ocadmin_menu[] = array(\r\n                    \'name\'      => $this->language->get(\'text_blog\'),\r\n                    \'href\'      => \'\',\r\n                    \'children\'  => $blog\r\n                );\r\n            }\r\n\r\n            if($this->user->hasPermission(\'access\', \'extension/module/occmsblock\')) {\r\n                $ocadmin_menu[] = array(\r\n                    \'name\'     => $this->language->get(\'text_cms_block\'),\r\n                    \'href\'     => $this->url->link(\'extension/module/occmsblock/cmslist\', \'user_token=\' . $this->session->data[\'user_token\'], true),\r\n                    \'children\' => array()\r\n                );\r\n            }\r\n\r\n            if($this->user->hasPermission(\'access\', \'extension/module/ocslideshow\')) {\r\n                $ocadmin_menu[] = array(\r\n                    \'name\'     => $this->language->get(\'text_slideshow\'),\r\n                    \'href\'     => $this->url->link(\'extension/module/ocslideshow/form\', \'user_token=\' . $this->session->data[\'user_token\'], true),\r\n                    \'children\' => array()\r\n                );\r\n            }\r\n\r\n            if($this->user->hasPermission(\'access\', \'catalog/octestimonial\')) {\r\n                $ocadmin_menu[] = array(\r\n                    \'name\'     => $this->language->get(\'text_testimonial\'),\r\n                    \'href\'     => $this->url->link(\'catalog/octestimonial\', \'user_token=\' . $this->session->data[\'user_token\'], true),\r\n                    \'children\' => array()\r\n                );\r\n            }\r\n            \r\n            $data[\'menus\'][] = array(\r\n                \'id\'       => \'menu-panel\',\r\n                \'icon\'     => \'fa-empire\',\r\n                \'name\'     => $this->language->get(\'text_theme_menu\'),\r\n                \'href\'     => \'\',\r\n                \'children\' => $ocadmin_menu\r\n            );\r\n            ]]></add>\r\n        </operation>\r\n    </file>\r\n\r\n    <!-- PRODUCT CONFIGURATION -->\r\n    <file path=\"admin/controller/catalog/product.php\">\r\n        <operation>\r\n            <search ><![CDATA[public function index() {]]></search>\r\n            <add position=\"after\"><![CDATA[\r\n        $this->load->model(\'catalog/ocproductrotator\');\r\n        $this->model_catalog_ocproductrotator->installProductRotator();\r\n\r\n        $this->load->model(\'catalog/occolorswatches\');\r\n        $this->model_catalog_occolorswatches->installSwatchesAttribute();\r\n            ]]></add>\r\n        </operation>\r\n        <operation>\r\n            <search ><![CDATA[$this->load->language(\'catalog/product\');]]></search>\r\n            <add position=\"before\"><![CDATA[\r\n                $this->load->language(\'extension/module/ocproductrotator\');\r\n                $this->load->language(\'extension/module/octhemeoption\');\r\n            ]]></add>\r\n        </operation>\r\n        <operation>\r\n            <search ><![CDATA[\'sort_order\' => $product_image[\'sort_order\']]]></search>\r\n            <add position=\"before\"><![CDATA[\r\n                \'is_rotator\' => $product_image[\'is_rotator\'],\r\n                \'product_option_value_id\' => $product_image[\'product_option_value_id\'],\r\n            ]]></add>\r\n        </operation>\r\n    </file>\r\n\r\n    <file path=\"admin/model/catalog/product.php\">\r\n        <operation>\r\n            <search><![CDATA[$this->db->query(\"INSERT INTO \" . DB_PREFIX . \"product_image SET product_id = \'\" . (int)$product_id . \"\', image = \'\" . $this->db->escape($product_image[\'image\']) . \"\', sort_order = \'\" . (int)$product_image[\'sort_order\'] . \"\'\");]]></search>\r\n            <add position=\"replace\">\r\n                <![CDATA[\r\n                    if(isset($product_image[\'product_option_value_id\']) && $product_image[\'product_option_value_id\']) {\r\n                        $this->db->query(\"INSERT INTO \" . DB_PREFIX . \"product_image SET product_id = \'\" . (int)$product_id . \"\', image = \'\" . $this->db->escape($product_image[\'image\']) . \"\', sort_order = \'\" . (int)$product_image[\'sort_order\'] . \"\', is_rotator = \'\" . (int)$product_image[\'is_rotator\'] . \"\', product_option_value_id = \'\" . (int)$product_image[\'product_option_value_id\'] . \"\'\");\r\n                    } else {\r\n                        $this->db->query(\"INSERT INTO \" . DB_PREFIX . \"product_image SET product_id = \'\" . (int)$product_id . \"\', image = \'\" . $this->db->escape($product_image[\'image\']) . \"\', sort_order = \'\" . (int)$product_image[\'sort_order\'] . \"\', is_rotator = \'\" . (int)$product_image[\'is_rotator\'] . \"\'\");\r\n                    }\r\n                ]]>\r\n            </add>\r\n        </operation>\r\n    </file>\r\n\r\n    <file path=\"admin/view/template/catalog/product_form.twig\">\r\n        <operation>\r\n            <search><![CDATA[<td class=\"text-right\">{{ entry_sort_order }}</td>]]></search>\r\n            <add position=\"after\">\r\n                <![CDATA[\r\n                    <td class=\"text-center\">{{ entry_option }}</td>\r\n                    <td class=\"text-center\">{{ entry_is_rotator }}</td>\r\n                ]]>\r\n            </add>\r\n        </operation>\r\n        <operation>\r\n            <search><![CDATA[<td class=\"text-left\"><button type=\"button\" onclick=\"$(\'#image-row{{ image_row }}\').remove();\" data-toggle=\"tooltip\" title=\"{{ button_remove }}\" class=\"btn btn-danger\"><i class=\"fa fa-minus-circle\"></i></button></td>]]></search>\r\n            <add position=\"before\">\r\n                <![CDATA[\r\n                    <!-- Swatches Options -->\r\n                    <td class=\"text-center\">\r\n                      <select class=\"form-control image-opt\" id=\"product-image-option-{{ image_row }}\" data-row=\"{{ image_row }}\" style=\"margin-bottom: 10px;\">\r\n                        <option value=\"0\">{{ text_choose_option }}</option>\r\n                        {% for product_option in product_options %}\r\n                          {% if product_option.type == \"select\" or product_option.type == \"radio\" %}\r\n                            <option value=\"{{ product_option.product_option_id }}\">{{ product_option.name }}</option>\r\n                          {% endif %}\r\n                        {% endfor %}\r\n                      </select>\r\n                      {% for product_option in product_options %}\r\n                        {% if product_option.type == \"select\" or product_option.type == \"radio\" %}\r\n                        <select class=\"form-control image-opt-value\" id=\"product-image-option-{{ image_row }}-{{ product_option.product_option_id }}\" data-row=\"{{ image_row }}\" data-type=\"{{ product_option.product_option_id }}\">\r\n                          <option value=\"0\">{{ text_choose_value }}</option>\r\n                          {% for po_value in product_option.product_option_value %}\r\n                            {% if option_values[product_option.option_id] %}\r\n                              {% for option_value in option_values[product_option.option_id] %}\r\n                                {% if option_value.option_value_id == po_value.option_value_id %}\r\n                                  <option value=\"{{ po_value.product_option_value_id }}\" {% if product_image.product_option_value_id == po_value.product_option_value_id %} selected=\"selected\" {% endif %}>{{ option_value.name }}</option>\r\n                                {% endif %}\r\n                              {% endfor %}\r\n                            {% endif %}\r\n                          {% endfor %}\r\n                        </select>\r\n                        {% endif %}\r\n                      {% endfor %}\r\n                    </td>\r\n\r\n                    <!-- Rotator Image -->\r\n                    <td class=\"text-center\">\r\n                      <select name=\"product_image[{{ image_row }}][is_rotator]\" class=\"form-control rotator-select\">\r\n                        {% if product_image.is_rotator and (product_image.is_rotator == 1) %}\r\n                        <option value=\"1\" selected=\"selected\">Yes</option>\r\n                        <option value=\"0\">No</option>\r\n                        {% else %}\r\n                        <option value=\"1\">Yes</option>\r\n                        <option value=\"0\" selected=\"selected\">No</option>\r\n                        {% endif %}\r\n                      </select>\r\n                    </td>\r\n                    <!-- End -->\r\n                ]]>\r\n            </add>\r\n        </operation>\r\n        <operation>\r\n            <search><![CDATA[function addImage() {]]></search>\r\n            <add position=\"before\">\r\n                <![CDATA[\r\n                    $(\'#tab-image tfoot td:first\').attr(\'colspan\', 4);\r\n\r\n                    // Swatches Options\r\n                    $(\'.image-opt-value\').hide();\r\n                    $(\'.image-opt-value\').each(function () {\r\n                      var row = $(this).data(\'row\');\r\n                      $(this).find(\'option\').each(function () {\r\n                        if($(this).attr(\"selected\") == \'selected\') {\r\n                          var option_id = $(this).closest(\'.image-opt-value\').data(\'type\');\r\n                          $(\'#product-image-option-\' + row).find(\"option[value=\'\" + option_id + \"\']\").attr(\'selected\', \'selected\');\r\n                          $(this).closest(\'.image-opt-value\').attr(\'name\', \'product_image[\' + row + \'][product_option_value_id]\').show();\r\n                        }\r\n                      });\r\n                    });\r\n\r\n                    $(\'.image-opt\').change(function () {\r\n                      var row = $(this).data(\'row\');\r\n                      var id_select = $(this).attr(\'id\');\r\n                      var product_option_id = $(this).val();\r\n                      $(\'#image-row\' + row).find(\'.image-opt-value\').removeAttr(\'name\').hide();\r\n                      $(\'#\' + id_select + \"-\" + product_option_id).attr(\'name\', \'product_image[\' + row + \'][product_option_value_id]\').show();\r\n                    });\r\n\r\n                    // Product Rotator\r\n                    $(\'.rotator-select\').change(function() {\r\n                      var value = $(this).val();\r\n                      if(value == 1) {\r\n                        $(\'.rotator-select\').val(0);\r\n                        $(this).val(1);\r\n                      }\r\n                    });\r\n                ]]>\r\n            </add>\r\n        </operation>\r\n        <operation>\r\n            <search><![CDATA[$(\'#images tbody\').append(html);]]></search>\r\n            <add position=\"after\">\r\n                <![CDATA[\r\n                    // Swatches Options\r\n                    $(\'.image-opt\').change(function () {\r\n                      var row = $(this).data(\'row\');\r\n                      var id_select = $(this).attr(\'id\');\r\n                      var product_option_id = $(this).val();\r\n                      $(\'#image-row\' + row).find(\'.image-opt-value\').removeAttr(\'name\').hide();\r\n                      $(\'#\' + id_select + \"-\" + product_option_id).attr(\'name\', \'product_image[\' + row + \'][product_option_value_id]\').show();\r\n                    });\r\n\r\n                    //Product Rotator\r\n                    $(\'.rotator-select\').change(function() {\r\n                      var value = $(this).val();\r\n                      if(value == 1) {\r\n                        $(\'.rotator-select\').val(0);\r\n                        $(this).val(1);\r\n                      }\r\n                    });\r\n                    //End\r\n                ]]>\r\n            </add>\r\n        </operation>\r\n        <operation>\r\n            <search><![CDATA[html += \'  <td class=\"text-left\"><button type=\"button\" onclick=\"$(\\\'#image-row\' + image_row  + \'\\\').remove();\" data-toggle=\"tooltip\" title=\"{{ button_remove }}\" class=\"btn btn-danger\"><i class=\"fa fa-minus-circle\"></i></button></td>\';]]></search>\r\n            <add position=\"before\">\r\n                <![CDATA[\r\n                    // Swatches Options\r\n                    html += \'  <td class=\"text-center\">\';\r\n                    html += \'    <select class=\"form-control image-opt\" id=\"product-image-option-\' + image_row + \'\" data-row=\"\' + image_row + \'\" style=\"margin-bottom: 10px;\">\';\r\n                    html += \'       <option value=\"0\">{{ text_choose_option }}</option>\';\r\n                    {% for product_option in product_options %}\r\n                    {% if product_option.type == \"select\" or product_option.type == \"radio\" %}\r\n                    html += \'       <option value=\"{{ product_option.product_option_id }}\">{{ product_option.name }}</option>\';\r\n                    {% endif %}\r\n                    {% endfor %}\r\n                    html += \'    </select>\';\r\n                    {% for product_option in product_options %}\r\n                    {% if product_option.type == \"select\" or product_option.type == \"radio\" %}\r\n                    html += \'    <select class=\"form-control image-opt-value\" id=\"product-image-option-\' + image_row + \'-{{ product_option.product_option_id }}\" data-row=\"\' + image_row + \'\" data-type=\"{{ product_option.product_option_id }}\" style=\"display: none;\">\';\r\n                    html += \'       <option value=\"0\">{{ text_choose_value }}</option>\';\r\n                    {% for po_value in product_option.product_option_value %}\r\n                    {% if option_values[product_option.option_id] %}\r\n                    {% for option_value in option_values[product_option.option_id] %}\r\n                    {% if option_value.option_value_id == po_value.option_value_id %}\r\n                    html += \'       <option value=\"{{ po_value.product_option_value_id }}\">{{ option_value.name }}</option>\';\r\n                    {% endif %}\r\n                    {% endfor %}\r\n                    {% endif %}\r\n                    {% endfor %}\r\n                    html += \'    </select>\';\r\n                    {% endif %}\r\n                    {% endfor %}\r\n                    html += \'  </td>\';\r\n\r\n                    //Product Rotator\r\n                    html += \' <td class=\"text-center\">\';\r\n                    html += \'   <select name=\"product_image[\' + image_row + \'][is_rotator]\" class=\"form-control rotator-select\">\';\r\n                    html += \'     <option value=\"1\">{{ text_yes }}</option>\';\r\n                    html += \'     <option value=\"0\" selected=\"selected\">{{ text_no }}</option>\';\r\n                    html += \'   </select>\';\r\n                    html += \' </td>\';\r\n                ]]>\r\n            </add>\r\n        </operation>\r\n    </file>\r\n\r\n    <file path=\"catalog/controller/product/product.php\">\r\n        <operation>\r\n            <search><![CDATA[$data[\'heading_title\'] = $product_info[\'name\'];]]></search>\r\n            <add position=\"before\"><![CDATA[\r\n            /* Zoom & Swatches */\r\n            $store_id = $this->config->get(\'config_store_id\');\r\n            $use_swatches = (int) $this->config->get(\'module_octhemeoption_use_swatches\')[$store_id];\r\n            $use_zoom = (int) $this->config->get(\'module_octhemeoption_use_zoom\')[$store_id];\r\n            ]]></add>\r\n        </operation>\r\n        <operation>\r\n            <search><![CDATA[$data[\'images\'] = array();]]></search>\r\n            <add position=\"before\"><![CDATA[\r\n            if($use_swatches) {\r\n                $data[\'use_swatches\'] = true;\r\n                $data[\'icon_swatches_width\'] = $this->config->get(\'module_octhemeoption_swatches_width\')[$store_id];\r\n                $data[\'icon_swatches_height\'] = $this->config->get(\'module_octhemeoption_swatches_height\')[$store_id];\r\n                $data[\'swatches_option\'] = $this->config->get(\'module_octhemeoption_swatches_option\')[$store_id];\r\n\r\n                if (file_exists(\'catalog/view/theme/\' . $this->config->get(\'theme_\' . $this->config->get(\'config_theme\') . \'_directory\') . \'/stylesheet/occolorswatches/swatches.css\')) {\r\n                    $this->document->addStyle(\'catalog/view/theme/\' . $this->config->get(\'theme_\' . $this->config->get(\'config_theme\') . \'_directory\') . \'/stylesheet/occolorswatches/swatches.css\');\r\n                } else {\r\n                    $this->document->addStyle(\'catalog/view/theme/default/stylesheet/occolorswatches/swatches.css\');\r\n                }\r\n\r\n                $this->document->addScript(\'catalog/view/javascript/occolorswatches/swatches.js\');\r\n            } else {\r\n                $data[\'use_swatches\'] = false;\r\n            }\r\n            \r\n            if($use_zoom) {\r\n                $data[\'use_zoom\'] = true;\r\n\r\n                if ($product_info[\'image\']) {\r\n                    $data[\'small_image\'] = $this->model_tool_image->resize($product_info[\'image\'], $this->config->get(\'theme_\' . $this->config->get(\'config_theme\') . \'_image_additional_width\'), $this->config->get(\'theme_\' . $this->config->get(\'config_theme\') . \'_image_additional_height\'));\r\n                } else {\r\n                    $data[\'small_image\'] = \'\';\r\n                }\r\n\r\n                if (file_exists(\'catalog/view/theme/\' . $this->config->get(\'theme_\' . $this->config->get(\'config_theme\') . \'_directory\') . \'/stylesheet/oczoom/zoom.css\')) {\r\n                    $this->document->addStyle(\'catalog/view/theme/\' . $this->config->get(\'theme_\' . $this->config->get(\'config_theme\') . \'_directory\') . \'/stylesheet/oczoom/zoom.css\');\r\n                } else {\r\n                    $this->document->addStyle(\'catalog/view/theme/default/stylesheet/oczoom/zoom.css\');\r\n                }\r\n\r\n                $data[\'popup_dimension\'] = array(\r\n                    \'width\' => $this->config->get(\'theme_\' . $this->config->get(\'config_theme\') . \'_image_popup_width\'),\r\n                    \'height\' => $this->config->get(\'theme_\' . $this->config->get(\'config_theme\') . \'_image_popup_height\')\r\n                );\r\n\r\n                $data[\'thumb_dimension\'] = array(\r\n                    \'width\' => $this->config->get(\'theme_\' . $this->config->get(\'config_theme\') . \'_image_thumb_width\'),\r\n                    \'height\' => $this->config->get(\'theme_\' . $this->config->get(\'config_theme\') . \'_image_thumb_height\')\r\n                );\r\n\r\n                $data[\'small_dimension\'] = array(\r\n                    \'width\' => $this->config->get(\'theme_\' . $this->config->get(\'config_theme\') . \'_image_additional_width\'),\r\n                    \'height\' => $this->config->get(\'theme_\' . $this->config->get(\'config_theme\') . \'_image_additional_height\')\r\n                );\r\n\r\n                $bg_status = (int) $this->config->get(\'module_octhemeoption_zoom_background_status\')[$store_id];\r\n                if($bg_status) {\r\n                    $zoom_bg_status = true;\r\n                } else {\r\n                    $zoom_bg_status = false;\r\n                }\r\n\r\n                $title_status = (int) $this->config->get(\'module_octhemeoption_zoom_title\')[$store_id];\r\n                if($title_status) {\r\n                    $zoom_title_status = true;\r\n                } else {\r\n                    $zoom_title_status = false;\r\n                }\r\n\r\n                $data[\'zoom_config\'] = array(\r\n                    \'position\' => $this->config->get(\'module_octhemeoption_zoom_position\')[$store_id],\r\n                    \'space\' => $this->config->get(\'module_octhemeoption_zoom_space\')[$store_id],\r\n                    \'bg_status\' => $zoom_bg_status,\r\n                    \'bg_color\' => \'#\' . $this->config->get(\'module_octhemeoption_zoom_background_color\')[$store_id],\r\n                    \'bg_opacity\' => $this->config->get(\'module_octhemeoption_zoom_background_opacity\')[$store_id],\r\n                    \'title_status\' => $zoom_title_status\r\n                );\r\n\r\n                $this->document->addStyle(\'catalog/view/javascript/cloudzoom/css/cloud-zoom.css\');\r\n                $this->document->addScript(\'catalog/view/javascript/cloudzoom/cloud-zoom.1.0.2.min.js\');\r\n                $this->document->addScript(\'catalog/view/javascript/cloudzoom/zoom.js\');\r\n            } else {\r\n                $data[\'use_zoom\'] = false;\r\n            }\r\n\r\n            ]]></add>\r\n        </operation>\r\n        <operation>\r\n            <search><![CDATA[$data[\'images\'][] = array(]]></search>\r\n            <add position=\"after\"><![CDATA[\r\n                    \'product_option_value_id\' => $result[\'product_option_value_id\'],\r\n                    \'product_image_option\' => $this->model_tool_image->resize($result[\'image\'], $this->config->get(\'theme_\' . $this->config->get(\'config_theme\') . \'_image_thumb_width\'), $this->config->get(\'theme_\' . $this->config->get(\'config_theme\') . \'_image_thumb_height\')),\r\n            ]]></add>\r\n        </operation>\r\n    </file>\r\n    \r\n    <!-- CATEGORY CONFIGURATION -->\r\n    <file path=\"catalog/controller/product/category.php\">\r\n        <operation>\r\n            <search><![CDATA[$data[\'heading_title\'] = $category_info[\'name\'];]]></search>\r\n            <add position=\"before\"><![CDATA[\r\n            if (file_exists(\'catalog/view/theme/\' . $this->config->get(\'theme_\' . $this->config->get(\'config_theme\') . \'_directory\') . \'/stylesheet/octhemecategory/category.css\')) {\r\n                $this->document->addStyle(\'catalog/view/theme/\' . $this->config->get(\'theme_\' . $this->config->get(\'config_theme\') . \'_directory\') . \'/stylesheet/octhemecategory/category.css\');\r\n            } else {\r\n                $this->document->addStyle(\'catalog/view/theme/default/stylesheet/octhemecategory/category.css\');\r\n            }\r\n\r\n            $store_id = $this->config->get(\'config_store_id\');\r\n            if(isset($this->config->get(\'module_octhemeoption_custom_view\')[$store_id])) {\r\n                $data[\'use_custom_view\'] = (int) $this->config->get(\'module_octhemeoption_custom_view\')[$store_id];\r\n            } else {\r\n                $data[\'use_custom_view\'] = 0;\r\n            }\r\n\r\n            if(isset($this->config->get(\'module_octhemeoption_category_view\')[$store_id])) {\r\n                $data[\'category_view\'] = $this->config->get(\'module_octhemeoption_category_view\')[$store_id];\r\n            } else {\r\n                $data[\'category_view\'] = false;\r\n            }\r\n\r\n            if(isset($this->config->get(\'module_octhemeoption_category_view\')[$store_id])) {\r\n                $data[\'grid_columns\'] = $this->config->get(\'module_octhemeoption_grid_columns\')[$store_id];\r\n            } else {\r\n                $data[\'grid_columns\'] = false;\r\n            }\r\n\r\n            if(isset($this->config->get(\'module_octhemeoption_use_layered\')[$store_id])) {\r\n                $data[\'use_layered\'] = (int) $this->config->get(\'module_octhemeoption_use_layered\')[$store_id];\r\n            } else {\r\n                $data[\'use_layered\'] = 0;\r\n            }\r\n\r\n            if(isset($this->config->get(\'module_octhemeoption_use_cate_quickview\')[$store_id])) {\r\n	            $data[\'use_quickview\'] = (int) $this->config->get(\'module_octhemeoption_use_cate_quickview\')[$store_id];\r\n	        } else {\r\n	            $data[\'use_quickview\'] = 0;\r\n	        }\r\n\r\n            if(isset($this->config->get(\'module_octhemeoption_image_effect\')[$store_id])) {\r\n                $data[\'image_effect\'] = $this->config->get(\'module_octhemeoption_image_effect\')[$store_id];\r\n            } else {\r\n                $data[\'image_effect\'] = false;\r\n            }\r\n\r\n            if($data[\'image_effect\'] == \'swatches\') {\r\n                $this->document->addScript(\'catalog/view/javascript/occolorswatches/swatches.js\');\r\n            }\r\n\r\n            if($data[\'use_custom_view\']) {\r\n                $this->document->addScript(\'catalog/view/javascript/occategorygrid/grid.js\');\r\n            }\r\n            \r\n            if (!empty($_SERVER[\'HTTPS\'])) {\r\n                // SSL connection\r\n                $base_url = str_replace(\'http\', \'https\', $this->config->get(\'config_url\'));\r\n            } else {\r\n                $base_url = $this->config->get(\'config_url\');\r\n            }\r\n            \r\n            $data[\'ajax_sorts\'] = array();\r\n\r\n            $data[\'ajax_limits\'] = array();\r\n\r\n            if($data[\'use_layered\']) {\r\n                if (file_exists(\'catalog/view/theme/\' . $this->config->get(\'theme_\' . $this->config->get(\'config_theme\') . \'_directory\') . \'/stylesheet/octhemecategory/filter.css\')) {\r\n                    $this->document->addStyle(\'catalog/view/theme/\' . $this->config->get(\'theme_\' . $this->config->get(\'config_theme\') . \'_directory\') . \'/stylesheet/octhemecategory/filter.css\');\r\n                } else {\r\n                    $this->document->addStyle(\'catalog/view/theme/default/stylesheet/octhemecategory/filter.css\');\r\n                }\r\n\r\n                $this->document->addScript(\'catalog/view/javascript/occategorygrid/filter.js\');\r\n\r\n                $data[\'ajax_sorts\'][] = array(\r\n                    \'text\'  => $this->language->get(\'text_default\'),\r\n                    \'value\' => \'p.sort_order-ASC\',\r\n                    \'href\'  => $base_url . \'index.php?route=product/ocfilter/category&path=\' . $category_id . \'&sort=p.sort_order&order=ASC\' . $url\r\n                );\r\n\r\n                $data[\'ajax_sorts\'][] = array(\r\n                    \'text\'  => $this->language->get(\'text_name_asc\'),\r\n                    \'value\' => \'pd.name-ASC\',\r\n                    \'href\'  => $base_url . \'index.php?route=product/ocfilter/category&path=\' . $category_id . \'&sort=pd.name&order=ASC\' . $url\r\n                );\r\n\r\n                $data[\'ajax_sorts\'][] = array(\r\n                    \'text\'  => $this->language->get(\'text_name_desc\'),\r\n                    \'value\' => \'pd.name-DESC\',\r\n                    \'href\'  => $base_url . \'index.php?route=product/ocfilter/category&path=\' . $category_id . \'&sort=pd.name&order=DESC\' . $url\r\n                );\r\n\r\n                $data[\'ajax_sorts\'][] = array(\r\n                    \'text\'  => $this->language->get(\'text_price_asc\'),\r\n                    \'value\' => \'p.price-ASC\',\r\n                    \'href\'  => $base_url . \'index.php?route=product/ocfilter/category&path=\' . $category_id . \'&sort=p.price&order=ASC\' . $url\r\n                );\r\n\r\n                $data[\'ajax_sorts\'][] = array(\r\n                    \'text\'  => $this->language->get(\'text_price_desc\'),\r\n                    \'value\' => \'p.price-DESC\',\r\n                    \'href\'  => $base_url . \'index.php?route=product/ocfilter/category&path=\' . $category_id . \'&sort=p.price&order=DESC\' . $url\r\n                );\r\n\r\n                if ($this->config->get(\'config_review_status\')) {\r\n                    $data[\'ajax_sorts\'][] = array(\r\n                        \'text\'  => $this->language->get(\'text_rating_desc\'),\r\n                        \'value\' => \'rating-DESC\',\r\n                        \'href\'  => $base_url . \'index.php?route=product/ocfilter/category&path=\' . $category_id . \'&sort=rating&order=DESC\' . $url\r\n                    );\r\n\r\n                    $data[\'ajax_sorts\'][] = array(\r\n                        \'text\'  => $this->language->get(\'text_rating_asc\'),\r\n                        \'value\' => \'rating-ASC\',\r\n                        \'href\'  => $base_url . \'index.php?route=product/ocfilter/category&path=\' . $category_id . \'&sort=rating&order=ASC\' . $url\r\n                    );\r\n                }\r\n\r\n                $data[\'ajax_sorts\'][] = array(\r\n                    \'text\'  => $this->language->get(\'text_model_asc\'),\r\n                    \'value\' => \'p.model-ASC\',\r\n                    \'href\'  => $base_url . \'index.php?route=product/ocfilter/category&path=\' . $category_id . \'&sort=p.model&order=ASC\' . $url\r\n                );\r\n\r\n                $data[\'ajax_sorts\'][] = array(\r\n                    \'text\'  => $this->language->get(\'text_model_desc\'),\r\n                    \'value\' => \'p.model-DESC\',\r\n                    \'href\'  => $base_url . \'index.php?route=product/ocfilter/category&path=\' . $category_id . \'&sort=p.model&order=DESC\' . $url\r\n                );\r\n\r\n                $data[\'ajax_limits\'] = array();\r\n\r\n                $limits = array_unique(array($this->config->get(\'theme_\' . $this->config->get(\'config_theme\') . \'_product_limit\'), 25, 50, 75, 100));\r\n\r\n                sort($limits);\r\n\r\n                foreach($limits as $value) {\r\n                    $data[\'ajax_limits\'][] = array(\r\n                        \'text\'  => $value,\r\n                        \'value\' => $value,\r\n                        \'href\'  => $base_url . \'index.php?route=product/ocfilter/category&path=\' . $category_id . $url . \'&limit=\' . $value\r\n                    );\r\n                }\r\n\r\n                $data[\'ajax_loader\'] = $base_url . \'image/\' . $this->config->get(\'module_octhemeoption_loader_img\');\r\n            }\r\n            ]]></add>\r\n        </operation>\r\n        <operation>\r\n            <search><![CDATA[$data[\'products\'][] = array(]]></search>\r\n            <add position=\"before\"><![CDATA[\r\n                if($data[\'image_effect\'] == \'rotator\') {\r\n                    $this->load->model(\'catalog/ocproductrotator\');\r\n\r\n                    $product_rotator_image = $this->model_catalog_ocproductrotator->getProductRotatorImage($result[\'product_id\']);\r\n\r\n                    if($product_rotator_image) {\r\n                        $rotate_image = $this->model_tool_image->resize($product_rotator_image, $this->config->get(\'theme_\' . $this->config->get(\'config_theme\') . \'_image_product_width\'), $this->config->get(\'theme_\' . $this->config->get(\'config_theme\') . \'_image_product_height\'));\r\n                    } else {\r\n                        $rotate_image = false;\r\n                    }\r\n                } else {\r\n                    $rotate_image = false;\r\n                }\r\n\r\n                $swatches_images = array();\r\n\r\n                $options = array();\r\n\r\n                if($data[\'image_effect\'] == \'swatches\') {\r\n                    $data[\'icon_swatches_width\'] = $this->config->get(\'module_octhemeoption_cate_swatches_width\')[$store_id];\r\n                    $data[\'icon_swatches_height\'] = $this->config->get(\'module_octhemeoption_cate_swatches_height\')[$store_id];\r\n\r\n                    $this->load->model(\'catalog/occolorswatches\');\r\n\r\n                    $images = $this->model_catalog_product->getProductImages($result[\'product_id\']);\r\n\r\n                    $is_swatches_option = false;\r\n\r\n                    foreach ($images as $img) {\r\n                        if ($img[\'product_option_value_id\']) {\r\n                            $image_option_id = $this->model_catalog_occolorswatches->getOptionIdByProductOptionValueId($img[\'product_option_value_id\']);\r\n\r\n                            if($image_option_id == $this->config->get(\'module_octhemeoption_swatches_option\')[$store_id]) {\r\n                                $is_swatches_option = true;\r\n\r\n                                $swatches_images[] = array(\r\n                                    \'product_option_value_id\' => $img[\'product_option_value_id\'],\r\n                                    \'image\' => $this->model_tool_image->resize($img[\'image\'], $this->config->get(\'theme_\' . $this->config->get(\'config_theme\') . \'_image_product_width\'), $this->config->get(\'theme_\' . $this->config->get(\'config_theme\') . \'_image_product_height\'))\r\n                                );\r\n                            }\r\n                        }\r\n                    }\r\n\r\n                    if($is_swatches_option) {\r\n                        foreach ($this->model_catalog_product->getProductOptions($result[\'product_id\']) as $option) {\r\n                            if($option[\'option_id\'] == $this->config->get(\'module_octhemeoption_swatches_option\')[$store_id]) {\r\n                                $product_option_value_data = array();\r\n\r\n                                foreach ($option[\'product_option_value\'] as $option_value) {\r\n                                    if (!$option_value[\'subtract\'] || ($option_value[\'quantity\'] > 0)) {\r\n                                        $product_option_value_data[] = array(\r\n                                            \'product_option_value_id\' => $option_value[\'product_option_value_id\'],\r\n                                            \'option_value_id\'         => $option_value[\'option_value_id\'],\r\n                                            \'name\'                    => $option_value[\'name\'],\r\n                                            \'image\'                   => $this->model_tool_image->resize($option_value[\'image\'], $data[\'icon_swatches_width\'], $data[\'icon_swatches_height\']),\r\n                                        );\r\n                                    }\r\n                                }\r\n\r\n                                $options[] = array(\r\n                                    \'product_option_id\'    => $option[\'product_option_id\'],\r\n                                    \'product_option_value\' => $product_option_value_data,\r\n                                    \'option_id\'            => $option[\'option_id\'],\r\n                                    \'name\'                 => $option[\'name\'],\r\n                                    \'type\'                 => $option[\'type\'],\r\n                                    \'value\'                => $option[\'value\'],\r\n                                );\r\n                            }\r\n                        }\r\n                    }\r\n                }\r\n\r\n            ]]></add>\r\n        </operation>\r\n        <operation>\r\n            <search><![CDATA[$data[\'products\'][] = array(]]></search>\r\n            <add position=\"after\"><![CDATA[\r\n                    \'options\' => $options,\r\n                    \'swatches_images\' => $swatches_images,\r\n                    \'rotate_image\' => $rotate_image,\r\n            ]]></add>\r\n        </operation>\r\n        <operation>\r\n            <search><![CDATA[$pagination = new Pagination();]]></search>\r\n            <add position=\"before\"><![CDATA[\r\n            $ajax_pagination = new Pagination();\r\n            $ajax_pagination->total = $product_total;\r\n            $ajax_pagination->page = $page;\r\n            $ajax_pagination->limit = $limit;\r\n            $ajax_pagination->url = $base_url . \'index.php?route=product/ocfilter/category&path=\' . $category_id . $url . \'&page={page}\';\r\n\r\n            $data[\'ajax_pagination\'] = $ajax_pagination->render();\r\n            ]]></add>\r\n        </operation>\r\n    </file>\r\n\r\n    <file path=\"catalog/controller/common/column_left.php\">\r\n    	<operation>\r\n            <search><![CDATA[if ($route == \'product/category\' && isset($this->request->get[\'path\'])) {]]></search>\r\n            <add position=\"before\"><![CDATA[\r\n       	if ($route == \'product/category\') {\r\n			$store_id = $this->config->get(\'config_store_id\');\r\n\r\n			if(isset($this->config->get(\'module_octhemeoption_use_layered\')[$store_id])) {\r\n				$use_layered = (int) $this->config->get(\'module_octhemeoption_use_layered\')[$store_id];\r\n			} else {\r\n				$use_layered = 0;\r\n			}\r\n\r\n			if(isset($this->config->get(\'module_octhemeoption_layered_column\')[$store_id])) {\r\n				$column_side = $this->config->get(\'module_octhemeoption_layered_column\')[$store_id];\r\n			} else {\r\n				$column_side = false;\r\n			}\r\n\r\n			if($use_layered && $column_side == \'left\') {\r\n				$data[\'use_layered\'] = true;\r\n			} else {\r\n				$data[\'use_layered\'] = false;\r\n			}\r\n			\r\n			if($data[\'use_layered\']) {\r\n				$data[\'layered_section\'] = $this->load->controller(\'product/ocfilter\');\r\n			}\r\n		} else {\r\n			$data[\'use_layered\'] = false;\r\n		}\r\n            ]]></add>\r\n        </operation>\r\n    </file>\r\n\r\n    <file path=\"catalog/controller/common/column_right.php\">\r\n    	<operation>\r\n            <search><![CDATA[if ($route == \'product/category\' && isset($this->request->get[\'path\'])) {]]></search>\r\n            <add position=\"before\"><![CDATA[\r\n       	if ($route == \'product/category\') {\r\n			$store_id = $this->config->get(\'config_store_id\');\r\n\r\n			if(isset($this->config->get(\'module_octhemeoption_use_layered\')[$store_id])) {\r\n				$use_layered = (int) $this->config->get(\'module_octhemeoption_use_layered\')[$store_id];\r\n			} else {\r\n				$use_layered = 0;\r\n			}\r\n\r\n			if(isset($this->config->get(\'module_octhemeoption_layered_column\')[$store_id])) {\r\n				$column_side = $this->config->get(\'module_octhemeoption_layered_column\')[$store_id];\r\n			} else {\r\n				$column_side = false;\r\n			}\r\n\r\n			if($use_layered && $column_side == \'right\') {\r\n				$data[\'use_layered\'] = true;\r\n			} else {\r\n				$data[\'use_layered\'] = false;\r\n			}\r\n			\r\n			if($data[\'use_layered\']) {\r\n				$data[\'layered_section\'] = $this->load->controller(\'product/ocfilter\');\r\n			}\r\n		} else {\r\n			$data[\'use_layered\'] = false;\r\n		}\r\n            ]]></add>\r\n        </operation>\r\n    </file>\r\n\r\n    <file path=\"catalog/model/catalog/product.php\">\r\n        <operation>\r\n            <search><![CDATA[if (!empty($data[\'filter_manufacturer_id\'])) {]]></search>\r\n            <add position=\"before\">\r\n                <![CDATA[\r\n        /* Price range */\r\n        if  (!empty($data[\'filter_price\'])) {\r\n            $min_price = $data[\'filter_price\'][\'min_price\'];\r\n            $max_price = $data[\'filter_price\'][\'max_price\'];\r\n            $sql_sl_special = \"(SELECT price FROM \" . DB_PREFIX . \"product_special ps WHERE ps.product_id = p.product_id AND ps.customer_group_id = \'\" . (int)$this->config->get(\'config_customer_group_id\') . \"\' AND ((ps.date_start = \'0000-00-00\' OR ps.date_start < NOW()) AND (ps.date_end = \'0000-00-00\' OR ps.date_end > NOW())) ORDER BY ps.priority ASC, ps.price ASC LIMIT 1)\";\r\n            $sql_sl_discount = \"(SELECT price FROM \" . DB_PREFIX . \"product_discount pd2 WHERE pd2.product_id = p.product_id AND pd2.customer_group_id = \'\" . (int)$this->config->get(\'config_customer_group_id\') . \"\' AND pd2.quantity = \'1\' AND ((pd2.date_start = \'0000-00-00\' OR pd2.date_start < NOW()) AND (pd2.date_end = \'0000-00-00\' OR pd2.date_end > NOW())) ORDER BY pd2.priority ASC, pd2.price ASC LIMIT 1)\";\r\n            $sql .= \" AND (CASE WHEN \" . $sql_sl_special . \" IS NOT NULL THEN \" . $sql_sl_special . \" WHEN \" . $sql_sl_discount . \" IS NOT NULL THEN \". $sql_sl_discount . \" ELSE p.price END) >=\'\". $min_price .\"\'\" ;\r\n            $sql .= \" AND (CASE WHEN \" . $sql_sl_special . \" IS NOT NULL THEN \" . $sql_sl_special . \" WHEN \" . $sql_sl_discount . \" IS NOT NULL THEN \". $sql_sl_discount . \" ELSE p.price END) <=\'\". $max_price .\"\'\";\r\n        }\r\n        /* End */\r\n                ]]>\r\n            </add>\r\n        </operation>\r\n    </file>\r\n\r\n    <!-- THEME OPTION -->\r\n    <file path=\"catalog/controller/common/header.php\">\r\n        <operation>\r\n            <search><![CDATA[return $this->load->view(\'common/header\', $data);]]></search>\r\n            <add position=\"before\"><![CDATA[\r\n        $data[\'store_id\'] = $this->config->get(\'config_store_id\');\r\n        $data[\'theme_option_status\'] = $this->config->get(\'module_octhemeoption_status\');\r\n        $data[\'a_tag\'] = $this->config->get(\'module_octhemeoption_a_tag\');\r\n        $data[\'header_tag\'] = $this->config->get(\'module_octhemeoption_header_tag\');\r\n        $data[\'body_css\'] = $this->config->get(\'module_octhemeoption_body\');\r\n        \r\n        if(isset($this->config->get(\'module_octhemeoption_quickview\')[$data[\'store_id\']])) {\r\n            $module_quickview = (int) $this->config->get(\'module_octhemeoption_quickview\')[$data[\'store_id\']];\r\n        } else {\r\n            $module_quickview = 0;\r\n        }\r\n\r\n        if(isset($this->config->get(\'module_octhemeoption_use_cate_quickview\')[$data[\'store_id\']])) {\r\n            $category_quickview = (int) $this->config->get(\'module_octhemeoption_use_cate_quickview\')[$data[\'store_id\']];\r\n        } else {\r\n            $category_quickview = 0;\r\n        }\r\n\r\n        if($module_quickview || $category_quickview) {\r\n        	$data[\'use_quick_view\'] = true;\r\n        } else {\r\n			$data[\'use_quick_view\'] = false;\r\n        }\r\n        	]]></add>\r\n        </operation>\r\n    </file>\r\n\r\n    <!-- Layouts Position -->\r\n    <file path=\"admin/controller/design/layout.php\">\r\n        <operation>\r\n            <search><![CDATA[$this->response->setOutput($this->load->view(\'design/layout_form\', $data));]]></search>\r\n            <add position=\"replace\"><![CDATA[\r\n                $this->response->setOutput($this->load->view(\'design/layout_plaza_form\', $data));\r\n            ]]></add>\r\n        </operation>\r\n    </file>\r\n</modification>', 1, '2018-03-15 21:11:55'),
(14, 0, 14, 'OC Search Category by Plaza Themes', 'search_category', 'Plaza Theme', '3.0', 'http://www.plazathemes.com/', '<modification>\r\n    <name>OC Search Category by Plaza Themes</name>\r\n	<version>3.0</version>\r\n	<link>http://www.plazathemes.com/</link>\r\n	<author>Plaza Theme</author>\r\n	<code>search_category</code>\r\n\r\n	<file path=\"catalog/controller/common/header.php\">\r\n		<operation>\r\n			<search ><![CDATA[$data[\'search\'] = $this->load->controller(\'common/search\');]]></search>\r\n			<add position=\"replace\"><![CDATA[\r\n				/* Edit for Search Category Module by OCMod */\r\n				$module_status = $this->config->get(\'module_ocsearchcategory_status\');\r\n				if($module_status) {\r\n					$data[\'search\'] = $this->load->controller(\'extension/module/ocsearchcategory\');\r\n				} else {\r\n					$data[\'search\'] = $this->load->controller(\'common/search\');\r\n				}\r\n				/* End Code */\r\n			]]></add>\r\n		</operation>\r\n	</file>	\r\n</modification>', 1, '2018-01-18 10:07:12');
INSERT INTO `oc_modification` (`modification_id`, `extension_download_id`, `extension_install_id`, `name`, `code`, `author`, `version`, `link`, `xml`, `status`, `date_added`) VALUES
(36, 0, 36, 'OC Customize Template', 'oc_customize_template', 'Plaza Theme', '3.x', 'http://www.plazathemes.com/', '<?xml version=\"1.0\" encoding=\"utf-8\"?>\r\n<modification>\r\n	<name>OC Customize Template</name>\r\n	<version>3.x</version>\r\n	<link>http://www.plazathemes.com/</link>\r\n	<author>Plaza Theme</author>\r\n	<code>oc_customize_template</code>\r\n	<file path=\"admin/model/localisation/language.php\">\r\n		<operation>\r\n			<search><![CDATA[return $language_id;]]></search>\r\n			<add position=\"before\"><![CDATA[\r\n				$query = $this->db->query(\"SELECT * FROM \" . DB_PREFIX . \"cmsblock_description WHERE language_id = \'\" . (int)$this->config->get(\'config_language_id\') . \"\'\");\r\n				foreach ($query->rows as $cmsblock_description) {\r\n					$this->db->query(\"INSERT INTO \" . DB_PREFIX . \"cmsblock_description SET cmsblock_des_id = \'\" . (int)$cmsblock_description[\'cmsblock_des_id\'] . \"\', language_id = \'\" . (int)$language_id . \"\', cmsblock_id = \'\" . (int)$cmsblock_description[\'cmsblock_id\'] . \"\', title = \'\" . $this->db->escape($cmsblock_description[\'title\']) . \"\', description = \'\" . $this->db->escape($cmsblock_description[\'description\']) . \"\'\");\r\n				}\r\n				$this->cache->delete(\'cmsblock_description\');\r\n				$query = $this->db->query(\"SELECT * FROM \" . DB_PREFIX . \"article_description WHERE language_id = \'\" . (int)$this->config->get(\'config_language_id\') . \"\'\");\r\n				foreach ($query->rows as $article_description) {\r\n					$this->db->query(\"INSERT INTO \" . DB_PREFIX . \"article_description SET article_id = \'\" . (int)$article_description[\'article_id\'] . \"\', language_id = \'\" . (int)$language_id . \"\', name = \'\" . $this->db->escape($article_description[\'name\']) . \"\', description = \'\" . $this->db->escape($article_description[\'description\']) . \"\', intro_text = \'\" . $this->db->escape($article_description[\'intro_text\']) . \"\', meta_title = \'\" . $this->db->escape($article_description[\'meta_title\']) . \"\', meta_description = \'\" . $this->db->escape($article_description[\'meta_description\']) . \"\', meta_keyword = \'\" . $this->db->escape($article_description[\'meta_keyword\']) . \"\'\");\r\n				}\r\n				$this->cache->delete(\'article_description\');\r\n				$query = $this->db->query(\"SELECT * FROM \" . DB_PREFIX . \"ocslideshow_image_description WHERE language_id = \'\" . (int)$this->config->get(\'config_language_id\') . \"\'\");\r\n				foreach ($query->rows as $ocslideshow_image_description) {\r\n					$this->db->query(\"INSERT INTO \" . DB_PREFIX . \"ocslideshow_image_description SET ocslideshow_image_id = \'\" . (int)$ocslideshow_image_description[\'ocslideshow_image_id\'] . \"\', language_id = \'\" . (int)$language_id . \"\', ocslideshow_id = \'\" . (int)$ocslideshow_image_description[\'ocslideshow_id\'] . \"\', description = \'\" . $this->db->escape($ocslideshow_image_description[\'description\']) . \"\', title = \'\" . $this->db->escape($ocslideshow_image_description[\'title\']) . \"\', sub_title = \'\" . $this->db->escape($ocslideshow_image_description[\'sub_title\']) . \"\'\");\r\n				}\r\n				$this->cache->delete(\'ocslideshow_image_description\');\r\n			]]></add>\r\n		</operation>\r\n	</file>\r\n	<file path=\"admin/controller/design/layout.php\">\r\n		<operation>\r\n			<search><![CDATA[$this->load->language(\'design/layout\');]]></search>\r\n			<add position=\"after\"><![CDATA[\r\n				$data[\'heading_title\'] = $this->language->get(\'heading_title\');\r\n			]]></add>\r\n		</operation>\r\n		<operation>\r\n			<search><![CDATA[protected function getForm() {]]></search>\r\n			<add position=\"after\"><![CDATA[\r\n				$this->load->language(\'design/layout\');\r\n				$data[\'heading_title\'] = $this->language->get(\'heading_title\');\r\n			]]></add>\r\n		</operation>\r\n	</file>\r\n	<file path=\"admin/view/template/common/header.twig\">\r\n		<operation>\r\n			<search><![CDATA[<link href=\"view/javascript/font-awesome/css/font-awesome.min.css\" type=\"text/css\" rel=\"stylesheet\" />]]></search>\r\n			<add position=\"after\"><![CDATA[\r\n				<link href=\"view/javascript/linearicons/css/icon-font.min.css\" type=\"text/css\" rel=\"stylesheet\" />\r\n			]]></add>\r\n		</operation>\r\n	</file>\r\n	<file path=\"catalog/model/catalog/product.php\">\r\n		<operation>\r\n			<search><![CDATA[public function getTotalProductSpecials() {]]></search>\r\n			<add position=\"before\"><![CDATA[\r\n				public function shortNameProduct($string, $wordsreturned){\r\n					$retval = $string;\r\n					$string = preg_replace(\'/(?<=\\S,)(?=\\S)/\', \' \', $string);\r\n					$string = str_replace(\"\\n\", \" \", $string);\r\n					$array = explode(\" \", $string);\r\n					if (count($array)<=$wordsreturned){\r\n						$retval = $string;\r\n					}\r\n					else{\r\n						array_splice($array, $wordsreturned);\r\n						$retval = implode(\" \", $array).\" ...\";\r\n					}\r\n					return $retval;\r\n				}\r\n				public function getUnitsSold($product_id) {\r\n					$query = $this->db->query(\"SELECT COUNT(*) AS total FROM `\" . DB_PREFIX . \"order_product` op LEFT JOIN `\" . DB_PREFIX . \"order` o ON (op.order_id = o.order_id) WHERE o.order_status_id = \'5\' AND op.product_id = \'\" . (int)$product_id . \"\'\");\r\n					if ($query->row) {\r\n						return $query->row[\'total\'];\r\n					} else {\r\n						return FALSE;\r\n					}\r\n				}\r\n			]]></add>\r\n		</operation>\r\n	</file>\r\n	<file path=\"catalog/controller/account/voucher.php\">\r\n		<operation>\r\n			<search><![CDATA[$this->load->language(\'account/voucher\');]]></search>\r\n			<add position=\"after\"><![CDATA[\r\n				$data[\'text_agree\'] = $this->language->get(\'text_agree\');\r\n			]]></add>\r\n		</operation>\r\n	</file>\r\n	<file path=\"catalog/controller/account/{address,download,order,recurring,return,reward,transaction,wishlist}*.php\">\r\n		<operation>\r\n			<search><![CDATA[$this->document->setTitle($this->language->get(\'heading_title\'));]]></search>\r\n			<add position=\"after\"><![CDATA[\r\n				$data[\'text_empty\'] = $this->language->get(\'text_empty\');\r\n			]]></add>\r\n		</operation>\r\n	</file>\r\n	<file path=\"catalog/controller/checkout/cart.php\">\r\n		<operation>\r\n			<search><![CDATA[$this->document->setTitle($this->language->get(\'heading_title\'));]]></search>\r\n			<add position=\"after\"><![CDATA[\r\n				$data[\'text_empty\'] = $this->language->get(\'text_empty\');\r\n			]]></add>\r\n		</operation>		\r\n	</file>\r\n	<file path=\"catalog/controller/common/cart.php\">\r\n		<operation>\r\n			<search><![CDATA[$this->document->setTitle($this->language->get(\'heading_title\'));]]></search>\r\n			<add position=\"after\"><![CDATA[\r\n				$data[\'text_empty\'] = $this->language->get(\'text_empty\');\r\n			]]></add>\r\n		</operation>\r\n	</file>\r\n	<file path=\"catalog/controller/extension/credit_card/{sagepay_direct,sagepay_server}*.php\">\r\n		<operation>\r\n			<search><![CDATA[$this->document->setTitle($this->language->get(\'heading_title\'));]]></search>\r\n			<add position=\"after\"><![CDATA[\r\n				$data[\'text_empty\'] = $this->language->get(\'text_empty\');\r\n			]]></add>\r\n		</operation>\r\n	</file>\r\n	<file path=\"catalog/controller/product/search.php\">\r\n		<operation>\r\n			<search><![CDATA[$data[\'breadcrumbs\'] = array();]]></search>\r\n			<add position=\"before\"><![CDATA[\r\n				$data[\'text_empty\'] = $this->language->get(\'text_empty\');\r\n			]]></add>\r\n		</operation>\r\n	</file>\r\n	<file path=\"catalog/controller/product/{category,compare,manufacturer,special}*.php\">\r\n		<operation>\r\n			<search><![CDATA[$this->document->setTitle($this->language->get(\'heading_title\'));]]></search>\r\n			<add position=\"after\"><![CDATA[\r\n				$data[\'text_empty\'] = $this->language->get(\'text_empty\');\r\n			]]></add>\r\n		</operation>\r\n	</file>\r\n	<file path=\"catalog/controller/product/category.php\">\r\n		<operation>\r\n			<search><![CDATA[$this->load->language(\'product/category\');]]></search>\r\n			<add position=\"after\"><![CDATA[\r\n				$data[\'text_empty\'] = $this->language->get(\'text_empty\');\r\n			]]></add>\r\n		</operation>\r\n	</file>\r\n	<file path=\"catalog/controller/account/{account,address,affiliate,download,edit,forgotten,login,logout,newsletter,order,password,recurring,register,reset,return,reward,success,tracking,transaction,voucher,wishlist}*.php\">\r\n		<operation>\r\n			<search><![CDATA[$this->document->setTitle($this->language->get(\'heading_title\'));]]></search>\r\n			<add position=\"after\"><![CDATA[\r\n				$data[\'heading_title\'] = $this->language->get(\'heading_title\');\r\n			]]></add>\r\n		</operation>\r\n	</file>\r\n	<file path=\"catalog/controller/affiliate/{login,register,success,}*.php\">\r\n		<operation>\r\n			<search><![CDATA[$this->document->setTitle($this->language->get(\'heading_title\'));]]></search>\r\n			<add position=\"after\"><![CDATA[\r\n				$data[\'heading_title\'] = $this->language->get(\'heading_title\');\r\n			]]></add>\r\n		</operation>\r\n	</file>\r\n	<file path=\"catalog/controller/checkout/{cart,checkout,failure,success}*.php\">\r\n		<operation>\r\n			<search><![CDATA[$this->document->setTitle($this->language->get(\'heading_title\'));]]></search>\r\n			<add position=\"after\"><![CDATA[\r\n				$data[\'heading_title\'] = $this->language->get(\'heading_title\');\r\n			]]></add>\r\n		</operation>\r\n	</file>\r\n	<file path=\"catalog/controller/product/{compare,manufacturer,search,special}*.php\">\r\n		<operation>\r\n			<search><![CDATA[$this->document->setTitle($this->language->get(\'heading_title\'));]]></search>\r\n			<add position=\"after\"><![CDATA[\r\n				$data[\'heading_title\'] = $this->language->get(\'heading_title\');\r\n			]]></add>\r\n		</operation>\r\n	</file>\r\n	<file path=\"catalog/controller/{common,error}/{maintenance,not_found}*.php\">\r\n		<operation>\r\n			<search><![CDATA[$this->document->setTitle($this->language->get(\'heading_title\'));]]></search>\r\n			<add position=\"after\"><![CDATA[\r\n				$data[\'heading_title\'] = $this->language->get(\'heading_title\');\r\n			]]></add>\r\n		</operation>\r\n	</file>\r\n	<file path=\"catalog/controller/information/{sitemap,contact}*.php\">\r\n		<operation>\r\n			<search><![CDATA[$this->document->setTitle($this->language->get(\'heading_title\'));]]></search>\r\n			<add position=\"after\"><![CDATA[\r\n				$data[\'heading_title\'] = $this->language->get(\'heading_title\');\r\n			]]></add>\r\n		</operation>\r\n	</file>\r\n	<file path=\"catalog/controller/extension/{credit_card,payment}/{sagepay_direct,sagepay_server,squareup,amazon_login_pay,klarna_checkout,wechat_pay}*.php\">\r\n		<operation>\r\n			<search><![CDATA[$this->document->setTitle($this->language->get(\'heading_title\'));]]></search>\r\n			<add position=\"after\"><![CDATA[\r\n				$data[\'heading_title\'] = $this->language->get(\'heading_title\');\r\n			]]></add>\r\n		</operation>\r\n	</file>\r\n	<file path=\"catalog/controller/product/{category,manufacturer,special,search,product}*.php\">\r\n		<operation>\r\n			<search><![CDATA[\'name\'        => $result[\'name\'],]]></search>\r\n			<add position=\"replace\"><![CDATA[\r\n				\'name\'        => $this->model_catalog_product->shortNameProduct($result[\'name\'],5),\r\n				\'name_list\'        => $result[\'name\'],\r\n			]]></add>\r\n		</operation>\r\n	</file>\r\n	<file path=\"catalog/controller/common/cart.php\">\r\n		<operation>\r\n			<search><![CDATA[$data[\'text_items\'] = sprintf($this->language->get(\'text_items\'), $this->cart->countProducts() + (isset($this->session->data[\'vouchers\']) ? count($this->session->data[\'vouchers\']) : 0), $this->currency->format($total, $this->session->data[\'currency\']));]]></search>\r\n			<add position=\"after\"><![CDATA[\r\n				$data[\'text_items2\'] = sprintf($this->language->get(\'text_items2\'), $this->cart->countProducts() + (isset($this->session->data[\'vouchers\']) ? count($this->session->data[\'vouchers\']) : 0), null);\r\n			]]></add>\r\n		</operation>\r\n		<operation>\r\n			<search><![CDATA[$this->load->model(\'setting/extension\');]]></search>\r\n			<add position=\"after\"><![CDATA[\r\n				$this->load->model(\'catalog/product\');\r\n			]]></add>\r\n		</operation>\r\n		<operation>\r\n			<search><![CDATA[$product[\'name\'],]]></search>\r\n			<add position=\"replace\"><![CDATA[\r\n				$this->model_catalog_product->shortNameProduct($product[\'name\'],5),\r\n			]]></add>\r\n		</operation>\r\n	</file>\r\n	<file path=\"catalog/controller/common/header.php\">\r\n		<operation>\r\n			<search><![CDATA[return $this->load->view(\'common/header\', $data);]]></search>\r\n			<add position=\"before\"><![CDATA[\r\n				$data[\'block1\'] = $this->load->controller(\'common/block1\');\r\n				if($this->config->get(\'module_ocajaxlogin_status\')){\r\n					$data[\'use_ajax_login\'] = true;\r\n				}else{\r\n					$data[\'use_ajax_login\'] = false;\r\n				}\r\n				// For page specific css\r\n				if (isset($this->request->get[\'route\'])) {\r\n					if (isset($this->request->get[\'product_id\'])) {\r\n						$class = \'-\' . $this->request->get[\'product_id\'];\r\n					} elseif (isset($this->request->get[\'path\'])) {\r\n						$class = \'-\' . $this->request->get[\'path\'];\r\n					} elseif (isset($this->request->get[\'manufacturer_id\'])) {\r\n						$class = \'-\' . $this->request->get[\'manufacturer_id\'];\r\n					} elseif (isset($this->request->get[\'information_id\'])) {\r\n						$class = \'-\' . $this->request->get[\'information_id\'];\r\n					} else {\r\n						$class = \'\';\r\n					}\r\n					$data[\'class\'] = str_replace(\'/\', \'-\', $this->request->get[\'route\']) . $class;\r\n				} else {\r\n					$data[\'class\'] = \'common-home\';\r\n				}\r\n			]]></add>\r\n		</operation>\r\n	</file>\r\n	<file path=\"catalog/controller/common/footer.php\">\r\n		<operation>\r\n			<search><![CDATA[$data[\'newsletter\'] = $this->url->link(\'account/newsletter\', \'\', true);]]></search>\r\n			<add position=\"after\"><![CDATA[						\r\n				$data[\'block5\'] = $this->load->controller(\'common/block5\');				\r\n				$data[\'block2\'] = $this->load->controller(\'common/block2\');								\r\n				$data[\'block3\'] = $this->load->controller(\'common/block3\');								\r\n				$data[\'block4\'] = $this->load->controller(\'common/block4\');								\r\n			]]></add>\r\n		</operation>\r\n	</file>\r\n	<file path=\"catalog/controller/product/category.php\">\r\n		<operation>\r\n			<search><![CDATA[foreach ($results as $result) {]]></search>\r\n			<add position=\"before\"><![CDATA[\r\n				/* Get new product */\r\n				$this->load->model(\'catalog/product\');\r\n				$data[\'new_products\'] = array();\r\n				$filter_data = array(\r\n					\'sort\'  => \'p.date_added\',\r\n					\'order\' => \'DESC\',\r\n					\'start\' => 0,\r\n					\'limit\' => 10\r\n				);\r\n				$new_results = $this->model_catalog_product->getProducts($filter_data);\r\n				/* End */\r\n			]]></add>\r\n		</operation>\r\n		<operation>\r\n			<search><![CDATA[$data[\'products\'][] = array(]]></search>\r\n			<add position=\"before\"><![CDATA[\r\n				$is_new = false;\r\n				if ($new_results) { \r\n					foreach($new_results as $new_r) {\r\n						if($result[\'product_id\'] == $new_r[\'product_id\']) {\r\n							$is_new = true;\r\n						}\r\n					}\r\n				}\r\n				if (($this->config->get(\'config_customer_price\') && $this->customer->isLogged()) || !$this->config->get(\'config_customer_price\')) {\r\n					$price_num = $this->tax->calculate($result[\'price\'], $result[\'tax_class_id\'], $this->config->get(\'config_tax\'));\r\n				} else {\r\n					$price_num = false;\r\n				}\r\n				if ((float)$result[\'special\']) {\r\n					$special_num = $this->tax->calculate($result[\'special\'], $result[\'tax_class_id\'], $this->config->get(\'config_tax\'));\r\n				} else {\r\n					$special_num = false;\r\n				}\r\n				$text_percent=\'\';\r\n				if ($special_num && $price_num) {\r\n					$percent =  round(($price_num-$special_num)/$price_num*100,0);\r\n					$text_percent =  sprintf($this->language->get(\'text_label_sale\'), $percent);\r\n				}\r\n				/// Product Rotator /\r\n				$store_id = $this->config->get(\'config_store_id\');\r\n				$product_rotator_status = (int) $this->config->get(\'module_octhemeoption_rotator\')[$store_id];\r\n				if($product_rotator_status == 1) {\r\n				 $this->load->model(\'catalog/ocproductrotator\');\r\n				 $this->load->model(\'tool/image\');\r\n				 $product_id = $result[\'product_id\'];\r\n				 $product_rotator_image = $this->model_catalog_ocproductrotator->getProductRotatorImage($product_id);\r\n				 if($product_rotator_image) {\r\n				  $rotator_image = $this->model_tool_image->resize($product_rotator_image, $this->config->get(\'theme_\' . $this->config->get(\'config_theme\') . \'_image_product_width\'), $this->config->get(\'theme_\' . $this->config->get(\'config_theme\') . \'_image_product_height\')); \r\n				 } else {\r\n				  $rotator_image = false;\r\n				 } \r\n				} else {\r\n				 $rotator_image = false;    \r\n				}\r\n				/// End Product Rotator /\r\n			]]></add>\r\n		</operation>\r\n		<operation>\r\n			<search><![CDATA[\'product_id\'  => $result[\'product_id\'],]]></search>\r\n			<add position=\"before\"><![CDATA[\r\n				\'is_new\'      => $is_new,\r\n				\'rotator_image\' => $rotator_image,\r\n				\'text_percent\'  => $text_percent,\r\n				\'manufacturer\' => $result[\'manufacturer\'],\r\n				\'manufacturers\' => $this->url->link(\'product/manufacturer/info\', \'manufacturer_id=\' . $result[\'manufacturer_id\']),\r\n				\'sku\'     => $result[\'sku\'],\r\n				\'stock_status\'     => $result[\'stock_status\'],\r\n			]]></add>\r\n		</operation>\r\n	</file>\r\n	<file path=\"catalog/controller/product/product.php\">\r\n		<operation>\r\n			<search><![CDATA[$this->load->language(\'product/product\');]]></search>\r\n			<add position=\"after\"><![CDATA[\r\n				$data[\'text_reward\'] = $this->language->get(\'text_reward\');\r\n				$data[\'text_points\'] = $this->language->get(\'text_points\');\r\n			]]></add>\r\n		</operation>\r\n		<operation>\r\n			<search><![CDATA[$results = $this->model_catalog_product->getProductRelated($this->request->get[\'product_id\']);]]></search>\r\n			<add position=\"before\"><![CDATA[\r\n				/* Get new product */\r\n				$this->load->model(\'catalog/product\');\r\n				$data[\'new_products\'] = array();\r\n				$filter_data = array(\r\n					\'sort\'  => \'p.date_added\',\r\n					\'order\' => \'DESC\',\r\n					\'start\' => 0,\r\n					\'limit\' => 10\r\n				);\r\n				$new_results = $this->model_catalog_product->getProducts($filter_data);\r\n				/* End */\r\n			]]></add>\r\n		</operation>\r\n		<operation>\r\n			<search><![CDATA[$data[\'products\'][] = array(]]></search>\r\n			<add position=\"before\"><![CDATA[\r\n				$is_new = false;\r\n				if ($new_results) { \r\n					foreach($new_results as $new_r) {\r\n						if($result[\'product_id\'] == $new_r[\'product_id\']) {\r\n							$is_new = true;\r\n						}\r\n					}\r\n				}\r\n				if (($this->config->get(\'config_customer_price\') && $this->customer->isLogged()) || !$this->config->get(\'config_customer_price\')) {\r\n					$price_num = $this->tax->calculate($result[\'price\'], $result[\'tax_class_id\'], $this->config->get(\'config_tax\'));\r\n				} else {\r\n					$price_num = false;\r\n				}\r\n				if ((float)$result[\'special\']) {\r\n					$special_num = $this->tax->calculate($result[\'special\'], $result[\'tax_class_id\'], $this->config->get(\'config_tax\'));\r\n				} else {\r\n					$special_num = false;\r\n				}\r\n				$text_percent=\'\';\r\n				if ($special_num && $price_num) {\r\n					$percent =  round(($price_num-$special_num)/$price_num*100,0);\r\n					$text_percent =  sprintf($this->language->get(\'text_label_sale\'), $percent);\r\n				}\r\n				/// Product Rotator /\r\n				$store_id = $this->config->get(\'config_store_id\');\r\n				if(isset($this->config->get(\'module_octhemeoption_use_cate_quickview\')[$store_id])) {\r\n					$data[\'use_quickview\'] = (int) $this->config->get(\'module_octhemeoption_use_cate_quickview\')[$store_id];\r\n				} else {\r\n					$data[\'use_quickview\'] = 0;\r\n				}\r\n				$product_rotator_status = (int) $this->config->get(\'module_octhemeoption_rotator\')[$store_id];\r\n				if($product_rotator_status == 1) {\r\n				 $this->load->model(\'catalog/ocproductrotator\');\r\n				 $this->load->model(\'tool/image\');\r\n				 $product_id = $result[\'product_id\'];\r\n				 $product_rotator_image = $this->model_catalog_ocproductrotator->getProductRotatorImage($product_id);\r\n				 if($product_rotator_image) {\r\n				  $rotator_image = $this->model_tool_image->resize($product_rotator_image, $this->config->get(\'theme_\' . $this->config->get(\'config_theme\') . \'_image_product_width\'), $this->config->get(\'theme_\' . $this->config->get(\'config_theme\') . \'_image_product_height\')); \r\n				 } else {\r\n				  $rotator_image = false;\r\n				 }\r\n				} else {\r\n				 $rotator_image = false;    \r\n				}\r\n				/// End Product Rotator /	\r\n				$data[\'use_quickview\'] = (int) $this->config->get(\'module_octhemeoption_quickview\')[$store_id];\r\n			]]></add>\r\n		</operation>\r\n		<operation>\r\n			<search><![CDATA[\'rating\'      => $rating,]]></search>\r\n			<add position=\"after\"><![CDATA[\r\n				\'is_new\'      => $is_new,\r\n				\'rotator_image\' => $rotator_image,\r\n				\'text_percent\'  => $text_percent,\r\n				\'manufacturer\' => $result[\'manufacturer\'],\r\n				\'manufacturers\' => $this->url->link(\'product/manufacturer/info\', \'manufacturer_id=\' . $result[\'manufacturer_id\']),\r\n				\'sku\'     => $result[\'sku\'],\r\n				\'stock_status\'     => $result[\'stock_status\'],\r\n			]]></add>\r\n		</operation>\r\n		<operation>\r\n			<search><![CDATA[$data[\'description\'] = html_entity_decode($product_info[\'description\'], ENT_QUOTES, \'UTF-8\');]]></search>\r\n			<add position=\"after\"><![CDATA[\r\n				$data[\'short_description\'] = utf8_substr(strip_tags(html_entity_decode($product_info[\'description\'], ENT_QUOTES, \'UTF-8\')), 0, $this->config->get($this->config->get(\'config_theme\') . \'_product_description_length\')) . \'..\';\r\n			]]></add>\r\n		</operation>\r\n	</file>\r\n	<file path=\"catalog/controller/product/special.php\">		\r\n		<operation>\r\n			<search><![CDATA[$results = $this->model_catalog_product->getProductSpecials($filter_data);]]></search>\r\n			<add position=\"after\"><![CDATA[\r\n				/* Get new product */\r\n				$this->load->model(\'catalog/product\');\r\n				$data[\'new_products\'] = array();\r\n				$filter_data = array(\r\n					\'sort\'  => \'p.date_added\',\r\n					\'order\' => \'DESC\',\r\n					\'start\' => 0,\r\n					\'limit\' => 10\r\n				);\r\n				$new_results = $this->model_catalog_product->getProducts($filter_data);\r\n				/* End */\r\n			]]></add>\r\n		</operation>\r\n		<operation>\r\n			<search><![CDATA[$data[\'products\'][] = array(]]></search>\r\n			<add position=\"before\"><![CDATA[\r\n				$is_new = false;\r\n				if ($new_results) { \r\n					foreach($new_results as $new_r) {\r\n						if($result[\'product_id\'] == $new_r[\'product_id\']) {\r\n							$is_new = true;\r\n						}\r\n					}\r\n				}\r\n				if (($this->config->get(\'config_customer_price\') && $this->customer->isLogged()) || !$this->config->get(\'config_customer_price\')) {\r\n					$price_num = $this->tax->calculate($result[\'price\'], $result[\'tax_class_id\'], $this->config->get(\'config_tax\'));\r\n				} else {\r\n					$price_num = false;\r\n				}\r\n				if ((float)$result[\'special\']) {\r\n					$special_num = $this->tax->calculate($result[\'special\'], $result[\'tax_class_id\'], $this->config->get(\'config_tax\'));\r\n				} else {\r\n					$special_num = false;\r\n				}\r\n				$text_percent=\'\';\r\n				if ($special_num && $price_num) {\r\n					$percent =  round(($price_num-$special_num)/$price_num*100,0);\r\n					$text_percent =  sprintf($this->language->get(\'text_label_sale\'), $percent);\r\n				}\r\n				/// Product Rotator /\r\n				$store_id = $this->config->get(\'config_store_id\');\r\n				if(isset($this->config->get(\'module_octhemeoption_use_cate_quickview\')[$store_id])) {\r\n					$data[\'use_quickview\'] = (int) $this->config->get(\'module_octhemeoption_use_cate_quickview\')[$store_id];\r\n				} else {\r\n					$data[\'use_quickview\'] = 0;\r\n				}\r\n				$product_rotator_status = (int) $this->config->get(\'module_octhemeoption_rotator\')[$store_id];\r\n				if($product_rotator_status == 1) {\r\n				 $this->load->model(\'catalog/ocproductrotator\');\r\n				 $this->load->model(\'tool/image\');\r\n				 $product_id = $result[\'product_id\'];\r\n				 $product_rotator_image = $this->model_catalog_ocproductrotator->getProductRotatorImage($product_id);\r\n					 if($product_rotator_image) {\r\n							$rotator_image = $this->model_tool_image->resize($product_rotator_image, $this->config->get(\'theme_\' . $this->config->get(\'config_theme\') . \'_image_product_width\'), $this->config->get(\'theme_\' . $this->config->get(\'config_theme\') . \'_image_product_height\')); \r\n					} else {\r\n						$rotator_image = false;\r\n					}\r\n				} else {\r\n				 $rotator_image = false;    \r\n				}\r\n				/// End Product Rotator /\r\n			]]></add>\r\n		</operation>\r\n		<operation>\r\n			<search><![CDATA[\'rating\'      => $result[\'rating\'],]]></search>\r\n			<add position=\"after\"><![CDATA[\r\n				\'is_new\'      => $is_new,\r\n				\'rotator_image\' => $rotator_image,\r\n				\'text_percent\'  => $text_percent,\r\n				\'manufacturer\' => $result[\'manufacturer\'],\r\n				\'manufacturers\' => $this->url->link(\'product/manufacturer/info\', \'manufacturer_id=\' . $result[\'manufacturer_id\']),\r\n				\'sku\'     => $result[\'sku\'],\r\n				\'stock_status\'     => $result[\'stock_status\'],\r\n			]]></add>\r\n		</operation>\r\n	</file>\r\n	<file path=\"catalog/controller/product/search.php\">\r\n		<operation>\r\n			<search><![CDATA[$results = $this->model_catalog_product->getProducts($filter_data);]]></search>\r\n			<add position=\"after\"><![CDATA[\r\n				/* Get new product */\r\n				$this->load->model(\'catalog/product\');\r\n				$data[\'new_products\'] = array();\r\n				$filter_data = array(\r\n					\'sort\'  => \'p.date_added\',\r\n					\'order\' => \'DESC\',\r\n					\'start\' => 0,\r\n					\'limit\' => 10\r\n				);\r\n				$new_results = $this->model_catalog_product->getProducts($filter_data);\r\n				/* End */\r\n			]]></add>\r\n		</operation>\r\n		<operation>\r\n			<search><![CDATA[$data[\'products\'][] = array(]]></search>\r\n			<add position=\"before\"><![CDATA[\r\n				$is_new = false;\r\n				if ($new_results) { \r\n					foreach($new_results as $new_r) {\r\n						if($result[\'product_id\'] == $new_r[\'product_id\']) {\r\n							$is_new = true;\r\n						}\r\n					}\r\n				}\r\n				if (($this->config->get(\'config_customer_price\') && $this->customer->isLogged()) || !$this->config->get(\'config_customer_price\')) {\r\n					$price_num = $this->tax->calculate($result[\'price\'], $result[\'tax_class_id\'], $this->config->get(\'config_tax\'));\r\n				} else {\r\n					$price_num = false;\r\n				}\r\n				if ((float)$result[\'special\']) {\r\n					$special_num = $this->tax->calculate($result[\'special\'], $result[\'tax_class_id\'], $this->config->get(\'config_tax\'));\r\n				} else {\r\n					$special_num = false;\r\n				}\r\n				$text_percent=\'\';\r\n				if ($special_num && $price_num) {\r\n					$percent =  round(($price_num-$special_num)/$price_num*100,0);\r\n					$text_percent =  sprintf($this->language->get(\'text_label_sale\'), $percent);\r\n				}\r\n				/// Product Rotator /\r\n				$store_id = $this->config->get(\'config_store_id\');\r\n				if(isset($this->config->get(\'module_octhemeoption_use_cate_quickview\')[$store_id])) {\r\n					$data[\'use_quickview\'] = (int) $this->config->get(\'module_octhemeoption_use_cate_quickview\')[$store_id];\r\n				} else {\r\n					$data[\'use_quickview\'] = 0;\r\n				}\r\n				$product_rotator_status = (int) $this->config->get(\'module_octhemeoption_rotator\')[$store_id];\r\n				if($product_rotator_status == 1) {\r\n				 $this->load->model(\'catalog/ocproductrotator\');\r\n				 $this->load->model(\'tool/image\');\r\n				 $product_id = $result[\'product_id\'];\r\n				 $product_rotator_image = $this->model_catalog_ocproductrotator->getProductRotatorImage($product_id);\r\n				 if($product_rotator_image) {\r\n							$rotator_image = $this->model_tool_image->resize($product_rotator_image, $this->config->get(\'theme_\' . $this->config->get(\'config_theme\') . \'_image_product_width\'), $this->config->get(\'theme_\' . $this->config->get(\'config_theme\') . \'_image_product_height\')); \r\n					} else {\r\n						$rotator_image = false;\r\n					} \r\n				} else {\r\n				 $rotator_image = false;    \r\n				}\r\n				/// End Product Rotator /\r\n			]]></add>\r\n		</operation>\r\n		<operation>\r\n			<search><![CDATA[\'rating\'      => $result[\'rating\'],]]></search>\r\n			<add position=\"after\"><![CDATA[\r\n				\'is_new\'      => $is_new,\r\n				\'rotator_image\' => $rotator_image,\r\n				\'text_percent\'  => $text_percent,\r\n				\'manufacturer\' => $result[\'manufacturer\'],\r\n				\'manufacturers\' => $this->url->link(\'product/manufacturer/info\', \'manufacturer_id=\' . $result[\'manufacturer_id\']),\r\n				\'sku\'     => $result[\'sku\'],\r\n				\'stock_status\'     => $result[\'stock_status\'],\r\n			]]></add>\r\n		</operation>\r\n	</file>\r\n	<file path=\"catalog/controller/product/manufacturer.php\">\r\n		<operation>\r\n			<search><![CDATA[$results = $this->model_catalog_product->getProducts($filter_data);]]></search>\r\n			<add position=\"after\"><![CDATA[\r\n				/* Get new product */\r\n				$this->load->model(\'catalog/product\');\r\n				$data[\'new_products\'] = array();\r\n				$filter_data = array(\r\n					\'sort\'  => \'p.date_added\',\r\n					\'order\' => \'DESC\',\r\n					\'start\' => 0,\r\n					\'limit\' => 10\r\n				);\r\n				$new_results = $this->model_catalog_product->getProducts($filter_data);\r\n				/* End */\r\n			]]></add>\r\n		</operation>\r\n		<operation>\r\n			<search><![CDATA[$data[\'products\'][] = array(]]></search>\r\n			<add position=\"before\"><![CDATA[\r\n				$is_new = false;\r\n				if ($new_results) { \r\n					foreach($new_results as $new_r) {\r\n						if($result[\'product_id\'] == $new_r[\'product_id\']) {\r\n							$is_new = true;\r\n						}\r\n					}\r\n				}\r\n				if (($this->config->get(\'config_customer_price\') && $this->customer->isLogged()) || !$this->config->get(\'config_customer_price\')) {\r\n					$price_num = $this->tax->calculate($result[\'price\'], $result[\'tax_class_id\'], $this->config->get(\'config_tax\'));\r\n				} else {\r\n					$price_num = false;\r\n				}\r\n				if ((float)$result[\'special\']) {\r\n					$special_num = $this->tax->calculate($result[\'special\'], $result[\'tax_class_id\'], $this->config->get(\'config_tax\'));\r\n				} else {\r\n					$special_num = false;\r\n				}\r\n				$text_percent=\'\';\r\n				if ($special_num && $price_num) {\r\n					$percent =  round(($price_num-$special_num)/$price_num*100,0);\r\n					$text_percent =  sprintf($this->language->get(\'text_label_sale\'), $percent);\r\n				}\r\n				/// Product Rotator /\r\n				$store_id = $this->config->get(\'config_store_id\');\r\n				if(isset($this->config->get(\'module_octhemeoption_use_cate_quickview\')[$store_id])) {\r\n					$data[\'use_quickview\'] = (int) $this->config->get(\'module_octhemeoption_use_cate_quickview\')[$store_id];\r\n				} else {\r\n					$data[\'use_quickview\'] = 0;\r\n				}\r\n				$product_rotator_status = (int) $this->config->get(\'module_octhemeoption_rotator\')[$store_id];\r\n				if($product_rotator_status == 1) {\r\n				 $this->load->model(\'catalog/ocproductrotator\');\r\n				 $this->load->model(\'tool/image\');\r\n				 $product_id = $result[\'product_id\'];\r\n				 $product_rotator_image = $this->model_catalog_ocproductrotator->getProductRotatorImage($product_id);\r\n				 if($product_rotator_image) {\r\n							$rotator_image = $this->model_tool_image->resize($product_rotator_image, $this->config->get(\'theme_\' . $this->config->get(\'config_theme\') . \'_image_product_width\'), $this->config->get(\'theme_\' . $this->config->get(\'config_theme\') . \'_image_product_height\')); \r\n					} else {\r\n						$rotator_image = false;\r\n					}\r\n				} else {\r\n				 $rotator_image = false;    \r\n				}\r\n				/// End Product Rotator /\r\n			]]></add>\r\n		</operation>\r\n		<operation>\r\n			<search><![CDATA[\'rating\'      => $result[\'rating\'],]]></search>\r\n			<add position=\"after\"><![CDATA[\r\n				\'is_new\'      => $is_new,\r\n				\'rotator_image\' => $rotator_image,\r\n				\'text_percent\'  => $text_percent,\r\n				\'manufacturer\' => $result[\'manufacturer\'],\r\n				\'manufacturers\' => $this->url->link(\'product/manufacturer/info\', \'manufacturer_id=\' . $result[\'manufacturer_id\']),\r\n				\'sku\'     => $result[\'sku\'],\r\n				\'stock_status\'     => $result[\'stock_status\'],\r\n			]]></add>\r\n		</operation>\r\n	</file>	\r\n</modification>', 1, '2019-01-16 23:21:29');
-- --------------------------------------------------------
--
