-- Table structure for table `oc_module`
--
-- Creation: Feb 13, 2019 at 05:18 PM
-- Last update: May 20, 2019 at 09:17 AM
-- Last check: May 14, 2019 at 01:54 PM
--
CREATE TABLE `oc_module` (
  `module_id` int(11) NOT NULL,
  `name` varchar(64) NOT NULL,
  `code` varchar(32) NOT NULL,
  `setting` text NOT NULL
) ENGINE=MyISAM DEFAULT CHARSET=utf8;
--
-- RELATIONSHIPS FOR TABLE `oc_module`:
--
--
-- Dumping data for table `oc_module`
--
INSERT INTO `oc_module` (`module_id`, `name`, `code`, `setting`) VALUES
(31, 'Our Brands', 'banner', '{\"name\":\"Our Brands\",\"banner_id\":\"8\",\"width\":\"234\",\"height\":\"79\",\"status\":\"1\"}'),
(33, 'Banner 2', 'occmsblock', '{\"name\":\"Banner 2\",\"cmsblock_id\":\"20\",\"status\":\"1\"}'),
(42, 'Static Middle Footer', 'occmsblock', '{\"name\":\"Static Middle Footer\",\"cmsblock_id\":\"25\",\"status\":\"1\"}'),
(44, 'Home slideshow 1', 'ocslideshow', '{\"name\":\"Home slideshow 1\",\"status\":\"1\",\"banner\":\"18\",\"width\":\"1920\",\"height\":\"896\"}'),
(45, 'Home slideshow 2', 'ocslideshow', '{\"name\":\"Home slideshow 2\",\"status\":\"1\",\"banner\":\"19\",\"width\":\"1800\",\"height\":\"811\"}'),
(46, 'Home slideshow 3', 'ocslideshow', '{\"name\":\"Home slideshow 3\",\"status\":\"1\",\"banner\":\"20\",\"width\":\"1920\",\"height\":\"896\"}'),
(49, 'Newsletter', 'newslettersubscribe', '{\"name\":\"Newsletter\",\"popup\":\"0\",\"status\":\"1\",\"newslettersubscribe_unsubscribe\":\"0\",\"newslettersubscribe_mail_status\":\"0\",\"newslettersubscribe_thickbox\":\"0\",\"newslettersubscribe_registered\":\"0\",\"store_id\":\"0\",\"to\":\"sendall\",\"customer_group_id\":\"1\",\"customers\":\"\",\"affiliates\":\"\",\"products\":\"\",\"subject\":\"\",\"message\":\"\"}'),
(50, 'Newsletter Popup', 'newslettersubscribe', '{\"name\":\"Newsletter Popup\",\"popup\":\"1\",\"status\":\"1\",\"newslettersubscribe_unsubscribe\":\"0\",\"newslettersubscribe_mail_status\":\"0\",\"newslettersubscribe_thickbox\":\"0\",\"newslettersubscribe_registered\":\"0\",\"store_id\":\"0\",\"to\":\"sendall\",\"customer_group_id\":\"1\",\"customers\":\"\",\"affiliates\":\"\",\"products\":\"\",\"subject\":\"\",\"message\":\"\"}'),
(54, 'Latest Our Posts', 'ocblog', '{\"name\":\"Latest Our Posts\",\"status\":\"1\",\"list\":\"1\",\"width\":\"370\",\"height\":\"230\",\"auto\":\"0\",\"items\":\"3\",\"speed\":\"1000\",\"rows\":\"1\",\"navigation\":\"0\",\"pagination\":\"1\"}'),
(64, 'Home page 01', 'oc_page_builder', '{\"name\":\"Home page 01\",\"status\":\"1\",\"widget\":[{\"class\":\"full-width\",\"main_cols\":[{\"format\":\"12\",\"sub_rows\":[{\"sub_cols\":[{\"info\":{\"module\":[{\"code\":\"ocajaxlogin\",\"name\":\"OC Ajax Login\",\"url\":\"http:\\/\\/tt_plantmore.com\\/admin\\/index.php?route=extension\\/module\\/ocajaxlogin&amp;user_token=xPO4PMecazx9kKvdv00oiOQqe3yMeRAQ\"},{\"code\":\"newslettersubscribe.50\",\"name\":\"OC Newsletter &gt; Newsletter Popup\",\"url\":\"http:\\/\\/tt_plantmore.com\\/admin\\/index.php?route=extension\\/module\\/newslettersubscribe&amp;user_token=xPO4PMecazx9kKvdv00oiOQqe3yMeRAQ&amp;module_id=50\"},{\"code\":\"ocslideshow.44\",\"name\":\"OC Slide show &gt; Home slideshow 1\",\"url\":\"http:\\/\\/tt_plantmore.com\\/admin\\/index.php?route=extension\\/module\\/ocslideshow&amp;user_token=xPO4PMecazx9kKvdv00oiOQqe3yMeRAQ&amp;module_id=44\"}]},\"format\":\"12\"}]}]}]},{\"class\":\"\",\"main_cols\":[{\"format\":\"12\",\"sub_rows\":[{\"sub_cols\":[{\"info\":{\"module\":[{\"code\":\"occmsblock.75\",\"name\":\"OC CMS Block &gt; Static Policy\",\"url\":\"http:\\/\\/tt_plantmore.com\\/admin\\/index.php?route=extension\\/module\\/occmsblock&amp;user_token=94mTm3WKVKliWih4Yl1qDejm0neDz24m&amp;module_id=75\"}]},\"format\":\"12\"}]}]}]},{\"class\":\"\",\"main_cols\":[{\"format\":\"12\",\"sub_rows\":[{\"sub_cols\":[{\"info\":{\"module\":[{\"code\":\"occmsblock.123\",\"name\":\"OC CMS Block &gt; Our History\",\"url\":\"http:\\/\\/localhost\\/tt_plantmore.com\\/admin\\/index.php?route=extension\\/module\\/occmsblock&amp;user_token=OwlmKgkIYchVw5BlBvQqwONFVR3yHAEf&amp;module_id=123\"}]},\"format\":\"12\"}]}]}]},{\"class\":\"full-width wrapper-p\",\"main_cols\":[{\"format\":\"12\",\"sub_rows\":[{\"sub_cols\":[{\"info\":{\"module\":[{\"code\":\"occmsblock.125\",\"name\":\"OC CMS Block &gt; Shop By Categories\",\"url\":\"http:\\/\\/localhost\\/tt_plantmore.com\\/admin\\/index.php?route=extension\\/module\\/occmsblock&amp;user_token=OwlmKgkIYchVw5BlBvQqwONFVR3yHAEf&amp;module_id=125\"}]},\"format\":\"12\"}]}]}]},{\"class\":\"\",\"main_cols\":[{\"format\":\"12\",\"sub_rows\":[{\"sub_cols\":[{\"info\":{\"module\":[{\"code\":\"ocproduct.126\",\"name\":\"OC Products &gt; Feature Product\",\"url\":\"http:\\/\\/localhost\\/tt_plantmore.com\\/admin\\/index.php?route=extension\\/module\\/ocproduct&amp;user_token=34eKpbur7e4E4cu5a9WYcbO1VxIZmESr&amp;module_id=126\"}]},\"format\":\"12\"}]}]}]},{\"class\":\"full-width wrapper-p\",\"main_cols\":[{\"format\":\"12\",\"sub_rows\":[{\"sub_cols\":[{\"info\":{\"module\":[{\"code\":\"occmsblock.33\",\"name\":\"OC CMS Block &gt; Banner 2\",\"url\":\"http:\\/\\/localhost\\/tt_plantmore.com\\/admin\\/index.php?route=extension\\/module\\/occmsblock&amp;user_token=34eKpbur7e4E4cu5a9WYcbO1VxIZmESr&amp;module_id=33\"},{\"code\":\"occmsblock.127\",\"name\":\"OC CMS Block &gt; Sale Banner\",\"url\":\"http:\\/\\/localhost\\/tt_plantmore.com\\/admin\\/index.php?route=extension\\/module\\/occmsblock&amp;user_token=Pq2m87rUDWJ95x66PEFJA192LPbxMTqH&amp;module_id=127\"}]},\"format\":\"12\"}]}]}]},{\"class\":\"\",\"main_cols\":[{\"format\":\"12\",\"sub_rows\":[{\"sub_cols\":[{\"info\":{\"module\":[{\"code\":\"octestimonial.114\",\"name\":\"OC Testimonials &gt; Testimonial\",\"url\":\"http:\\/\\/localhost\\/tt_plantmore.com\\/admin\\/index.php?route=extension\\/module\\/octestimonial&amp;user_token=Pq2m87rUDWJ95x66PEFJA192LPbxMTqH&amp;module_id=114\"}]},\"format\":\"12\"}]}]}]},{\"class\":\"\",\"main_cols\":[{\"format\":\"12\",\"sub_rows\":[{\"sub_cols\":[{\"info\":{\"module\":[{\"code\":\"banner.31\",\"name\":\"Banner &gt; Our Brands\",\"url\":\"http:\\/\\/localhost\\/tt_plantmore.com\\/admin\\/index.php?route=extension\\/module\\/banner&amp;user_token=Pq2m87rUDWJ95x66PEFJA192LPbxMTqH&amp;module_id=31\"}]},\"format\":\"12\"}]}]}]},{\"class\":\"special-bg\",\"main_cols\":[{\"format\":\"12\",\"sub_rows\":[{\"sub_cols\":[{\"info\":{\"module\":[{\"code\":\"ocblog.54\",\"name\":\"OC Blog &gt; Latest Blog Post\",\"url\":\"http:\\/\\/localhost\\/tt_plantmore.com\\/admin\\/index.php?route=extension\\/module\\/ocblog&amp;user_token=Pq2m87rUDWJ95x66PEFJA192LPbxMTqH&amp;module_id=54\"}]},\"format\":\"12\"}]}]}]}]}'),
(123, 'Our History', 'occmsblock', '{\"name\":\"Our History\",\"cmsblock_id\":\"46\",\"status\":\"1\"}'),
(96, 'Horizontal Mega Menu', 'ocmegamenu', '{\"name\":\"Horizontal Mega Menu\",\"status\":\"1\",\"menu\":\"1\",\"effect\":\"none\",\"menu_height\":\"55px\",\"menu_bg\":\"FFFFFF\",\"menu_text_color\":\"000000\",\"menu_pd_top\":\"20px\",\"menu_pd_right\":\"15px\",\"menu_pd_bottom\":\"20px\",\"menu_pd_left\":\"15px\",\"item_bg\":\"FFFFFF\",\"item_bg_hover\":\"FFFFFF\",\"item_font_color\":\"000000\",\"item_font_size\":\"15px\",\"item_font_transform\":\"capitalize\",\"item_font_weight\":\"500\",\"item_font_color_hover\":\"ABD373\",\"item_font_weight_hover\":\"500\",\"item_show\":\"5\",\"mega_menu_bg\":\"FFFFFF\",\"mega_text_color\":\"000000\",\"mega_menu_width\":\"100%\",\"mega_menu_pd_top\":\"0px\",\"mega_menu_pd_right\":\"0px\",\"mega_menu_pd_bottom\":\"0px\",\"mega_menu_pd_left\":\"0px\",\"second_item_bg\":\"FFFFFF\",\"second_item_bg_hover\":\"FFFFFF\",\"second_item_font_color\":\"666666\",\"second_item_font_size\":\"13px\",\"second_item_font_transform\":\"capitalize\",\"second_item_font_weight\":\"500\",\"second_item_font_color_hover\":\"ABD373\",\"second_item_font_weight_hover\":\"500\",\"third_item_bg\":\"FFFFFF\",\"third_item_bg_hover\":\"FFFFFF\",\"third_item_font_color\":\"666666\",\"third_item_font_size\":\"13px\",\"third_item_font_transform\":\"capitalize\",\"third_item_font_weight\":\"400\",\"third_item_font_color_hover\":\"ABD373\",\"third_item_font_weight_hover\":\"400\"}'),
(65, 'Home page 02', 'oc_page_builder', '{\"name\":\"Home page 02\",\"status\":\"1\",\"widget\":[{\"class\":\"full-width wrapper-p\",\"main_cols\":[{\"format\":\"12\",\"sub_rows\":[{\"sub_cols\":[{\"info\":{\"module\":[{\"code\":\"newslettersubscribe.50\",\"name\":\"OC Newsletter &gt; Newsletter Popup\",\"url\":\"http:\\/\\/tt_plantmore.com\\/admin\\/index.php?route=extension\\/module\\/newslettersubscribe&amp;user_token=uYhb4EJ2u2YvpuGL3Ma3JWgYdE51lsyc&amp;module_id=50\"},{\"code\":\"ocajaxlogin\",\"name\":\"OC Ajax Login\",\"url\":\"http:\\/\\/tt_plantmore.com\\/admin\\/index.php?route=extension\\/module\\/ocajaxlogin&amp;user_token=uYhb4EJ2u2YvpuGL3Ma3JWgYdE51lsyc\"},{\"code\":\"ocslideshow.45\",\"name\":\"OC Slide show &gt; Home slideshow 2\",\"url\":\"http:\\/\\/tt_plantmore.com\\/admin\\/index.php?route=extension\\/module\\/ocslideshow&amp;user_token=4AZbUW8nMCdxygimddyWWvrU4UpLdHru&amp;module_id=45\"}]},\"format\":\"12\"}]}]}]},{\"class\":\"\",\"main_cols\":[{\"format\":\"12\",\"sub_rows\":[{\"sub_cols\":[{\"info\":{\"module\":[{\"code\":\"occmsblock.75\",\"name\":\"OC CMS Block &gt; Static Policy\",\"url\":\"http:\\/\\/tt_plantmore.com\\/admin\\/index.php?route=extension\\/module\\/occmsblock&amp;user_token=v17Ns8o1vfIkiRTCL59SFjflC8K5aISu&amp;module_id=75\"}]},\"format\":\"12\"}]}]}]},{\"class\":\"\",\"main_cols\":[{\"format\":\"12\",\"sub_rows\":[{\"sub_cols\":[{\"info\":{\"module\":[{\"code\":\"ocproduct.126\",\"name\":\"OC Products &gt; Featured Products\",\"url\":\"http:\\/\\/localhost\\/Opencart\\/tt_plantmore\\/admin\\/index.php?route=extension\\/module\\/ocproduct&amp;user_token=aorEDdpuHkAHIx4beBviBlw30xbsOpU5&amp;module_id=126\"}]},\"format\":\"12\"}]}]}]},{\"class\":\"full-width wrapper-p\",\"main_cols\":[{\"format\":\"12\",\"sub_rows\":[{\"sub_cols\":[{\"info\":{\"module\":[{\"code\":\"occmsblock.74\",\"name\":\"OC CMS Block &gt; Banner 4\",\"url\":\"http:\\/\\/localhost\\/Opencart\\/tt_plantmore\\/admin\\/index.php?route=extension\\/module\\/occmsblock&amp;user_token=aorEDdpuHkAHIx4beBviBlw30xbsOpU5&amp;module_id=74\"}]},\"format\":\"12\"}]}]}]},{\"class\":\"\",\"main_cols\":[{\"format\":\"12\",\"sub_rows\":[{\"sub_cols\":[{\"info\":{\"module\":[{\"code\":\"ocproduct.105\",\"name\":\"OC Products &gt; Category Products\",\"url\":\"http:\\/\\/localhost\\/Opencart\\/tt_plantmore\\/admin\\/index.php?route=extension\\/module\\/ocproduct&amp;user_token=aorEDdpuHkAHIx4beBviBlw30xbsOpU5&amp;module_id=105\"}]},\"format\":\"12\"}]}]}]},{\"class\":\"full-width wrapper-p\",\"main_cols\":[{\"format\":\"12\",\"sub_rows\":[{\"sub_cols\":[{\"info\":{\"module\":[{\"code\":\"occmsblock.127\",\"name\":\"OC CMS Block &gt; Banner 3\",\"url\":\"http:\\/\\/localhost\\/Opencart\\/tt_plantmore\\/admin\\/index.php?route=extension\\/module\\/occmsblock&amp;user_token=aorEDdpuHkAHIx4beBviBlw30xbsOpU5&amp;module_id=127\"}]},\"format\":\"12\"}]}]}]},{\"class\":\"\",\"main_cols\":[{\"format\":\"12\",\"sub_rows\":[{\"sub_cols\":[{\"info\":{\"module\":[{\"code\":\"ocproduct.101\",\"name\":\"OC Products &gt; Best Products\",\"url\":\"http:\\/\\/localhost\\/Opencart\\/tt_plantmore\\/admin\\/index.php?route=extension\\/module\\/ocproduct&amp;user_token=aorEDdpuHkAHIx4beBviBlw30xbsOpU5&amp;module_id=101\"}]},\"format\":\"12\"}]}]}]},{\"class\":\"full-width wrapper-p\",\"main_cols\":[{\"format\":\"12\",\"sub_rows\":[{\"sub_cols\":[{\"info\":{\"module\":[{\"code\":\"octestimonial.114\",\"name\":\"OC Testimonials &gt; Testimonial\",\"url\":\"http:\\/\\/tt_plantmore.com\\/admin\\/index.php?route=extension\\/module\\/octestimonial&amp;user_token=v17Ns8o1vfIkiRTCL59SFjflC8K5aISu&amp;module_id=114\"}]},\"format\":\"12\"}]}]}]},{\"class\":\"\",\"main_cols\":[{\"format\":\"12\",\"sub_rows\":[{\"sub_cols\":[{\"info\":{\"module\":[{\"code\":\"occmsblock.118\",\"name\":\"OC CMS Block &gt; Banner 5\",\"url\":\"http:\\/\\/localhost\\/Opencart\\/tt_plantmore\\/admin\\/index.php?route=extension\\/module\\/occmsblock&amp;user_token=Aea2YC8LBs30NtwzrKMtPwlg8GixSwdE&amp;module_id=118\"}]},\"format\":\"12\"}]}]}]},{\"class\":\"\",\"main_cols\":[{\"format\":\"12\",\"sub_rows\":[{\"sub_cols\":[{\"info\":{\"module\":[{\"code\":\"banner.31\",\"name\":\"Banner &gt; Our Brands\",\"url\":\"http:\\/\\/localhost\\/Opencart\\/tt_plantmore\\/admin\\/index.php?route=extension\\/module\\/banner&amp;user_token=aorEDdpuHkAHIx4beBviBlw30xbsOpU5&amp;module_id=31\"}]},\"format\":\"12\"}]}]}]},{\"class\":\"special-bg full-width wrapper-p\",\"main_cols\":[{\"format\":\"12\",\"sub_rows\":[{\"sub_cols\":[{\"info\":{\"module\":[{\"code\":\"ocblog.54\",\"name\":\"OC Blog &gt; Latest Our Posts\",\"url\":\"http:\\/\\/localhost\\/Opencart\\/tt_plantmore\\/admin\\/index.php?route=extension\\/module\\/ocblog&amp;user_token=aorEDdpuHkAHIx4beBviBlw30xbsOpU5&amp;module_id=54\"}]},\"format\":\"12\"}]}]}]}]}'),
(118, 'Banner 5', 'occmsblock', '{\"name\":\"Banner 5\",\"cmsblock_id\":\"40\",\"status\":\"1\"}'),
(67, 'Home page 03', 'oc_page_builder', '{\"name\":\"Home page 03\",\"status\":\"1\",\"widget\":[{\"class\":\"full-width margin-n\",\"main_cols\":[{\"format\":\"12\",\"sub_rows\":[{\"sub_cols\":[{\"info\":{\"module\":[{\"code\":\"ocajaxlogin\",\"name\":\"OC Ajax Login\",\"url\":\"http:\\/\\/tt_plantmore.com\\/admin\\/index.php?route=extension\\/module\\/ocajaxlogin&amp;user_token=90C2o2VFnne8h2dHUpLc0hzzVuJAdnw0\"},{\"code\":\"newslettersubscribe.50\",\"name\":\"OC Newsletter &gt; Newsletter Popup\",\"url\":\"http:\\/\\/tt_plantmore.com\\/admin\\/index.php?route=extension\\/module\\/newslettersubscribe&amp;user_token=90C2o2VFnne8h2dHUpLc0hzzVuJAdnw0&amp;module_id=50\"},{\"code\":\"ocslideshow.46\",\"name\":\"OC Slide show &gt; Home slideshow 3\",\"url\":\"http:\\/\\/tt_plantmore.com\\/admin\\/index.php?route=extension\\/module\\/ocslideshow&amp;user_token=oty7MjV0vt2pnWYCv6ShmMqZvLZDyPiX&amp;module_id=46\"}]},\"format\":\"12\"}]}]}]},{\"class\":\"special-img margin-n\",\"main_cols\":[{\"format\":\"12\",\"sub_rows\":[{\"sub_cols\":[{\"info\":{\"module\":[{\"code\":\"occmsblock.75\",\"name\":\"OC CMS Block &gt; Static Policy\",\"url\":\"http:\\/\\/localhost\\/Opencart\\/tt_plantmore\\/admin\\/index.php?route=extension\\/module\\/occmsblock&amp;user_token=aorEDdpuHkAHIx4beBviBlw30xbsOpU5&amp;module_id=75\"},{\"code\":\"occmsblock.123\",\"name\":\"OC CMS Block &gt; Our History\",\"url\":\"http:\\/\\/localhost\\/Opencart\\/tt_plantmore\\/admin\\/index.php?route=extension\\/module\\/occmsblock&amp;user_token=aorEDdpuHkAHIx4beBviBlw30xbsOpU5&amp;module_id=123\"}]},\"format\":\"12\"}]}]}]},{\"class\":\"full-width wrapper-p\",\"main_cols\":[{\"format\":\"12\",\"sub_rows\":[{\"sub_cols\":[{\"info\":{\"module\":[{\"code\":\"occmsblock.119\",\"name\":\"OC CMS Block &gt; Banner 6\",\"url\":\"http:\\/\\/localhost\\/Opencart\\/tt_plantmore\\/admin\\/index.php?route=extension\\/module\\/occmsblock&amp;user_token=Aea2YC8LBs30NtwzrKMtPwlg8GixSwdE&amp;module_id=119\"}]},\"format\":\"12\"}]}]}]},{\"class\":\"\",\"main_cols\":[{\"format\":\"12\",\"sub_rows\":[{\"sub_cols\":[{\"info\":{\"module\":[{\"code\":\"ocproduct.106\",\"name\":\"OC Products &gt; Featured Products 2\",\"url\":\"http:\\/\\/localhost\\/Opencart\\/tt_plantmore\\/admin\\/index.php?route=extension\\/module\\/ocproduct&amp;user_token=aorEDdpuHkAHIx4beBviBlw30xbsOpU5&amp;module_id=106\"}]},\"format\":\"12\"}]}]}]},{\"class\":\"full-width\",\"main_cols\":[{\"format\":\"12\",\"sub_rows\":[{\"sub_cols\":[{\"info\":{\"module\":[{\"code\":\"occmsblock.74\",\"name\":\"OC CMS Block &gt; Banner 4\",\"url\":\"http:\\/\\/localhost\\/Opencart\\/tt_plantmore\\/admin\\/index.php?route=extension\\/module\\/occmsblock&amp;user_token=aorEDdpuHkAHIx4beBviBlw30xbsOpU5&amp;module_id=74\"}]},\"format\":\"12\"}]}]}]},{\"class\":\"\",\"main_cols\":[{\"format\":\"12\",\"sub_rows\":[{\"sub_cols\":[{\"info\":{\"module\":[{\"code\":\"ocproduct.105\",\"name\":\"OC Products &gt; Category Products\",\"url\":\"http:\\/\\/localhost\\/Opencart\\/tt_plantmore\\/admin\\/index.php?route=extension\\/module\\/ocproduct&amp;user_token=Aea2YC8LBs30NtwzrKMtPwlg8GixSwdE&amp;module_id=105\"}]},\"format\":\"12\"}]}]}]},{\"class\":\"\",\"main_cols\":[{\"format\":\"12\",\"sub_rows\":[{\"sub_cols\":[{\"info\":{\"module\":[{\"code\":\"occmsblock.129\",\"name\":\"OC CMS Block &gt; Banner 7\",\"url\":\"http:\\/\\/localhost\\/Opencart\\/tt_plantmore\\/admin\\/index.php?route=extension\\/module\\/occmsblock&amp;user_token=Aea2YC8LBs30NtwzrKMtPwlg8GixSwdE&amp;module_id=129\"}]},\"format\":\"12\"}]}]}]},{\"class\":\"\",\"main_cols\":[{\"format\":\"12\",\"sub_rows\":[{\"sub_cols\":[{\"info\":{\"module\":[{\"code\":\"ocproduct.95\",\"name\":\"OC Products &gt; Best Products 2\",\"url\":\"http:\\/\\/localhost\\/Opencart\\/tt_plantmore\\/admin\\/index.php?route=extension\\/module\\/ocproduct&amp;user_token=aorEDdpuHkAHIx4beBviBlw30xbsOpU5&amp;module_id=95\"}]},\"format\":\"12\"}]}]}]},{\"class\":\"special-bg wrapper-p\",\"main_cols\":[{\"format\":\"12\",\"sub_rows\":[{\"sub_cols\":[{\"info\":{\"module\":[{\"code\":\"octestimonial.114\",\"name\":\"OC Testimonials &gt; Testimonial\",\"url\":\"http:\\/\\/tt_plantmore.com\\/admin\\/index.php?route=extension\\/module\\/octestimonial&amp;user_token=yajDd09UagMUvL0My113rnvGMGVUZks3&amp;module_id=114\"}]},\"format\":\"6\"},{\"info\":{\"module\":[{\"code\":\"ocblog.128\",\"name\":\"OC Blog &gt; Latest Posts\",\"url\":\"http:\\/\\/localhost\\/Opencart\\/tt_plantmore\\/admin\\/index.php?route=extension\\/module\\/ocblog&amp;user_token=aorEDdpuHkAHIx4beBviBlw30xbsOpU5&amp;module_id=128\"}]},\"format\":\"6\"}]}]}]},{\"class\":\"\",\"main_cols\":[{\"format\":\"12\",\"sub_rows\":[{\"sub_cols\":[{\"info\":{\"module\":[{\"code\":\"banner.31\",\"name\":\"Banner &gt; Our Brands\",\"url\":\"http:\\/\\/localhost\\/Opencart\\/tt_plantmore\\/admin\\/index.php?route=extension\\/module\\/banner&amp;user_token=aorEDdpuHkAHIx4beBviBlw30xbsOpU5&amp;module_id=31\"}]},\"format\":\"12\"}]}]}]},{\"class\":\"wrapper-p full-width\",\"main_cols\":[{\"format\":\"12\",\"sub_rows\":[{\"sub_cols\":[{\"info\":{\"module\":[{\"code\":\"occmsblock.127\",\"name\":\"OC CMS Block &gt; Banner 3\",\"url\":\"http:\\/\\/localhost\\/Opencart\\/tt_plantmore\\/admin\\/index.php?route=extension\\/module\\/occmsblock&amp;user_token=aorEDdpuHkAHIx4beBviBlw30xbsOpU5&amp;module_id=127\"}]},\"format\":\"12\"}]}]}]}]}'),
(106, 'Featured Products 2', 'ocproduct', '{\"name\":\"Featured Products 2\",\"class\":\"featured-products2\",\"status\":\"1\",\"option\":\"0\",\"product\":[\"67\",\"66\",\"61\",\"54\",\"52\"],\"cate_name\":\"Accessories\",\"cate_id\":\"25\",\"productfrom\":\"1\",\"productcate\":\"\",\"input_specific_product\":\"0\",\"autoproduct\":\"1\",\"title_lang\":{\"en-gb\":{\"title\":\"Featured Products\"},\"fr\":{\"title\":\"Featured Products\"}},\"module_description\":{\"1\":{\"description\":\"The Most Trendy\"},\"2\":{\"description\":\"The Most Trendy\"}},\"type\":\"0\",\"slider\":\"1\",\"items\":\"4\",\"auto\":\"0\",\"time\":\"3000\",\"speed\":\"1000\",\"row\":\"1\",\"loop\":\"0\",\"margin\":\"30\",\"navigation\":\"0\",\"pagination\":\"1\",\"desktop\":\"3\",\"tablet\":\"2\",\"mobile\":\"2\",\"smobile\":\"1\",\"nrow\":\"1\",\"description\":\"0\",\"countdown\":\"0\",\"rotator\":\"1\",\"newlabel\":\"1\",\"salelabel\":\"1\",\"limit\":\"5\",\"width\":\"600\",\"height\":\"600\"}'),
(68, 'Home page 04', 'oc_page_builder', '{\"name\":\"Home page 04\",\"status\":\"1\",\"widget\":[{\"class\":\"wrapper-p full-width\",\"main_cols\":[{\"format\":\"12\",\"sub_rows\":[{\"sub_cols\":[{\"info\":{\"module\":[{\"code\":\"ocajaxlogin\",\"name\":\"OC Ajax Login\",\"url\":\"http:\\/\\/tt_plantmore.com\\/admin\\/index.php?route=extension\\/module\\/ocajaxlogin&amp;user_token=FLqzbJfxbMgSvzuEoURrP4l5NHSVqo59\"},{\"code\":\"newslettersubscribe.50\",\"name\":\"OC Newsletter &gt; Newsletter Popup\",\"url\":\"http:\\/\\/tt_plantmore.com\\/admin\\/index.php?route=extension\\/module\\/newslettersubscribe&amp;user_token=FLqzbJfxbMgSvzuEoURrP4l5NHSVqo59&amp;module_id=50\"},{\"code\":\"occmsblock.130\",\"name\":\"OC CMS Block &gt; Banner 8\",\"url\":\"http:\\/\\/localhost\\/Opencart\\/tt_plantmore\\/admin\\/index.php?route=extension\\/module\\/occmsblock&amp;user_token=cS4dH0KOhrYB7BPQzpxGFarPX9MnRYSo&amp;module_id=130\"},{\"code\":\"occmsblock.74\",\"name\":\"OC CMS Block &gt; Banner 4\",\"url\":\"http:\\/\\/localhost\\/Opencart\\/tt_plantmore\\/admin\\/index.php?route=extension\\/module\\/occmsblock&amp;user_token=cS4dH0KOhrYB7BPQzpxGFarPX9MnRYSo&amp;module_id=74\"}]},\"format\":\"12\"}]}]}]},{\"class\":\"\",\"main_cols\":[{\"format\":\"12\",\"sub_rows\":[{\"sub_cols\":[{\"info\":{\"module\":[{\"code\":\"ocproduct.105\",\"name\":\"OC Products &gt; Category Products\",\"url\":\"http:\\/\\/localhost\\/Opencart\\/tt_plantmore\\/admin\\/index.php?route=extension\\/module\\/ocproduct&amp;user_token=cS4dH0KOhrYB7BPQzpxGFarPX9MnRYSo&amp;module_id=105\"}]},\"format\":\"12\"}]}]}]},{\"class\":\"group-products\",\"main_cols\":[{\"format\":\"12\",\"sub_rows\":[{\"sub_cols\":[{\"info\":{\"module\":[{\"code\":\"html.133\",\"name\":\"HTML Content &gt; Heading title Indoor Plants\",\"url\":\"http:\\/\\/localhost\\/Opencart\\/tt_plantmore\\/admin\\/index.php?route=extension\\/module\\/html&amp;user_token=K1QWQxBmpch9tMOKBGSQgeMqeLUEOJvd&amp;module_id=133\"},{\"code\":\"ocproduct.134\",\"name\":\"OC Products &gt; Featured Products 3\",\"url\":\"http:\\/\\/localhost\\/Opencart\\/tt_plantmore\\/admin\\/index.php?route=extension\\/module\\/ocproduct&amp;user_token=K1QWQxBmpch9tMOKBGSQgeMqeLUEOJvd&amp;module_id=134\"},{\"code\":\"ocproduct.146\",\"name\":\"OC Products &gt; Category Products\",\"url\":\"http:\\/\\/tt_plantmore.com\\/admin\\/index.php?route=extension\\/module\\/ocproduct&amp;user_token=yODmhkOtpWA9auIvyQjfq6S54WsrGhCe&amp;module_id=146\"}]},\"format\":\"12\"}]}]}]},{\"class\":\"group-products\",\"main_cols\":[{\"format\":\"12\",\"sub_rows\":[{\"sub_cols\":[{\"info\":{\"module\":[{\"code\":\"html.136\",\"name\":\"HTML Content &gt; Heading title House Plant\",\"url\":\"http:\\/\\/localhost\\/Opencart\\/tt_plantmore\\/admin\\/index.php?route=extension\\/module\\/html&amp;user_token=yn0f6DrKOXxqKdtxsN319tQZ41UJc95D&amp;module_id=136\"},{\"code\":\"ocproduct.135\",\"name\":\"OC Products &gt; Featured Products 4\",\"url\":\"http:\\/\\/localhost\\/Opencart\\/tt_plantmore\\/admin\\/index.php?route=extension\\/module\\/ocproduct&amp;user_token=yn0f6DrKOXxqKdtxsN319tQZ41UJc95D&amp;module_id=135\"},{\"code\":\"ocproduct.110\",\"name\":\"OC Products &gt; Category Products 2\",\"url\":\"http:\\/\\/tt_plantmore.com\\/admin\\/index.php?route=extension\\/module\\/ocproduct&amp;user_token=yODmhkOtpWA9auIvyQjfq6S54WsrGhCe&amp;module_id=110\"}]},\"format\":\"12\"}]}]}]},{\"class\":\"group-products\",\"main_cols\":[{\"format\":\"12\",\"sub_rows\":[{\"sub_cols\":[{\"info\":{\"module\":[{\"code\":\"html.137\",\"name\":\"HTML Content &gt; Heading title Table Tree\",\"url\":\"http:\\/\\/localhost\\/Opencart\\/tt_plantmore\\/admin\\/index.php?route=extension\\/module\\/html&amp;user_token=yn0f6DrKOXxqKdtxsN319tQZ41UJc95D&amp;module_id=137\"},{\"code\":\"ocproduct.145\",\"name\":\"OC Products &gt; Featured Products 5\",\"url\":\"http:\\/\\/tt_plantmore.com\\/admin\\/index.php?route=extension\\/module\\/ocproduct&amp;user_token=yODmhkOtpWA9auIvyQjfq6S54WsrGhCe&amp;module_id=145\"},{\"code\":\"ocproduct.88\",\"name\":\"OC Products &gt; Category Products 3\",\"url\":\"http:\\/\\/tt_plantmore.com\\/admin\\/index.php?route=extension\\/module\\/ocproduct&amp;user_token=yODmhkOtpWA9auIvyQjfq6S54WsrGhCe&amp;module_id=88\"}]},\"format\":\"12\"}]}]}]},{\"class\":\"wrapper-p full-width\",\"main_cols\":[{\"format\":\"12\",\"sub_rows\":[{\"sub_cols\":[{\"info\":{\"module\":[{\"code\":\"occmsblock.131\",\"name\":\"OC CMS Block &gt; Banner 9\",\"url\":\"http:\\/\\/localhost\\/Opencart\\/tt_plantmore\\/admin\\/index.php?route=extension\\/module\\/occmsblock&amp;user_token=cS4dH0KOhrYB7BPQzpxGFarPX9MnRYSo&amp;module_id=131\"}]},\"format\":\"12\"}]}]}]},{\"class\":\"\",\"main_cols\":[{\"format\":\"12\",\"sub_rows\":[{\"sub_cols\":[{\"info\":{\"module\":[{\"code\":\"ocproduct.95\",\"name\":\"OC Products &gt; Best Products 2\",\"url\":\"http:\\/\\/localhost\\/Opencart\\/tt_plantmore\\/admin\\/index.php?route=extension\\/module\\/ocproduct&amp;user_token=cS4dH0KOhrYB7BPQzpxGFarPX9MnRYSo&amp;module_id=95\"}]},\"format\":\"12\"}]}]}]},{\"class\":\"wrapper-p special-bg\",\"main_cols\":[{\"format\":\"12\",\"sub_rows\":[{\"sub_cols\":[{\"info\":{\"module\":[{\"code\":\"octestimonial.114\",\"name\":\"OC Testimonials &gt; What they are saying\",\"url\":\"http:\\/\\/localhost\\/Opencart\\/tt_plantmore\\/admin\\/index.php?route=extension\\/module\\/octestimonial&amp;user_token=cS4dH0KOhrYB7BPQzpxGFarPX9MnRYSo&amp;module_id=114\"}]},\"format\":\"6\"},{\"info\":{\"module\":[{\"code\":\"ocblog.128\",\"name\":\"OC Blog &gt; Latest Posts\",\"url\":\"http:\\/\\/localhost\\/Opencart\\/tt_plantmore\\/admin\\/index.php?route=extension\\/module\\/ocblog&amp;user_token=cS4dH0KOhrYB7BPQzpxGFarPX9MnRYSo&amp;module_id=128\"}]},\"format\":\"6\"}]}]}]},{\"class\":\"\",\"main_cols\":[{\"format\":\"12\",\"sub_rows\":[{\"sub_cols\":[{\"info\":{\"module\":[{\"code\":\"banner.31\",\"name\":\"Banner &gt; Our Brands\",\"url\":\"http:\\/\\/localhost\\/Opencart\\/tt_plantmore\\/admin\\/index.php?route=extension\\/module\\/banner&amp;user_token=cS4dH0KOhrYB7BPQzpxGFarPX9MnRYSo&amp;module_id=31\"}]},\"format\":\"12\"}]}]}]},{\"class\":\"\",\"main_cols\":[{\"format\":\"12\",\"sub_rows\":[{\"sub_cols\":[{\"info\":{\"module\":[{\"code\":\"occmsblock.75\",\"name\":\"OC CMS Block &gt; Static Policy\",\"url\":\"http:\\/\\/localhost\\/Opencart\\/tt_plantmore\\/admin\\/index.php?route=extension\\/module\\/occmsblock&amp;user_token=cS4dH0KOhrYB7BPQzpxGFarPX9MnRYSo&amp;module_id=75\"}]},\"format\":\"12\"}]}]}]}]}'),
(146, 'Category Products 2', 'ocproduct', '{\"name\":\"Category Products 2\",\"class\":\"category-products2 dn-title\",\"status\":\"1\",\"option\":\"1\",\"product\":\"\",\"cate_name\":\"Handbag\",\"cate_id\":\"20\",\"productfrom\":\"1\",\"productcate\":\"\",\"input_specific_product\":\"0\",\"autoproduct\":\"0\",\"title_lang\":{\"en-gb\":{\"title\":\"Category Products\"},\"fr\":{\"title\":\"Category Products\"}},\"module_description\":{\"1\":{\"description\":\"\"},\"2\":{\"description\":\"\"}},\"type\":\"0\",\"slider\":\"1\",\"items\":\"5\",\"auto\":\"0\",\"time\":\"3000\",\"speed\":\"1000\",\"row\":\"1\",\"loop\":\"1\",\"margin\":\"30\",\"navigation\":\"0\",\"pagination\":\"0\",\"desktop\":\"4\",\"tablet\":\"3\",\"mobile\":\"2\",\"smobile\":\"1\",\"nrow\":\"1\",\"description\":\"0\",\"countdown\":\"0\",\"rotator\":\"0\",\"newlabel\":\"1\",\"salelabel\":\"1\",\"limit\":\"5\",\"width\":\"500\",\"height\":\"500\"}'),
(110, 'Category Products 3', 'ocproduct', '{\"name\":\"Category Products 3\",\"class\":\"category-products3 dn-title\",\"status\":\"1\",\"option\":\"1\",\"product\":\"\",\"cate_name\":\"Accessories\",\"cate_id\":\"25\",\"productfrom\":\"1\",\"productcate\":\"\",\"input_specific_product\":\"0\",\"autoproduct\":\"4\",\"title_lang\":{\"en-gb\":{\"title\":\"Category Products\"},\"fr\":{\"title\":\"Category Products\"}},\"module_description\":{\"1\":{\"description\":\"\"},\"2\":{\"description\":\"\"}},\"type\":\"0\",\"slider\":\"1\",\"items\":\"5\",\"auto\":\"0\",\"time\":\"3000\",\"speed\":\"1000\",\"row\":\"1\",\"loop\":\"0\",\"margin\":\"30\",\"navigation\":\"0\",\"pagination\":\"0\",\"desktop\":\"4\",\"tablet\":\"3\",\"mobile\":\"2\",\"smobile\":\"1\",\"nrow\":\"1\",\"description\":\"0\",\"countdown\":\"0\",\"rotator\":\"1\",\"newlabel\":\"1\",\"salelabel\":\"1\",\"limit\":\"5\",\"width\":\"600\",\"height\":\"600\"}'),
(102, 'Mobile Menu', 'ocmegamenu', '{\"name\":\"Mobile Menu\",\"status\":\"1\",\"menu\":\"3\",\"effect\":\"slide\",\"menu_height\":\"50px\",\"menu_bg\":\"FFFFFF\",\"menu_text_color\":\"444444\",\"menu_pd_top\":\"5px\",\"menu_pd_right\":\"0px\",\"menu_pd_bottom\":\"5px\",\"menu_pd_left\":\"0px\",\"item_bg\":\"FFFFFF\",\"item_bg_hover\":\"FFFFFF\",\"item_font_color\":\"363636\",\"item_font_size\":\"15px\",\"item_font_transform\":\"none\",\"item_font_weight\":\"400\",\"item_font_color_hover\":\"82B53F\",\"item_font_weight_hover\":\"400\",\"item_show\":\"5\",\"mega_menu_bg\":\"FFFFFF\",\"mega_text_color\":\"363636\",\"mega_menu_width\":\"100%\",\"mega_menu_pd_top\":\"0px\",\"mega_menu_pd_right\":\"0px\",\"mega_menu_pd_bottom\":\"0px\",\"mega_menu_pd_left\":\"0px\",\"second_item_bg\":\"FFFFFF\",\"second_item_bg_hover\":\"FFFFFF\",\"second_item_font_color\":\"363636\",\"second_item_font_size\":\"12px\",\"second_item_font_transform\":\"none\",\"second_item_font_weight\":\"400\",\"second_item_font_color_hover\":\"82B53F\",\"second_item_font_weight_hover\":\"400\",\"third_item_bg\":\"FFFFFF\",\"third_item_bg_hover\":\"FFFFFF\",\"third_item_font_color\":\"363636\",\"third_item_font_size\":\"11px\",\"third_item_font_transform\":\"none\",\"third_item_font_weight\":\"400\",\"third_item_font_color_hover\":\"82B53F\",\"third_item_font_weight_hover\":\"400\"}'),
(98, 'Layout Menu', 'oc_page_builder', '{\"name\":\"Layout Menu\",\"status\":\"1\",\"widget\":[{\"class\":\"\",\"main_cols\":[{\"format\":\"12\",\"sub_rows\":[{\"sub_cols\":[{\"info\":{\"module\":[{\"code\":\"ocmegamenu.96\",\"name\":\"OC Mega Menu &gt; Horizontal Mega Menu\",\"url\":\"http:\\/\\/tt_plantmore.com\\/admin\\/index.php?route=extension\\/module\\/ocmegamenu&amp;user_token=u05lG7WU3a38HkjxArzOdEmG9uoEprfS&amp;module_id=96\"}]},\"format\":\"12\"}]},{\"sub_cols\":[{\"info\":{\"module\":[{\"code\":\"ocmegamenu.102\",\"name\":\"OC Mega Menu &gt; Mobile Menu\",\"url\":\"http:\\/\\/tt_plantmore.com\\/admin\\/index.php?route=extension\\/module\\/ocmegamenu&amp;user_token=H0vD48fqnst86WwfFMBXj3xPkiruTy7p&amp;module_id=102\"}]},\"format\":\"12\"}]}]}]}]}'),
(99, 'Banner Sidebar', 'occmsblock', '{\"name\":\"Banner Sidebar\",\"cmsblock_id\":\"26\",\"status\":\"1\"}'),
(100, 'New Products', 'ocproduct', '{\"name\":\"New Products\",\"class\":\"new-products title2\",\"status\":\"1\",\"option\":\"2\",\"product\":\"\",\"cate_name\":\"Handbag\",\"cate_id\":\"20\",\"productfrom\":\"0\",\"productcate\":\"\",\"input_specific_product\":\"0\",\"autoproduct\":\"0\",\"title_lang\":{\"en-gb\":{\"title\":\"Top New\"},\"fr\":{\"title\":\"Top New\"}},\"module_description\":{\"1\":{\"description\":\"\"},\"2\":{\"description\":\"\"}},\"type\":\"1\",\"slider\":\"1\",\"items\":\"1\",\"auto\":\"0\",\"time\":\"3000\",\"speed\":\"1000\",\"row\":\"3\",\"loop\":\"0\",\"margin\":\"0\",\"navigation\":\"0\",\"pagination\":\"0\",\"desktop\":\"1\",\"tablet\":\"1\",\"mobile\":\"1\",\"smobile\":\"1\",\"nrow\":\"1\",\"description\":\"0\",\"countdown\":\"0\",\"rotator\":\"1\",\"newlabel\":\"0\",\"salelabel\":\"0\",\"limit\":\"8\",\"width\":\"200\",\"height\":\"200\"}'),
(101, 'Best Products', 'ocproduct', '{\"name\":\"Best Products\",\"class\":\"bestseller-products\",\"status\":\"1\",\"option\":\"2\",\"product\":\"\",\"cate_name\":\"Handbag\",\"cate_id\":\"20\",\"productfrom\":\"0\",\"productcate\":\"\",\"input_specific_product\":\"0\",\"autoproduct\":\"2\",\"title_lang\":{\"en-gb\":{\"title\":\"Bestseller Products\"},\"fr\":{\"title\":\"Bestseller Products\"}},\"module_description\":{\"1\":{\"description\":\"\"},\"2\":{\"description\":\"\"}},\"type\":\"0\",\"slider\":\"1\",\"items\":\"4\",\"auto\":\"0\",\"time\":\"3000\",\"speed\":\"1000\",\"row\":\"1\",\"loop\":\"0\",\"margin\":\"30\",\"navigation\":\"0\",\"pagination\":\"1\",\"desktop\":\"3\",\"tablet\":\"2\",\"mobile\":\"2\",\"smobile\":\"1\",\"nrow\":\"1\",\"description\":\"0\",\"countdown\":\"0\",\"rotator\":\"1\",\"newlabel\":\"1\",\"salelabel\":\"1\",\"limit\":\"6\",\"width\":\"600\",\"height\":\"600\"}'),
(95, 'Best Products 2', 'ocproduct', '{\"name\":\"Best Products 2\",\"class\":\"bestseller-products2\",\"status\":\"1\",\"option\":\"2\",\"product\":\"\",\"cate_name\":\"Handbag\",\"cate_id\":\"20\",\"productfrom\":\"0\",\"productcate\":\"\",\"input_specific_product\":\"0\",\"autoproduct\":\"2\",\"title_lang\":{\"en-gb\":{\"title\":\"Bestseller Product\"},\"fr\":{\"title\":\"Bestseller Product\"}},\"module_description\":{\"1\":{\"description\":\"The best collection\"},\"2\":{\"description\":\"The best collection\"}},\"type\":\"1\",\"slider\":\"1\",\"items\":\"3\",\"auto\":\"0\",\"time\":\"3000\",\"speed\":\"1000\",\"row\":\"2\",\"loop\":\"1\",\"margin\":\"30\",\"navigation\":\"0\",\"pagination\":\"1\",\"desktop\":\"3\",\"tablet\":\"2\",\"mobile\":\"2\",\"smobile\":\"1\",\"nrow\":\"1\",\"description\":\"0\",\"countdown\":\"0\",\"rotator\":\"1\",\"newlabel\":\"1\",\"salelabel\":\"1\",\"limit\":\"8\",\"width\":\"200\",\"height\":\"200\"}'),
(73, 'Home slideshow 4', 'ocslideshow', '{\"name\":\"Home slideshow 4\",\"status\":\"1\",\"banner\":\"22\",\"width\":\"770\",\"height\":\"589\"}'),
(74, 'Banner 4', 'occmsblock', '{\"name\":\"Banner 4\",\"cmsblock_id\":\"32\",\"status\":\"1\"}'),
(75, 'Static Policy', 'occmsblock', '{\"name\":\"Static Policy\",\"cmsblock_id\":\"33\",\"status\":\"1\"}'),
(88, 'Category Products 4', 'ocproduct', '{\"name\":\"Category Products 4\",\"class\":\"category-products4 dn-title\",\"status\":\"1\",\"option\":\"1\",\"product\":\"\",\"cate_name\":\"Office chair\",\"cate_id\":\"31\",\"productfrom\":\"1\",\"productcate\":\"\",\"input_specific_product\":\"0\",\"autoproduct\":\"4\",\"title_lang\":{\"en-gb\":{\"title\":\"Category Products\"},\"fr\":{\"title\":\"Category Products\"}},\"module_description\":{\"1\":{\"description\":\"&lt;p&gt;&lt;br&gt;&lt;\\/p&gt;\"},\"2\":{\"description\":\"&lt;p&gt;&lt;br&gt;&lt;\\/p&gt;\"}},\"type\":\"0\",\"slider\":\"1\",\"items\":\"5\",\"auto\":\"0\",\"time\":\"3000\",\"speed\":\"1000\",\"row\":\"1\",\"loop\":\"1\",\"margin\":\"30\",\"navigation\":\"0\",\"pagination\":\"0\",\"desktop\":\"4\",\"tablet\":\"3\",\"mobile\":\"2\",\"smobile\":\"1\",\"nrow\":\"1\",\"description\":\"0\",\"countdown\":\"0\",\"rotator\":\"1\",\"newlabel\":\"0\",\"salelabel\":\"0\",\"limit\":\"5\",\"width\":\"600\",\"height\":\"600\"}'),
(138, 'Home page 05', 'oc_page_builder', '{\"name\":\"Home page 05\",\"status\":\"1\",\"widget\":[{\"class\":\"\",\"main_cols\":[{\"format\":\"12\",\"sub_rows\":[{\"sub_cols\":[{\"info\":{\"module\":[{\"code\":\"ocajaxlogin\",\"name\":\"OC Ajax Login\",\"url\":\"http:\\/\\/localhost\\/Opencart\\/tt_plantmore\\/admin\\/index.php?route=extension\\/module\\/ocajaxlogin&amp;user_token=eXAFhxfhwBEZoYAo1GsAMZJxkcMHWekk\"},{\"code\":\"newslettersubscribe.50\",\"name\":\"OC Newsletter &gt; Newsletter Popup\",\"url\":\"http:\\/\\/localhost\\/Opencart\\/tt_plantmore\\/admin\\/index.php?route=extension\\/module\\/newslettersubscribe&amp;user_token=eXAFhxfhwBEZoYAo1GsAMZJxkcMHWekk&amp;module_id=50\"},{\"code\":\"ocslideshow.139\",\"name\":\"OC Slide show &gt; Home slideshow 5\",\"url\":\"http:\\/\\/localhost\\/Opencart\\/tt_plantmore\\/admin\\/index.php?route=extension\\/module\\/ocslideshow&amp;user_token=JDHnCD5HzB1DL9QCHE6Kky5YkJoBkjP3&amp;module_id=139\"}]},\"format\":\"8\"},{\"info\":{\"module\":[{\"code\":\"ocproduct.141\",\"name\":\"OC Products &gt; Price Countdown\",\"url\":\"http:\\/\\/localhost\\/Opencart\\/tt_plantmore\\/admin\\/index.php?route=extension\\/module\\/ocproduct&amp;user_token=JDHnCD5HzB1DL9QCHE6Kky5YkJoBkjP3&amp;module_id=141\"}]},\"format\":\"4\"}]}]}]},{\"class\":\"\",\"main_cols\":[{\"format\":\"12\",\"sub_rows\":[{\"sub_cols\":[{\"info\":{\"module\":[{\"code\":\"category\",\"name\":\"Category\",\"url\":\"http:\\/\\/localhost\\/Opencart\\/tt_plantmore\\/admin\\/index.php?route=extension\\/module\\/category&amp;user_token=JDHnCD5HzB1DL9QCHE6Kky5YkJoBkjP3\"},{\"code\":\"ocproduct.100\",\"name\":\"OC Products &gt; New Products\",\"url\":\"http:\\/\\/localhost\\/Opencart\\/tt_plantmore\\/admin\\/index.php?route=extension\\/module\\/ocproduct&amp;user_token=JDHnCD5HzB1DL9QCHE6Kky5YkJoBkjP3&amp;module_id=100\"},{\"code\":\"occmsblock.99\",\"name\":\"OC CMS Block &gt; Banner Sidebar\",\"url\":\"http:\\/\\/localhost\\/Opencart\\/tt_plantmore\\/admin\\/index.php?route=extension\\/module\\/occmsblock&amp;user_token=JDHnCD5HzB1DL9QCHE6Kky5YkJoBkjP3&amp;module_id=99\"},{\"code\":\"occmsblock.142\",\"name\":\"OC CMS Block &gt; Static Popular Tags\",\"url\":\"http:\\/\\/localhost\\/Opencart\\/tt_plantmore\\/admin\\/index.php?route=extension\\/module\\/occmsblock&amp;user_token=HRBXTiY8Nt90XeOrHaa6pkWfH8BPKeWn&amp;module_id=142\"}]},\"format\":\"3\"},{\"info\":{\"module\":[{\"code\":\"occmsblock.132\",\"name\":\"OC CMS Block &gt; Banner 10\",\"url\":\"http:\\/\\/localhost\\/Opencart\\/tt_plantmore\\/admin\\/index.php?route=extension\\/module\\/occmsblock&amp;user_token=JDHnCD5HzB1DL9QCHE6Kky5YkJoBkjP3&amp;module_id=132\"},{\"code\":\"octabproducts.84\",\"name\":\"OC Tab Products &gt; Tabs Categories 1\",\"url\":\"http:\\/\\/localhost\\/Opencart\\/tt_plantmore\\/admin\\/index.php?route=extension\\/module\\/octabproducts&amp;user_token=JDHnCD5HzB1DL9QCHE6Kky5YkJoBkjP3&amp;module_id=84\"},{\"code\":\"ocproduct.140\",\"name\":\"OC Products &gt; Best Products 3\",\"url\":\"http:\\/\\/localhost\\/Opencart\\/tt_plantmore\\/admin\\/index.php?route=extension\\/module\\/ocproduct&amp;user_token=JDHnCD5HzB1DL9QCHE6Kky5YkJoBkjP3&amp;module_id=140\"}]},\"format\":\"9\"}]}]}]},{\"class\":\"special-bg\",\"main_cols\":[{\"format\":\"12\",\"sub_rows\":[{\"sub_cols\":[{\"info\":{\"module\":[{\"code\":\"ocblog.54\",\"name\":\"OC Blog &gt; Latest Our Posts\",\"url\":\"http:\\/\\/localhost\\/Opencart\\/tt_plantmore\\/admin\\/index.php?route=extension\\/module\\/ocblog&amp;user_token=JDHnCD5HzB1DL9QCHE6Kky5YkJoBkjP3&amp;module_id=54\"}]},\"format\":\"12\"}]}]}]},{\"class\":\"margin-n\",\"main_cols\":[{\"format\":\"12\",\"sub_rows\":[{\"sub_cols\":[{\"info\":{\"module\":[{\"code\":\"banner.31\",\"name\":\"Banner &gt; Our Brands\",\"url\":\"http:\\/\\/localhost\\/Opencart\\/tt_plantmore\\/admin\\/index.php?route=extension\\/module\\/banner&amp;user_token=JDHnCD5HzB1DL9QCHE6Kky5YkJoBkjP3&amp;module_id=31\"}]},\"format\":\"12\"}]}]}]},{\"class\":\"\",\"main_cols\":[{\"format\":\"12\",\"sub_rows\":[{\"sub_cols\":[{\"info\":{\"module\":[{\"code\":\"occmsblock.75\",\"name\":\"OC CMS Block &gt; Static Policy\",\"url\":\"http:\\/\\/localhost\\/Opencart\\/tt_plantmore\\/admin\\/index.php?route=extension\\/module\\/occmsblock&amp;user_token=JDHnCD5HzB1DL9QCHE6Kky5YkJoBkjP3&amp;module_id=75\"}]},\"format\":\"12\"}]}]}]}]}'),
(105, 'Category Products', 'ocproduct', '{\"name\":\"Category Products\",\"class\":\"category-products dn-title\",\"status\":\"1\",\"option\":\"1\",\"product\":\"\",\"cate_name\":\"Handbag\",\"cate_id\":\"20\",\"productfrom\":\"1\",\"productcate\":\"\",\"input_specific_product\":\"0\",\"autoproduct\":\"4\",\"title_lang\":{\"en-gb\":{\"title\":\"Deal Of The Day\"},\"fr\":{\"title\":\"Deal Of The Day\"}},\"module_description\":{\"1\":{\"description\":\"\"},\"2\":{\"description\":\"\"}},\"type\":\"0\",\"slider\":\"1\",\"items\":\"4\",\"auto\":\"0\",\"time\":\"3000\",\"speed\":\"1000\",\"row\":\"1\",\"loop\":\"0\",\"margin\":\"30\",\"navigation\":\"0\",\"pagination\":\"1\",\"desktop\":\"3\",\"tablet\":\"2\",\"mobile\":\"2\",\"smobile\":\"1\",\"nrow\":\"1\",\"description\":\"0\",\"countdown\":\"0\",\"rotator\":\"1\",\"newlabel\":\"1\",\"salelabel\":\"1\",\"limit\":\"5\",\"width\":\"600\",\"height\":\"600\"}'),
(84, 'Tabs Categories', 'octabproducts', '{\"name\":\"Tabs Categories\",\"class\":\"tabs-categories\",\"status\":\"1\",\"title_lang\":{\"en-gb\":{\"title\":\"Shop in Store\"},\"fr\":{\"title\":\"Shop in Store\"}},\"module_description\":{\"1\":{\"description\":\"\"},\"2\":{\"description\":\"\"}},\"type\":\"0\",\"slider\":\"1\",\"items\":\"3\",\"row\":\"2\",\"loop\":\"0\",\"margin\":\"30\",\"auto\":\"0\",\"time\":\"3000\",\"speed\":\"1000\",\"navigation\":\"0\",\"pagination\":\"1\",\"desktop\":\"3\",\"tablet\":\"2\",\"mobile\":\"2\",\"smobile\":\"1\",\"nrow\":\"1\",\"description\":\"0\",\"countdown\":\"0\",\"rotator\":\"1\",\"newlabel\":\"1\",\"salelabel\":\"1\",\"limit\":\"8\",\"width\":\"600\",\"height\":\"600\",\"module_image\":\"\",\"octab\":[{\"tab_name\":{\"en-gb\":{\"title\":\"New Arrivals\"},\"fr\":{\"title\":\"New Arrivals\"}},\"option\":\"2\",\"productall\":\"\",\"cate_name\":\"Accessories\\u00a0\\u00a0&gt;\\u00a0\\u00a0Sagittis Eget\\u00a0\\u00a0&gt;\\u00a0\\u00a0Mauris Gravida\",\"cate_id\":\"56\",\"productfrom\":\"1\",\"productcate\":\"\",\"input_specific_product\":\"0\",\"autoproduct\":\"0\"},{\"tab_name\":{\"en-gb\":{\"title\":\"Most Viewed\"},\"fr\":{\"title\":\"Most Viewed\"}},\"option\":\"2\",\"productall\":\"\",\"cate_name\":\"Accessories\\u00a0\\u00a0&gt;\\u00a0\\u00a0Sagittis Eget\\u00a0\\u00a0&gt;\\u00a0\\u00a0Turpis Egestas\",\"cate_id\":\"54\",\"productfrom\":\"1\",\"productcate\":\"\",\"input_specific_product\":\"0\",\"autoproduct\":\"3\"},{\"tab_name\":{\"en-gb\":{\"title\":\"On Sale\"},\"fr\":{\"title\":\"On Sale\"}},\"option\":\"2\",\"productall\":\"\",\"cate_name\":\"Etiam Finibus\\u00a0\\u00a0&gt;\\u00a0\\u00a0Amet Rhoncus\",\"cate_id\":\"45\",\"productfrom\":\"1\",\"productcate\":\"\",\"input_specific_product\":\"0\",\"autoproduct\":\"1\"}]}'),
(114, 'What they are saying', 'octestimonial', '{\"name\":\"What they are saying\",\"status\":\"1\",\"width\":\"152\",\"height\":\"152\",\"auto\":\"1\",\"items\":\"1\",\"limit\":\"4\",\"speed\":\"1000\",\"rows\":\"1\",\"navigation\":\"1\",\"pagination\":\"0\"}'),
(119, 'Banner 6', 'occmsblock', '{\"name\":\"Banner 6\",\"cmsblock_id\":\"43\",\"status\":\"1\"}'),
(121, 'Static Bottom Footer', 'occmsblock', '{\"name\":\"Static Bottom Footer\",\"cmsblock_id\":\"44\",\"status\":\"1\"}'),
(126, 'Featured Products', 'ocproduct', '{\"name\":\"Featured Products\",\"class\":\"featured-products\",\"status\":\"1\",\"option\":\"0\",\"product\":[\"67\",\"66\",\"61\",\"54\",\"52\",\"58\",\"82\",\"32\",\"31\",\"77\",\"79\",\"33\",\"51\",\"81\",\"72\",\"34\"],\"cate_name\":\"Handbag\",\"cate_id\":\"20\",\"productfrom\":\"1\",\"productcate\":\"\",\"input_specific_product\":\"1\",\"autoproduct\":\"3\",\"title_lang\":{\"en-gb\":{\"title\":\"Featured Products\"},\"fr\":{\"title\":\"Featured Products\"}},\"module_description\":{\"1\":{\"description\":\"The Most Trendy\"},\"2\":{\"description\":\"The Most Trendy\"}},\"type\":\"0\",\"slider\":\"1\",\"items\":\"4\",\"auto\":\"0\",\"time\":\"3000\",\"speed\":\"1000\",\"row\":\"2\",\"loop\":\"0\",\"margin\":\"30\",\"navigation\":\"0\",\"pagination\":\"1\",\"desktop\":\"3\",\"tablet\":\"2\",\"mobile\":\"2\",\"smobile\":\"1\",\"nrow\":\"1\",\"description\":\"0\",\"countdown\":\"0\",\"rotator\":\"1\",\"newlabel\":\"1\",\"salelabel\":\"1\",\"limit\":\"12\",\"width\":\"500\",\"height\":\"500\"}'),
(125, 'Banner 1', 'occmsblock', '{\"name\":\"Banner 1\",\"cmsblock_id\":\"21\",\"status\":\"1\"}'),
(127, 'Banner 3', 'occmsblock', '{\"name\":\"Banner 3\",\"cmsblock_id\":\"47\",\"status\":\"1\"}'),
(128, 'Latest Posts', 'ocblog', '{\"name\":\"Latest Posts\",\"status\":\"1\",\"list\":\"2\",\"width\":\"43\",\"height\":\"43\",\"auto\":\"0\",\"items\":\"1\",\"speed\":\"3000\",\"rows\":\"3\",\"navigation\":\"0\",\"pagination\":\"1\"}'),
(129, 'Banner 7', 'occmsblock', '{\"name\":\"Banner 7\",\"cmsblock_id\":\"48\",\"status\":\"1\"}'),
(130, 'Banner 8', 'occmsblock', '{\"name\":\"Banner 8\",\"cmsblock_id\":\"49\",\"status\":\"1\"}'),
(131, 'Banner 9', 'occmsblock', '{\"name\":\"Banner 9\",\"cmsblock_id\":\"50\",\"status\":\"1\"}'),
(132, 'Banner 10', 'occmsblock', '{\"name\":\"Banner 10\",\"cmsblock_id\":\"51\",\"status\":\"1\"}'),
(133, 'Heading title Indoor Plants', 'html', '{\"name\":\"Heading title Indoor Plants\",\"module_description\":{\"1\":{\"title\":\"Indoor Plants\",\"description\":\"\"},\"2\":{\"title\":\"Indoor Plants\",\"description\":\"\"}},\"status\":\"1\"}'),
(134, 'Featured Products 3', 'ocproduct', '{\"name\":\"Featured Products 3\",\"class\":\"featured-products3 dn-title style2\",\"status\":\"1\",\"option\":\"0\",\"product\":[\"67\",\"79\",\"41\"],\"cate_name\":\"Handbag\",\"cate_id\":\"20\",\"productfrom\":\"0\",\"productcate\":\"\",\"input_specific_product\":\"0\",\"autoproduct\":\"0\",\"title_lang\":{\"en-gb\":{\"title\":\"Featured Products 3\"},\"fr\":{\"title\":\"Featured Products 3\"}},\"module_description\":{\"1\":{\"description\":\"\"},\"2\":{\"description\":\"\"}},\"type\":\"1\",\"slider\":\"1\",\"items\":\"3\",\"auto\":\"0\",\"time\":\"3000\",\"speed\":\"1000\",\"row\":\"1\",\"loop\":\"0\",\"margin\":\"0\",\"navigation\":\"0\",\"pagination\":\"0\",\"desktop\":\"3\",\"tablet\":\"2\",\"mobile\":\"2\",\"smobile\":\"1\",\"nrow\":\"1\",\"description\":\"0\",\"countdown\":\"0\",\"rotator\":\"1\",\"newlabel\":\"0\",\"salelabel\":\"0\",\"limit\":\"4\",\"width\":\"120\",\"height\":\"120\"}'),
(135, 'Featured Products 4', 'ocproduct', '{\"name\":\"Featured Products 4\",\"class\":\"featured-products4 dn-title style2\",\"status\":\"1\",\"option\":\"0\",\"product\":[\"80\",\"42\",\"49\",\"48\",\"69\",\"52\"],\"cate_name\":\"Handbag\",\"cate_id\":\"20\",\"productfrom\":\"0\",\"productcate\":\"\",\"input_specific_product\":\"0\",\"autoproduct\":\"0\",\"title_lang\":{\"en-gb\":{\"title\":\"\"},\"fr\":{\"title\":\"\"}},\"module_description\":{\"1\":{\"description\":\"\"},\"2\":{\"description\":\"\"}},\"type\":\"1\",\"slider\":\"1\",\"items\":\"3\",\"auto\":\"0\",\"time\":\"3000\",\"speed\":\"1000\",\"row\":\"1\",\"loop\":\"0\",\"margin\":\"0\",\"navigation\":\"0\",\"pagination\":\"1\",\"desktop\":\"3\",\"tablet\":\"2\",\"mobile\":\"2\",\"smobile\":\"1\",\"nrow\":\"1\",\"description\":\"0\",\"countdown\":\"0\",\"rotator\":\"1\",\"newlabel\":\"0\",\"salelabel\":\"0\",\"limit\":\"4\",\"width\":\"120\",\"height\":\"120\"}'),
(136, 'Heading title House Plant', 'html', '{\"name\":\"Heading title House Plant\",\"module_description\":{\"1\":{\"title\":\"House Plant\",\"description\":\"\"},\"2\":{\"title\":\"House Plant\",\"description\":\"\"}},\"status\":\"1\"}'),
(137, 'Heading title Table Tree', 'html', '{\"name\":\"Heading title Table Tree\",\"module_description\":{\"1\":{\"title\":\"Table Tree\",\"description\":\"\"},\"2\":{\"title\":\"Table Tree\",\"description\":\"\"}},\"status\":\"1\"}'),
(139, 'Home slideshow 5', 'ocslideshow', '{\"name\":\"Home slideshow 5\",\"status\":\"1\",\"banner\":\"23\",\"width\":\"770\",\"height\":\"589\"}'),
(140, 'Best Products 3', 'ocproduct', '{\"name\":\"Best Products 3\",\"class\":\"bestseller-products3 style3\",\"status\":\"1\",\"option\":\"2\",\"product\":\"\",\"cate_name\":\"Handbag\",\"cate_id\":\"20\",\"productfrom\":\"0\",\"productcate\":\"\",\"input_specific_product\":\"0\",\"autoproduct\":\"2\",\"title_lang\":{\"en-gb\":{\"title\":\"Bestseller Products\"},\"fr\":{\"title\":\"Bestseller Products\"}},\"module_description\":{\"1\":{\"description\":\"The Best collection\"},\"2\":{\"description\":\"The Best collection\"}},\"type\":\"1\",\"slider\":\"1\",\"items\":\"2\",\"auto\":\"0\",\"time\":\"3000\",\"speed\":\"1000\",\"row\":\"2\",\"loop\":\"1\",\"margin\":\"30\",\"navigation\":\"0\",\"pagination\":\"1\",\"desktop\":\"2\",\"tablet\":\"2\",\"mobile\":\"2\",\"smobile\":\"1\",\"nrow\":\"1\",\"description\":\"0\",\"countdown\":\"0\",\"rotator\":\"0\",\"newlabel\":\"1\",\"salelabel\":\"1\",\"limit\":\"6\",\"width\":\"200\",\"height\":\"200\"}'),
(141, 'Price Countdown', 'ocproduct', '{\"name\":\"Price Countdown\",\"class\":\"price-countdown\",\"status\":\"1\",\"option\":\"2\",\"product\":\"\",\"cate_name\":\"Handbag\",\"cate_id\":\"20\",\"productfrom\":\"0\",\"productcate\":\"\",\"input_specific_product\":\"0\",\"autoproduct\":\"4\",\"title_lang\":{\"en-gb\":{\"title\":\"Deal of The Day\"},\"fr\":{\"title\":\"Deal of The Day\"}},\"module_description\":{\"1\":{\"description\":\"\"},\"2\":{\"description\":\"\"}},\"type\":\"0\",\"slider\":\"1\",\"items\":\"1\",\"auto\":\"0\",\"time\":\"3000\",\"speed\":\"1000\",\"row\":\"1\",\"loop\":\"1\",\"margin\":\"0\",\"navigation\":\"0\",\"pagination\":\"1\",\"desktop\":\"1\",\"tablet\":\"1\",\"mobile\":\"2\",\"smobile\":\"1\",\"nrow\":\"1\",\"description\":\"0\",\"countdown\":\"1\",\"rotator\":\"1\",\"newlabel\":\"1\",\"salelabel\":\"1\",\"limit\":\"2\",\"width\":\"600\",\"height\":\"600\"}'),
(142, 'Static Popular Tags', 'occmsblock', '{\"name\":\"Static Popular Tags\",\"cmsblock_id\":\"52\",\"status\":\"1\"}'),
(143, 'Horizontal Mega Menu 2', 'ocmegamenu', '{\"name\":\"Horizontal Mega Menu 2\",\"status\":\"1\",\"menu\":\"1\",\"effect\":\"none\",\"menu_height\":\"55px\",\"menu_bg\":\"FFFFFF\",\"menu_text_color\":\"000000\",\"menu_pd_top\":\"20px\",\"menu_pd_right\":\"15px\",\"menu_pd_bottom\":\"20px\",\"menu_pd_left\":\"15px\",\"item_bg\":\"FFFFFF\",\"item_bg_hover\":\"FFFFFF\",\"item_font_color\":\"000000\",\"item_font_size\":\"15px\",\"item_font_transform\":\"capitalize\",\"item_font_weight\":\"500\",\"item_font_color_hover\":\"000000\",\"item_font_weight_hover\":\"500\",\"item_show\":\"5\",\"mega_menu_bg\":\"FFFFFF\",\"mega_text_color\":\"000000\",\"mega_menu_width\":\"100%\",\"mega_menu_pd_top\":\"0px\",\"mega_menu_pd_right\":\"0px\",\"mega_menu_pd_bottom\":\"0px\",\"mega_menu_pd_left\":\"0px\",\"second_item_bg\":\"FFFFFF\",\"second_item_bg_hover\":\"FFFFFF\",\"second_item_font_color\":\"666666\",\"second_item_font_size\":\"13px\",\"second_item_font_transform\":\"capitalize\",\"second_item_font_weight\":\"500\",\"second_item_font_color_hover\":\"ABD373\",\"second_item_font_weight_hover\":\"500\",\"third_item_bg\":\"FFFFFF\",\"third_item_bg_hover\":\"FFFFFF\",\"third_item_font_color\":\"666666\",\"third_item_font_size\":\"13px\",\"third_item_font_transform\":\"capitalize\",\"third_item_font_weight\":\"400\",\"third_item_font_color_hover\":\"ABD373\",\"third_item_font_weight_hover\":\"400\"}');
INSERT INTO `oc_module` (`module_id`, `name`, `code`, `setting`) VALUES
(144, 'Layout Menu 2', 'oc_page_builder', '{\"name\":\"Layout Menu 2\",\"status\":\"1\",\"widget\":[{\"class\":\"\",\"main_cols\":[{\"format\":\"12\",\"sub_rows\":[{\"sub_cols\":[{\"format\":\"2\"},{\"info\":{\"module\":[{\"code\":\"ocmegamenu.143\",\"name\":\"OC Mega Menu &gt; Horizontal Mega Menu 2\",\"url\":\"http:\\/\\/tt_plantmore.com\\/admin\\/index.php?route=extension\\/module\\/ocmegamenu&amp;user_token=jKWeQtYLwNhovUr5e8gD0hZLUvO1S6Ei&amp;module_id=143\"}]},\"format\":\"8\"},{\"format\":\"2\"}]}]}]},{\"class\":\"\",\"main_cols\":[{\"format\":\"12\",\"sub_rows\":[{\"sub_cols\":[{\"info\":{\"module\":[{\"code\":\"ocmegamenu.102\",\"name\":\"OC Mega Menu &gt; Mobile Menu\",\"url\":\"http:\\/\\/tt_plantmore.com\\/admin\\/index.php?route=extension\\/module\\/ocmegamenu&amp;user_token=jKWeQtYLwNhovUr5e8gD0hZLUvO1S6Ei&amp;module_id=102\"}]},\"format\":\"12\"}]}]}]}]}'),
(145, 'Featured Products 5', 'ocproduct', '{\"name\":\"Featured Products 5\",\"class\":\"featured-products5 dn-title style2\",\"status\":\"1\",\"option\":\"0\",\"product\":[\"66\",\"54\",\"61\",\"52\",\"58\"],\"cate_name\":\"Handbag\",\"cate_id\":\"20\",\"productfrom\":\"0\",\"productcate\":\"\",\"input_specific_product\":\"0\",\"autoproduct\":\"0\",\"title_lang\":{\"en-gb\":{\"title\":\"Featured Products 5\"},\"fr\":{\"title\":\"Featured Products 5\"}},\"module_description\":{\"1\":{\"description\":\"\"},\"2\":{\"description\":\"\"}},\"type\":\"1\",\"slider\":\"1\",\"items\":\"3\",\"auto\":\"0\",\"time\":\"3000\",\"speed\":\"1000\",\"row\":\"1\",\"loop\":\"0\",\"margin\":\"0\",\"navigation\":\"0\",\"pagination\":\"0\",\"desktop\":\"3\",\"tablet\":\"2\",\"mobile\":\"2\",\"smobile\":\"1\",\"nrow\":\"1\",\"description\":\"0\",\"countdown\":\"0\",\"rotator\":\"1\",\"newlabel\":\"0\",\"salelabel\":\"0\",\"limit\":\"4\",\"width\":\"120\",\"height\":\"120\"}');
-- --------------------------------------------------------
--
-- Table structure for table `oc_ocslideshow`
--
-- Creation: Feb 13, 2019 at 05:18 PM
-- Last update: Apr 16, 2019 at 02:29 AM
-- Last check: Apr 25, 2019 at 01:05 AM
--
CREATE TABLE `oc_ocslideshow` (
  `ocslideshow_id` int(11) NOT NULL,
  `name` varchar(64) NOT NULL,
  `status` tinyint(1) NOT NULL,
  `auto` tinyint(1) DEFAULT NULL,
  `delay` int(11) DEFAULT NULL,
  `hover` tinyint(1) DEFAULT NULL,
  `nextback` tinyint(1) DEFAULT NULL,
  `contrl` tinyint(1) DEFAULT NULL,
  `effect` varchar(64) NOT NULL
) ENGINE=MyISAM DEFAULT CHARSET=utf8;
--
-- RELATIONSHIPS FOR TABLE `oc_ocslideshow`:
--
--
-- Dumping data for table `oc_ocslideshow`
--
INSERT INTO `oc_ocslideshow` (`ocslideshow_id`, `name`, `status`, `auto`, `delay`, `hover`, `nextback`, `contrl`, `effect`) VALUES
(18, 'Home slideshow 1', 1, 0, 5000, 1, 1, 1, '  random  '),
(19, 'Home slideshow 2', 1, 1, 5000, 1, 1, 1, '  random  '),
(20, 'Home slideshow 3', 1, 1, 5000, 1, 1, 1, '  random  '),
(22, 'Home slideshow 4', 1, 1, 5000, 1, 1, 0, '  random  '),
(23, 'Home slideshow 5', 1, 1, 3000, 1, 1, 1, '  random  ');
-- --------------------------------------------------------
--
-- Table structure for table `oc_ocslideshow_image`
--
-- Creation: Feb 13, 2019 at 05:18 PM
-- Last update: Apr 16, 2019 at 02:29 AM
-- Last check: Apr 25, 2019 at 01:05 AM
--
CREATE TABLE `oc_ocslideshow_image` (
  `ocslideshow_image_id` int(11) NOT NULL,
  `ocslideshow_id` int(11) NOT NULL,
  `link` varchar(255) NOT NULL,
  `type` int(11) NOT NULL,
  `banner_store` varchar(110) DEFAULT '0',
  `image` varchar(255) NOT NULL,
  `small_image` varchar(255) DEFAULT NULL
) ENGINE=MyISAM DEFAULT CHARSET=utf8;
--
-- RELATIONSHIPS FOR TABLE `oc_ocslideshow_image`:
--
--
-- Dumping data for table `oc_ocslideshow_image`
--
INSERT INTO `oc_ocslideshow_image` (`ocslideshow_image_id`, `ocslideshow_id`, `link`, `type`, `banner_store`, `image`, `small_image`) VALUES
(283, 20, '        http://plazathemes.com         ', 1, '2,0,2,0', 'catalog/slideshow/slideshow3-1.jpg', 'no_image.png'),
(279, 18, '  http://plazathemes.com          ', 1, '0,0', 'catalog/slideshow/slideshow1-2.jpg', 'no_image.png'),
(281, 19, '      http://plazathemes.com         ', 1, '1,0,1,0', 'catalog/slideshow/slideshow2-2.jpg', 'no_image.png'),
(250, 22, '    http://plazathemes.com        ', 2, '3,0,3,0', 'catalog/slideshow/slideshow4-2.jpg', 'no_image.png'),
(280, 19, '      http://plazathemes.com         ', 2, '1,0,1,0', 'catalog/slideshow/slideshow2-1.jpg', 'no_image.png'),
(278, 18, '  http://plazathemes.com          ', 2, '0,0', 'catalog/slideshow/slideshow1-1.jpg', 'no_image.png'),
(282, 20, '        http://plazathemes.com         ', 2, '2,0,2,0', 'catalog/slideshow/slideshow3-2.jpg', 'no_image.png'),
(251, 22, '    http://plazathemes.com        ', 1, '3,0,3,0', 'catalog/slideshow/slideshow4-1.jpg', 'no_image.png'),
(276, 23, 'http://plazathemes.com', 2, '4,0', 'catalog/slideshow/slideshow5-2.jpg', ''),
(277, 23, 'http://plazathemes.com', 1, '4,0', 'catalog/slideshow/slideshow5-1.jpg', '');
-- --------------------------------------------------------
--
-- Table structure for table `oc_ocslideshow_image_description`
--
-- Creation: Feb 13, 2019 at 05:18 PM
-- Last update: Apr 16, 2019 at 02:29 AM
-- Last check: Apr 25, 2019 at 01:05 AM
--
CREATE TABLE `oc_ocslideshow_image_description` (
  `ocslideshow_image_id` int(11) NOT NULL,
  `language_id` int(11) NOT NULL,
  `ocslideshow_id` int(11) NOT NULL,
  `title` varchar(64) NOT NULL,
  `sub_title` varchar(64) DEFAULT NULL,
  `description` text
) ENGINE=MyISAM DEFAULT CHARSET=utf8;
--
-- RELATIONSHIPS FOR TABLE `oc_ocslideshow_image_description`:
--
--
-- Dumping data for table `oc_ocslideshow_image_description`
--
INSERT INTO `oc_ocslideshow_image_description` (`ocslideshow_image_id`, `language_id`, `ocslideshow_id`, `title`, `sub_title`, `description`) VALUES
(281, 1, 19, '                  ', '                  ', '  &lt;h4&gt;Spring&lt;/h4&gt;\r\n&lt;h5&gt;Plant Mega Sale&lt;/h5&gt; '),
(283, 2, 20, '                  ', '                  ', ' &lt;h4&gt;2019 Plant Trend&lt;/h4&gt;\r\n&lt;p&gt;Captain America: Civil War Christopher Markus and Stephen McFeely see the Hulk as the game over moment.&lt;/p&gt; '),
(283, 1, 20, '                  ', '                  ', ' &lt;h4&gt;2019 Plant Trend&lt;/h4&gt;\r\n&lt;p&gt;Captain America: Civil War Christopher Markus and Stephen McFeely see the Hulk as the game over moment.&lt;/p&gt; '),
(250, 1, 22, '                ', '                ', ' &lt;p&gt;&lt;br&gt;&lt;/p&gt; '),
(250, 2, 22, '                ', '                ', '&lt;p&gt;&lt;br&gt;&lt;/p&gt;'),
(251, 1, 22, '                ', '                ', ' &lt;p&gt;&lt;br&gt;&lt;/p&gt; '),
(251, 2, 22, '                ', '                ', '&lt;p&gt;&lt;br&gt;&lt;/p&gt;'),
(279, 2, 18, '                                  ', '                                  ', ' &lt;h4&gt;2019 Plant Trend&lt;/h4&gt;\r\n&lt;p&gt;Captain America: Civil War Christopher Markus and Stephen McFeely see the Hulk as the game&lt;br&gt;over moment.&lt;/p&gt;  '),
(279, 1, 18, '         ', '                                  ', ' &lt;h4&gt;2019 Plant Trend&lt;/h4&gt;\r\n&lt;p&gt;Captain America: Civil War Christopher Markus and Stephen McFeely see the Hulk as the game&lt;br&gt;over moment.&lt;/p&gt;  '),
(278, 2, 18, '                      ', '                      ', ' &lt;h4&gt;Perfect Plant&lt;/h4&gt;\r\n&lt;h4&gt;Sale in Lookbook&lt;/h4&gt;\r\n&lt;p&gt;Captain America: Civil War Christopher Markus and Stephen McFeely see the Hulk&lt;br&gt;as the game over moment.&lt;/p&gt;  '),
(278, 1, 18, '          ', '                      ', ' &lt;h4&gt;Perfect Plant&lt;/h4&gt;\r\n&lt;h4&gt;Sale in Lookbook&lt;/h4&gt;\r\n&lt;p&gt;Captain America: Civil War Christopher Markus and Stephen McFeely see the Hulk&lt;br&gt;as the game over moment.&lt;/p&gt;  '),
(280, 2, 19, '      ', '      ', '  &lt;h4&gt;Perfect Plant&lt;/h4&gt;\r\n&lt;h4&gt;Sale in Lookbook&lt;/h4&gt;\r\n&lt;p&gt;Captain America: Civil War Christopher Markus and Stephen McFeely see the Hulk&lt;br&gt;as the game over moment.&lt;/p&gt;   '),
(280, 1, 19, '      ', '      ', '  &lt;h4&gt;Perfect Plant&lt;/h4&gt;\r\n&lt;h4&gt;Sale in Lookbook&lt;/h4&gt;\r\n&lt;p&gt;Captain America: Civil War Christopher Markus and Stephen McFeely see the Hulk&lt;br&gt;as the game over moment.&lt;/p&gt;   '),
(282, 2, 20, '                  ', '                  ', ' &lt;h4&gt;Spring 30% Discount&lt;/h4&gt; '),
(282, 1, 20, '                  ', '                  ', ' &lt;h4&gt;Spring 30% Discount&lt;/h4&gt; '),
(276, 1, 23, '', '', ''),
(276, 2, 23, '', '', ''),
(277, 1, 23, '', '', ''),
(277, 2, 23, '', '', ''),
(281, 2, 19, '                  ', '                  ', '  &lt;h4&gt;Spring&lt;/h4&gt;\r\n&lt;h5&gt;Plant Mega Sale&lt;/h5&gt; ');
-- --------------------------------------------------------
--
-- Table structure for table `oc_option`
--
-- Creation: Feb 13, 2019 at 05:18 PM
-- Last update: Feb 13, 2019 at 05:18 PM
-- Last check: Feb 13, 2019 at 11:58 PM
--
CREATE TABLE `oc_option` (
  `option_id` int(11) NOT NULL,
  `type` varchar(32) NOT NULL,
  `sort_order` int(3) NOT NULL
) ENGINE=MyISAM DEFAULT CHARSET=utf8;
--
-- RELATIONSHIPS FOR TABLE `oc_option`:
--
--
-- Dumping data for table `oc_option`
--
INSERT INTO `oc_option` (`option_id`, `type`, `sort_order`) VALUES
(1, 'radio', 1),
(2, 'checkbox', 2),
(4, 'text', 3),
(5, 'select', 4),
(6, 'textarea', 5),
(7, 'file', 6),
(8, 'date', 7),
(9, 'time', 8),
(10, 'datetime', 9),
(11, 'select', 10),
(12, 'date', 11);
-- --------------------------------------------------------
--
-- Table structure for table `oc_option_description`
--
-- Creation: Feb 13, 2019 at 05:18 PM
-- Last update: Feb 13, 2019 at 05:18 PM
-- Last check: Feb 13, 2019 at 11:58 PM
--
CREATE TABLE `oc_option_description` (
  `option_id` int(11) NOT NULL,
  `language_id` int(11) NOT NULL,
  `name` varchar(128) NOT NULL
) ENGINE=MyISAM DEFAULT CHARSET=utf8;
--
-- RELATIONSHIPS FOR TABLE `oc_option_description`:
--
--
-- Dumping data for table `oc_option_description`
--
INSERT INTO `oc_option_description` (`option_id`, `language_id`, `name`) VALUES
(1, 1, 'Radio'),
(2, 1, 'Checkbox'),
(4, 1, 'Text'),
(6, 1, 'Textarea'),
(8, 1, 'Date'),
(7, 1, 'File'),
(5, 2, 'Color'),
(9, 1, 'Time'),
(10, 1, 'Date &amp; Time'),
(12, 1, 'Delivery Date'),
(11, 1, 'Size'),
(5, 1, 'Color');
-- --------------------------------------------------------
--
-- Table structure for table `oc_option_value`
--
-- Creation: Feb 13, 2019 at 05:18 PM
-- Last update: Feb 13, 2019 at 05:18 PM
-- Last check: Mar 12, 2019 at 04:01 PM
--
CREATE TABLE `oc_option_value` (
  `option_value_id` int(11) NOT NULL,
  `option_id` int(11) NOT NULL,
  `image` varchar(255) NOT NULL,
  `sort_order` int(3) NOT NULL
) ENGINE=MyISAM DEFAULT CHARSET=utf8;
--
-- RELATIONSHIPS FOR TABLE `oc_option_value`:
--
--
-- Dumping data for table `oc_option_value`
--
INSERT INTO `oc_option_value` (`option_value_id`, `option_id`, `image`, `sort_order`) VALUES
(43, 1, '', 3),
(32, 1, '', 1),
(45, 2, '', 4),
(44, 2, '', 3),
(40, 5, 'catalog/products-opt-color/color2.jpg', 2),
(31, 1, '', 2),
(23, 2, '', 1),
(24, 2, '', 2),
(46, 11, '', 1),
(47, 11, '', 2),
(48, 11, '', 3),
(39, 5, 'catalog/products-opt-color/color3.jpg', 1),
(41, 5, 'catalog/products-opt-color/color5.jpg', 3),
(42, 5, 'catalog/products-opt-color/color4.jpg', 4);
-- --------------------------------------------------------
--
-- Table structure for table `oc_option_value_description`
--
-- Creation: Feb 13, 2019 at 05:18 PM
-- Last update: Feb 13, 2019 at 05:18 PM
-- Last check: Mar 12, 2019 at 04:01 PM
--
CREATE TABLE `oc_option_value_description` (
  `option_value_id` int(11) NOT NULL,
  `language_id` int(11) NOT NULL,
  `option_id` int(11) NOT NULL,
  `name` varchar(128) NOT NULL
) ENGINE=MyISAM DEFAULT CHARSET=utf8;
--
-- RELATIONSHIPS FOR TABLE `oc_option_value_description`:
--
--
-- Dumping data for table `oc_option_value_description`
--
INSERT INTO `oc_option_value_description` (`option_value_id`, `language_id`, `option_id`, `name`) VALUES
(43, 1, 1, 'Large'),
(32, 1, 1, 'Small'),
(45, 1, 2, 'Checkbox 4'),
(44, 1, 2, 'Checkbox 3'),
(31, 1, 1, 'Medium'),
(42, 1, 5, 'Yellow'),
(41, 2, 5, 'Green'),
(41, 1, 5, 'Green'),
(23, 1, 2, 'Checkbox 1'),
(24, 1, 2, 'Checkbox 2'),
(48, 1, 11, 'Large'),
(47, 1, 11, 'Medium'),
(46, 1, 11, 'Small'),
(40, 2, 5, 'Blue'),
(40, 1, 5, 'Blue'),
(39, 2, 5, 'Red'),
(39, 1, 5, 'Red'),
(42, 2, 5, 'Yellow');
-- --------------------------------------------------------
--
-- Table structure for table `oc_order`
--
-- Creation: Feb 13, 2019 at 05:18 PM
-- Last update: Feb 13, 2019 at 05:18 PM
-- Last check: Mar 12, 2019 at 01:50 PM
--
CREATE TABLE `oc_order` (
  `order_id` int(11) NOT NULL,
  `invoice_no` int(11) NOT NULL DEFAULT '0',
  `invoice_prefix` varchar(26) NOT NULL,
  `store_id` int(11) NOT NULL DEFAULT '0',
  `store_name` varchar(64) NOT NULL,
  `store_url` varchar(255) NOT NULL,
  `customer_id` int(11) NOT NULL DEFAULT '0',
  `customer_group_id` int(11) NOT NULL DEFAULT '0',
  `firstname` varchar(32) NOT NULL,
  `lastname` varchar(32) NOT NULL,
  `email` varchar(96) NOT NULL,
  `telephone` varchar(32) NOT NULL,
  `fax` varchar(32) NOT NULL,
  `custom_field` text NOT NULL,
  `payment_firstname` varchar(32) NOT NULL,
  `payment_lastname` varchar(32) NOT NULL,
  `payment_company` varchar(40) NOT NULL,
  `payment_address_1` varchar(128) NOT NULL,
  `payment_address_2` varchar(128) NOT NULL,
  `payment_city` varchar(128) NOT NULL,
  `payment_postcode` varchar(10) NOT NULL,
  `payment_country` varchar(128) NOT NULL,
  `payment_country_id` int(11) NOT NULL,
  `payment_zone` varchar(128) NOT NULL,
  `payment_zone_id` int(11) NOT NULL,
  `payment_address_format` text NOT NULL,
  `payment_custom_field` text NOT NULL,
  `payment_method` varchar(128) NOT NULL,
  `payment_code` varchar(128) NOT NULL,
  `shipping_firstname` varchar(32) NOT NULL,
  `shipping_lastname` varchar(32) NOT NULL,
  `shipping_company` varchar(40) NOT NULL,
  `shipping_address_1` varchar(128) NOT NULL,
  `shipping_address_2` varchar(128) NOT NULL,
  `shipping_city` varchar(128) NOT NULL,
  `shipping_postcode` varchar(10) NOT NULL,
  `shipping_country` varchar(128) NOT NULL,
  `shipping_country_id` int(11) NOT NULL,
  `shipping_zone` varchar(128) NOT NULL,
  `shipping_zone_id` int(11) NOT NULL,
  `shipping_address_format` text NOT NULL,
  `shipping_custom_field` text NOT NULL,
  `shipping_method` varchar(128) NOT NULL,
  `shipping_code` varchar(128) NOT NULL,
  `comment` text NOT NULL,
  `total` decimal(15,4) NOT NULL DEFAULT '0.0000',
  `order_status_id` int(11) NOT NULL DEFAULT '0',
  `affiliate_id` int(11) NOT NULL,
  `commission` decimal(15,4) NOT NULL,
  `marketing_id` int(11) NOT NULL,
  `tracking` varchar(64) NOT NULL,
  `language_id` int(11) NOT NULL,
  `currency_id` int(11) NOT NULL,
  `currency_code` varchar(3) NOT NULL,
  `currency_value` decimal(15,8) NOT NULL DEFAULT '1.00000000',
  `ip` varchar(40) NOT NULL,
  `forwarded_ip` varchar(40) NOT NULL,
  `user_agent` varchar(255) NOT NULL,
  `accept_language` varchar(255) NOT NULL,
  `date_added` datetime NOT NULL,
  `date_modified` datetime NOT NULL
) ENGINE=MyISAM DEFAULT CHARSET=utf8;
--
-- RELATIONSHIPS FOR TABLE `oc_order`:
--
--
-- Dumping data for table `oc_order`
--
INSERT INTO `oc_order` (`order_id`, `invoice_no`, `invoice_prefix`, `store_id`, `store_name`, `store_url`, `customer_id`, `customer_group_id`, `firstname`, `lastname`, `email`, `telephone`, `fax`, `custom_field`, `payment_firstname`, `payment_lastname`, `payment_company`, `payment_address_1`, `payment_address_2`, `payment_city`, `payment_postcode`, `payment_country`, `payment_country_id`, `payment_zone`, `payment_zone_id`, `payment_address_format`, `payment_custom_field`, `payment_method`, `payment_code`, `shipping_firstname`, `shipping_lastname`, `shipping_company`, `shipping_address_1`, `shipping_address_2`, `shipping_city`, `shipping_postcode`, `shipping_country`, `shipping_country_id`, `shipping_zone`, `shipping_zone_id`, `shipping_address_format`, `shipping_custom_field`, `shipping_method`, `shipping_code`, `comment`, `total`, `order_status_id`, `affiliate_id`, `commission`, `marketing_id`, `tracking`, `language_id`, `currency_id`, `currency_code`, `currency_value`, `ip`, `forwarded_ip`, `user_agent`, `accept_language`, `date_added`, `date_modified`) VALUES
(1, 0, 'INV-2017-00', 1, 'Plantmore 2', 'http://tt_plantmore02.com/', 1, 1, 'demo', 'demo', 'demo@demo.com', '111111', '', '', 'demo', 'demo', '', 'demo', '', 'demo', '11111', 'United Kingdom', 222, 'Aberdeen', 3513, '', '[]', 'Cash On Delivery', 'cod', 'demo', 'demo', '', 'demo', '', 'demo', '11111', 'United Kingdom', 222, 'Aberdeen', 3513, '', '[]', 'Flat Shipping Rate', 'flat.flat', '', '1456.0000', 1, 0, '0.0000', 0, '', 1, 2, 'USD', '1.00000000', '127.0.0.1', '', 'Mozilla/5.0 (Windows NT 6.1; WOW64; rv:51.0) Gecko/20100101 Firefox/51.0', 'vi,en-US;q=0.7,en;q=0.3', '2017-10-25 08:45:38', '2017-10-25 08:45:41'),
(2, 0, 'INV-2017-00', 1, 'Plantmore 2', 'http://tt_plantmore02.com/', 1, 1, 'demo', 'demo', 'demo@demo.com', '111111', '', '', 'demo', 'demo', '', 'demo', '', 'demo', '11111', 'United Kingdom', 222, 'Aberdeen', 3513, '', '[]', 'Cash On Delivery', 'cod', 'demo', 'demo', '', 'demo', '', 'demo', '11111', 'United Kingdom', 222, 'Aberdeen', 3513, '', '[]', 'Flat Shipping Rate', 'flat.flat', '', '2778.0000', 1, 0, '0.0000', 0, '', 1, 2, 'USD', '1.00000000', '127.0.0.1', '', 'Mozilla/5.0 (Windows NT 6.1; WOW64; rv:51.0) Gecko/20100101 Firefox/51.0', 'vi,en-US;q=0.7,en;q=0.3', '2017-11-09 10:08:53', '2017-11-09 10:08:56'),
(3, 0, 'INV-2017-00', 2, 'Plantmore 3', 'http://tt_plantmore03.com/', 1, 1, 'demo', 'demo', 'demo@demo.com', '111111', '', '', 'demo', 'demo', '', 'demo', '', 'demo', '11111', 'United Kingdom', 222, 'Aberdeen', 3513, '', '[]', 'Cash On Delivery', 'cod', 'demo', 'demo', '', 'demo', '', 'demo', '11111', 'United Kingdom', 222, 'Aberdeen', 3513, '', '[]', 'Flat Shipping Rate', 'flat.flat', '', '362.0000', 1, 0, '0.0000', 0, '', 1, 2, 'USD', '1.00000000', '127.0.0.1', '', 'Mozilla/5.0 (Windows NT 6.1; WOW64; rv:51.0) Gecko/20100101 Firefox/51.0', 'vi,en-US;q=0.7,en;q=0.3', '2017-11-10 08:56:16', '2017-11-10 08:56:20'),
(4, 0, 'INV-2017-00', 0, 'Plantmore', 'http://tt_plantmore.com/', 1, 1, 'demo', 'demo', 'demo@demo.com', '111111', '', '', 'demo', 'demo', '', 'demo', '', 'demo', '11111', 'United Kingdom', 222, 'Aberdeen', 3513, '', '[]', 'Cash On Delivery', 'cod', 'demo', 'demo', '', 'demo', '', 'demo', '11111', 'United Kingdom', 222, 'Aberdeen', 3513, '', '[]', 'Flat Shipping Rate', 'flat.flat', '', '565.9880', 1, 0, '0.0000', 0, '', 1, 2, 'USD', '1.00000000', '127.0.0.1', '', 'Mozilla/5.0 (Windows NT 6.1; WOW64; rv:51.0) Gecko/20100101 Firefox/51.0', 'vi,en-US;q=0.7,en;q=0.3', '2017-11-10 10:38:59', '2017-11-10 10:39:02'),
(5, 0, 'INV-2017-00', 3, 'Plantmore 4', 'http://tt_plantmore04.com/', 1, 1, 'demo', 'demo', 'demo@demo.com', '111111', '', '', 'demo', 'demo', '', 'demo', '', 'demo', '11111', 'United Kingdom', 222, 'Aberdeen', 3513, '', '[]', 'Cash On Delivery', 'cod', 'demo', 'demo', '', 'demo', '', 'demo', '11111', 'United Kingdom', 222, 'Aberdeen', 3513, '', '[]', 'Flat Shipping Rate', 'flat.flat', '', '374.0000', 1, 0, '0.0000', 0, '', 1, 2, 'USD', '1.00000000', '127.0.0.1', '', 'Mozilla/5.0 (Windows NT 6.1; WOW64; rv:51.0) Gecko/20100101 Firefox/51.0', 'vi,en-US;q=0.7,en;q=0.3', '2017-11-10 14:06:33', '2017-11-10 14:06:36'),
(6, 0, 'INV-2017-00', 1, 'Plantmore 2', 'http://tt_plantmore02.com/', 2, 1, 'demo', 'demo2', 'demo@demo2.com', '111111', '', '', 'demo', 'demo2', '', 'demo2', '', 'demo2', '111111', 'United Kingdom', 222, 'Aberdeen', 3513, '', '[]', 'Cash On Delivery', 'cod', 'demo', 'demo2', '', 'demo2', '', 'demo2', '111111', 'United Kingdom', 222, 'Aberdeen', 3513, '', '[]', 'Flat Shipping Rate', 'flat.flat', '', '130.0000', 1, 0, '0.0000', 0, '', 1, 2, 'USD', '1.00000000', '127.0.0.1', '', 'Mozilla/5.0 (Windows NT 6.1; WOW64; rv:51.0) Gecko/20100101 Firefox/51.0', 'vi,en-US;q=0.7,en;q=0.3', '2017-11-29 14:06:57', '2017-11-29 14:07:00'),
(7, 0, 'INV-2018-00', 4, 'Plantmore 5', 'http://localhost/Opencart/tt_plantmore/', 1, 1, 'demo', 'demo', 'demo@demo.com', '111111', '', '', 'demo', 'demo', '', 'demo', '', 'demo', '11111', 'United Kingdom', 222, 'Aberdeen', 3513, '', '[]', 'Cash On Delivery', 'cod', 'demo', 'demo', '', 'demo', '', 'demo', '11111', 'United Kingdom', 222, 'Aberdeen', 3513, '', '[]', 'Flat Shipping Rate', 'flat.flat', '', '5079.9640', 1, 0, '0.0000', 0, '', 1, 2, 'USD', '1.00000000', '::1', '', 'Mozilla/5.0 (Windows NT 6.1; Win64; x64; rv:65.0) Gecko/20100101 Firefox/65.0', 'vi,en-US;q=0.7,en;q=0.3', '2019-02-11 16:54:17', '2019-02-11 16:54:25');
-- --------------------------------------------------------
--
-- Table structure for table `oc_order_history`
--
-- Creation: Feb 13, 2019 at 05:18 PM
-- Last update: Feb 13, 2019 at 05:18 PM
-- Last check: Mar 12, 2019 at 04:01 PM
--
CREATE TABLE `oc_order_history` (
  `order_history_id` int(11) NOT NULL,
  `order_id` int(11) NOT NULL,
  `order_status_id` int(11) NOT NULL,
  `notify` tinyint(1) NOT NULL DEFAULT '0',
  `comment` text NOT NULL,
  `date_added` datetime NOT NULL
) ENGINE=MyISAM DEFAULT CHARSET=utf8;
--
-- RELATIONSHIPS FOR TABLE `oc_order_history`:
--
--
-- Dumping data for table `oc_order_history`
--
INSERT INTO `oc_order_history` (`order_history_id`, `order_id`, `order_status_id`, `notify`, `comment`, `date_added`) VALUES
(1, 1, 1, 0, '', '2017-10-25 08:45:41'),
(2, 2, 1, 0, '', '2017-11-09 10:08:56'),
(3, 3, 1, 0, '', '2017-11-10 08:56:20'),
(4, 4, 1, 0, '', '2017-11-10 10:39:02'),
(5, 5, 1, 0, '', '2017-11-10 14:06:36'),
(6, 6, 1, 0, '', '2017-11-29 14:07:00'),
(7, 7, 1, 0, '', '2019-02-11 16:54:25');
-- --------------------------------------------------------
--
-- Table structure for table `oc_order_option`
--
-- Creation: Feb 13, 2019 at 05:18 PM
-- Last update: Feb 13, 2019 at 05:18 PM
-- Last check: Mar 12, 2019 at 04:01 PM
--
CREATE TABLE `oc_order_option` (
  `order_option_id` int(11) NOT NULL,
  `order_id` int(11) NOT NULL,
  `order_product_id` int(11) NOT NULL,
  `product_option_id` int(11) NOT NULL,
  `product_option_value_id` int(11) NOT NULL DEFAULT '0',
  `name` varchar(255) NOT NULL,
  `value` text NOT NULL,
  `type` varchar(32) NOT NULL
) ENGINE=MyISAM DEFAULT CHARSET=utf8;
--
-- RELATIONSHIPS FOR TABLE `oc_order_option`:
--
--
-- Dumping data for table `oc_order_option`
--
INSERT INTO `oc_order_option` (`order_option_id`, `order_id`, `order_product_id`, `product_option_id`, `product_option_value_id`, `name`, `value`, `type`) VALUES
(1, 2, 3, 237, 0, 'Delivery Date', '2011-04-22', 'date'),
(2, 2, 6, 225, 0, 'Delivery Date', '2011-04-22', 'date'),
(3, 3, 8, 238, 31, 'Size', 'Medium', 'select'),
(4, 5, 13, 260, 0, 'Delivery Date', '2011-04-22', 'date'),
(5, 6, 16, 260, 0, 'Delivery Date', '2011-04-22', 'date'),
(6, 7, 21, 237, 0, 'Delivery Date', '2011-04-22', 'date');
-- --------------------------------------------------------
--
-- Table structure for table `oc_order_product`
--
-- Creation: Feb 13, 2019 at 05:18 PM
-- Last update: Feb 13, 2019 at 05:18 PM
-- Last check: Mar 12, 2019 at 02:40 PM
--
CREATE TABLE `oc_order_product` (
  `order_product_id` int(11) NOT NULL,
  `order_id` int(11) NOT NULL,
  `product_id` int(11) NOT NULL,
  `name` varchar(255) NOT NULL,
  `model` varchar(64) NOT NULL,
  `quantity` int(4) NOT NULL,
  `price` decimal(15,4) NOT NULL DEFAULT '0.0000',
  `total` decimal(15,4) NOT NULL DEFAULT '0.0000',
  `tax` decimal(15,4) NOT NULL DEFAULT '0.0000',
  `reward` int(8) NOT NULL
) ENGINE=MyISAM DEFAULT CHARSET=utf8;
--
-- RELATIONSHIPS FOR TABLE `oc_order_product`:
--
--
-- Dumping data for table `oc_order_product`
--
INSERT INTO `oc_order_product` (`order_product_id`, `order_id`, `product_id`, `name`, `model`, `quantity`, `price`, `total`, `tax`, `reward`) VALUES
(1, 1, 43, 'Aged in Scotch Barrels', 'Product 16', 2, '500.0000', '1000.0000', '102.0000', 1200),
(2, 1, 53, 'Dark Horse, Apothic, and Carnivor', 'Product 1', 2, '100.0000', '200.0000', '22.0000', 800),
(3, 2, 52, 'Black Oak Big Time Merlot', 'Product 21', 2, '100.0000', '200.0000', '22.0000', 600),
(4, 2, 46, 'Cameron Hughes 2017', 'Product 19', 1, '1000.0000', '1000.0000', '202.0000', 0),
(5, 2, 44, 'Cameron Hughes 2018', 'Product 17', 1, '1000.0000', '1000.0000', '202.0000', 700),
(6, 2, 47, 'Che Guacho Malbec - Merlot', 'Product 21', 1, '100.0000', '100.0000', '22.0000', 300),
(7, 3, 59, 'Only Natural Pet MaxMeat Holistic', 'Product 5', 1, '100.0000', '100.0000', '22.0000', 0),
(8, 3, 65, 'Wellness Natural Grain Free Wet', 'Product 8', 1, '110.0000', '110.0000', '24.0000', 0),
(9, 3, 63, 'Diamond Grain Free Pet Food', 'Product 4', 1, '80.0000', '80.0000', '18.0000', 0),
(10, 4, 29, 'GARLIC BULB', 'Product 2', 1, '279.9900', '279.9900', '57.9980', 0),
(11, 4, 31, 'Yardlong Bean', 'Product 4', 1, '80.0000', '80.0000', '18.0000', 0),
(12, 4, 28, 'Organic Blue Seeds', 'Product 1', 1, '100.0000', '100.0000', '22.0000', 400),
(13, 5, 74, 'ArtNaturals Makeup Setting Spray', 'Product 21', 1, '100.0000', '100.0000', '22.0000', 300),
(14, 5, 76, 'Garnier SkinActive Clean+', 'Product 1', 1, '100.0000', '100.0000', '22.0000', 400),
(15, 5, 83, 'Hyaluronic Acid &amp; Vitamin C Facial', 'Product 9', 1, '100.0000', '100.0000', '22.0000', 0),
(16, 6, 74, 'ArtNaturals Makeup Setting Spray', 'Product 21', 1, '100.0000', '100.0000', '22.0000', 300),
(17, 7, 78, 'Pyoly and Bark Eames Style Molded Plastic', 'Product 14', 2, '119.0000', '238.0000', '25.8000', 0),
(18, 7, 61, 'Calandiva Wrapped 12cm Pellentesque habitant morbi', 'Product 17', 1, '1010.0000', '1010.0000', '204.0000', 700),
(19, 7, 54, 'Carl Hansen CH07 Shell Lounge Chair vel accumsan lectus', 'Product 14', 1, '102.9900', '102.9900', '22.5980', 0),
(20, 7, 58, 'Country Squire Florist: Louisville Florists convallis purus', 'Product 7', 1, '90.9900', '90.9900', '20.1980', 0),
(21, 7, 52, 'Concord Fabric Single Sofa Bed tempus quam at velit', 'Product 21', 1, '99.9900', '99.9900', '21.9980', 300),
(22, 7, 44, 'Vitra Sunburst Clock pretium pellentesque libero', 'Product 17', 1, '998.0000', '998.0000', '201.6000', 700),
(23, 7, 45, 'Le Klint Carronade Pendel amet metus euismod interdum', 'Product 18', 1, '2010.0000', '2010.0000', '0.0000', 800);
-- --------------------------------------------------------
--
-- Table structure for table `oc_order_recurring`
--
-- Creation: Feb 13, 2019 at 05:18 PM
-- Last update: Feb 13, 2019 at 05:18 PM
--
CREATE TABLE `oc_order_recurring` (
  `order_recurring_id` int(11) NOT NULL,
  `order_id` int(11) NOT NULL,
  `reference` varchar(255) NOT NULL,
  `product_id` int(11) NOT NULL,
  `product_name` varchar(255) NOT NULL,
  `product_quantity` int(11) NOT NULL,
  `recurring_id` int(11) NOT NULL,
  `recurring_name` varchar(255) NOT NULL,
  `recurring_description` varchar(255) NOT NULL,
  `recurring_frequency` varchar(25) NOT NULL,
  `recurring_cycle` smallint(6) NOT NULL,
  `recurring_duration` smallint(6) NOT NULL,
  `recurring_price` decimal(10,4) NOT NULL,
  `trial` tinyint(1) NOT NULL,
  `trial_frequency` varchar(25) NOT NULL,
  `trial_cycle` smallint(6) NOT NULL,
  `trial_duration` smallint(6) NOT NULL,
  `trial_price` decimal(10,4) NOT NULL,
  `status` tinyint(4) NOT NULL,
  `date_added` datetime NOT NULL
) ENGINE=MyISAM DEFAULT CHARSET=utf8;
--
-- RELATIONSHIPS FOR TABLE `oc_order_recurring`:
--
-- --------------------------------------------------------
--
-- Table structure for table `oc_order_recurring_transaction`
--
-- Creation: Feb 13, 2019 at 05:18 PM
-- Last update: Feb 13, 2019 at 05:18 PM
--
CREATE TABLE `oc_order_recurring_transaction` (
  `order_recurring_transaction_id` int(11) NOT NULL,
  `order_recurring_id` int(11) NOT NULL,
  `reference` varchar(255) NOT NULL,
  `type` varchar(255) NOT NULL,
  `amount` decimal(10,4) NOT NULL,
  `date_added` datetime NOT NULL
) ENGINE=MyISAM DEFAULT CHARSET=utf8;
--
-- RELATIONSHIPS FOR TABLE `oc_order_recurring_transaction`:
--
-- --------------------------------------------------------
--
-- Table structure for table `oc_order_shipment`
--
-- Creation: Feb 13, 2019 at 05:18 PM
-- Last update: Feb 13, 2019 at 05:18 PM
--
CREATE TABLE `oc_order_shipment` (
  `order_shipment_id` int(11) NOT NULL,
  `order_id` int(11) NOT NULL,
  `date_added` datetime NOT NULL,
  `shipping_courier_id` varchar(255) NOT NULL,
  `tracking_number` varchar(255) NOT NULL
) ENGINE=MyISAM DEFAULT CHARSET=utf8;
--
-- RELATIONSHIPS FOR TABLE `oc_order_shipment`:
--
-- --------------------------------------------------------
--
-- Table structure for table `oc_order_status`
--
-- Creation: Feb 13, 2019 at 05:18 PM
-- Last update: Feb 13, 2019 at 05:18 PM
-- Last check: Mar 12, 2019 at 01:50 PM
--
CREATE TABLE `oc_order_status` (
  `order_status_id` int(11) NOT NULL,
  `language_id` int(11) NOT NULL,
  `name` varchar(32) NOT NULL
) ENGINE=MyISAM DEFAULT CHARSET=utf8;
--
-- RELATIONSHIPS FOR TABLE `oc_order_status`:
--
--
-- Dumping data for table `oc_order_status`
--
INSERT INTO `oc_order_status` (`order_status_id`, `language_id`, `name`) VALUES
(2, 1, 'Processing'),
(3, 1, 'Shipped'),
(7, 1, 'Canceled'),
(5, 1, 'Complete'),
(8, 1, 'Denied'),
(9, 1, 'Canceled Reversal'),
(10, 1, 'Failed'),
(11, 1, 'Refunded'),
(12, 1, 'Reversed'),
(13, 1, 'Chargeback'),
(1, 1, 'Pending'),
(16, 1, 'Voided'),
(15, 1, 'Processed'),
(14, 1, 'Expired');
-- --------------------------------------------------------
--
-- Table structure for table `oc_order_total`
--
-- Creation: Feb 13, 2019 at 05:18 PM
-- Last update: Feb 13, 2019 at 05:18 PM
-- Last check: Mar 12, 2019 at 04:01 PM
--
CREATE TABLE `oc_order_total` (
  `order_total_id` int(10) NOT NULL,
  `order_id` int(11) NOT NULL,
  `code` varchar(32) NOT NULL,
  `title` varchar(255) NOT NULL,
  `value` decimal(15,4) NOT NULL DEFAULT '0.0000',
  `sort_order` int(3) NOT NULL
) ENGINE=MyISAM DEFAULT CHARSET=utf8;
--
-- RELATIONSHIPS FOR TABLE `oc_order_total`:
--
--
-- Dumping data for table `oc_order_total`
--
INSERT INTO `oc_order_total` (`order_total_id`, `order_id`, `code`, `title`, `value`, `sort_order`) VALUES
(1, 1, 'sub_total', 'Sub-Total', '1200.0000', 1),
(2, 1, 'shipping', 'Flat Shipping Rate', '5.0000', 3),
(3, 1, 'tax', 'Eco Tax (-2.00)', '10.0000', 5),
(4, 1, 'tax', 'VAT (20%)', '241.0000', 5),
(5, 1, 'total', 'Total', '1456.0000', 9),
(6, 2, 'sub_total', 'Sub-Total', '2300.0000', 1),
(7, 2, 'shipping', 'Flat Shipping Rate', '5.0000', 3),
(8, 2, 'tax', 'Eco Tax (-2.00)', '12.0000', 5),
(9, 2, 'tax', 'VAT (20%)', '461.0000', 5),
(10, 2, 'total', 'Total', '2778.0000', 9),
(11, 3, 'sub_total', 'Sub-Total', '290.0000', 1),
(12, 3, 'shipping', 'Flat Shipping Rate', '5.0000', 3),
(13, 3, 'tax', 'Eco Tax (-2.00)', '8.0000', 5),
(14, 3, 'tax', 'VAT (20%)', '59.0000', 5),
(15, 3, 'total', 'Total', '362.0000', 9),
(16, 4, 'sub_total', 'Sub-Total', '459.9900', 1),
(17, 4, 'shipping', 'Flat Shipping Rate', '5.0000', 3),
(18, 4, 'tax', 'Eco Tax (-2.00)', '8.0000', 5),
(19, 4, 'tax', 'VAT (20%)', '92.9980', 5),
(20, 4, 'total', 'Total', '565.9880', 9),
(21, 5, 'sub_total', 'Sub-Total', '300.0000', 1),
(22, 5, 'shipping', 'Flat Shipping Rate', '5.0000', 3),
(23, 5, 'tax', 'Eco Tax (-2.00)', '8.0000', 5),
(24, 5, 'tax', 'VAT (20%)', '61.0000', 5),
(25, 5, 'total', 'Total', '374.0000', 9),
(26, 6, 'sub_total', 'Sub-Total', '100.0000', 1),
(27, 6, 'shipping', 'Flat Shipping Rate', '5.0000', 3),
(28, 6, 'tax', 'Eco Tax (-2.00)', '4.0000', 5),
(29, 6, 'tax', 'VAT (20%)', '21.0000', 5),
(30, 6, 'total', 'Total', '130.0000', 9),
(31, 7, 'sub_total', 'Sub-Total', '4549.9700', 1),
(32, 7, 'shipping', 'Flat Shipping Rate', '5.0000', 3),
(33, 7, 'tax', 'Eco Tax (-2.00)', '16.0000', 5),
(34, 7, 'tax', 'VAT (20%)', '508.9940', 5),
(35, 7, 'total', 'Total', '5079.9640', 9);
-- --------------------------------------------------------
--
-- Table structure for table `oc_order_voucher`
--
-- Creation: Feb 13, 2019 at 05:18 PM
-- Last update: Feb 13, 2019 at 05:18 PM
--
CREATE TABLE `oc_order_voucher` (
  `order_voucher_id` int(11) NOT NULL,
  `order_id` int(11) NOT NULL,
  `voucher_id` int(11) NOT NULL,
  `description` varchar(255) NOT NULL,
  `code` varchar(10) NOT NULL,
  `from_name` varchar(64) NOT NULL,
  `from_email` varchar(96) NOT NULL,
  `to_name` varchar(64) NOT NULL,
  `to_email` varchar(96) NOT NULL,
  `voucher_theme_id` int(11) NOT NULL,
  `message` text NOT NULL,
  `amount` decimal(15,4) NOT NULL
) ENGINE=MyISAM DEFAULT CHARSET=utf8;
--
-- RELATIONSHIPS FOR TABLE `oc_order_voucher`:
--
-- --------------------------------------------------------
--
-- Table structure for table `oc_product`
--
-- Creation: Feb 13, 2019 at 05:18 PM
-- Last update: May 20, 2019 at 08:40 AM
-- Last check: May 14, 2019 at 01:54 PM
--
CREATE TABLE `oc_product` (
  `product_id` int(11) NOT NULL,
  `model` varchar(64) NOT NULL,
  `sku` varchar(64) NOT NULL,
  `upc` varchar(12) NOT NULL,
  `ean` varchar(14) NOT NULL,
  `jan` varchar(13) NOT NULL,
  `isbn` varchar(17) NOT NULL,
  `mpn` varchar(64) NOT NULL,
  `location` varchar(128) NOT NULL,
  `quantity` int(4) NOT NULL DEFAULT '0',
  `stock_status_id` int(11) NOT NULL,
  `image` varchar(255) DEFAULT NULL,
  `manufacturer_id` int(11) NOT NULL,
  `shipping` tinyint(1) NOT NULL DEFAULT '1',
  `price` decimal(15,4) NOT NULL DEFAULT '0.0000',
  `points` int(8) NOT NULL DEFAULT '0',
  `tax_class_id` int(11) NOT NULL,
  `date_available` date NOT NULL DEFAULT '0000-00-00',
  `weight` decimal(15,8) NOT NULL DEFAULT '0.00000000',
  `weight_class_id` int(11) NOT NULL DEFAULT '0',
  `length` decimal(15,8) NOT NULL DEFAULT '0.00000000',
  `width` decimal(15,8) NOT NULL DEFAULT '0.00000000',
  `height` decimal(15,8) NOT NULL DEFAULT '0.00000000',
  `length_class_id` int(11) NOT NULL DEFAULT '0',
  `subtract` tinyint(1) NOT NULL DEFAULT '1',
  `minimum` int(11) NOT NULL DEFAULT '1',
  `sort_order` int(11) NOT NULL DEFAULT '0',
  `status` tinyint(1) NOT NULL DEFAULT '0',
  `viewed` int(5) NOT NULL DEFAULT '0',
  `date_added` datetime NOT NULL,
  `date_modified` datetime NOT NULL
) ENGINE=MyISAM DEFAULT CHARSET=utf8;
--
-- RELATIONSHIPS FOR TABLE `oc_product`:
--
--
-- Dumping data for table `oc_product`
--
INSERT INTO `oc_product` (`product_id`, `model`, `sku`, `upc`, `ean`, `jan`, `isbn`, `mpn`, `location`, `quantity`, `stock_status_id`, `image`, `manufacturer_id`, `shipping`, `price`, `points`, `tax_class_id`, `date_available`, `weight`, `weight_class_id`, `length`, `width`, `height`, `length_class_id`, `subtract`, `minimum`, `sort_order`, `status`, `viewed`, `date_added`, `date_modified`) VALUES
(28, 'Product 1', '', '', '', '', '', '', '', 938, 7, 'catalog/products/1.jpg', 5, 1, '110.0000', 200, 9, '2009-02-03', '146.40000000', 2, '0.00000000', '0.00000000', '0.00000000', 1, 1, 1, 0, 1, 0, '2009-02-03 16:06:50', '2018-01-03 15:38:43'),
(29, 'Product 2', '', '', '', '', '', '', '', 998, 6, 'catalog/products/2.jpg', 6, 1, '270.9900', 0, 9, '2009-02-03', '133.00000000', 2, '0.00000000', '0.00000000', '0.00000000', 3, 1, 1, 0, 1, 0, '2009-02-03 16:42:17', '2018-03-02 10:12:54'),
(30, 'Product 3', '', '', '', '', '', '', '', 100, 6, 'catalog/products/3.jpg', 9, 1, '101.0000', 0, 9, '2009-02-03', '0.00000000', 1, '0.00000000', '0.00000000', '0.00000000', 1, 1, 1, 0, 1, 0, '2009-02-03 16:59:00', '2018-02-08 09:28:36'),
(31, 'Product 4', '', '', '', '', '', '', '', 999, 6, 'catalog/products/4.jpg', 0, 1, '81.0000', 0, 9, '2009-02-03', '0.00000000', 1, '0.00000000', '0.00000000', '0.00000000', 3, 1, 1, 0, 1, 0, '2009-02-03 17:00:10', '2018-03-02 10:06:32'),
(32, 'Product 5', '', '', '', '', '', '', '', 999, 6, 'catalog/products/5.jpg', 8, 1, '105.0000', 0, 9, '2009-02-03', '5.00000000', 1, '0.00000000', '0.00000000', '0.00000000', 1, 1, 1, 0, 1, 0, '2009-02-03 17:07:26', '2019-04-16 10:50:37'),
(33, 'Product 6', '', '', '', '', '', '', '', 1000, 6, 'catalog/products/6.jpg', 0, 1, '210.0000', 0, 9, '2009-02-03', '5.00000000', 1, '0.00000000', '0.00000000', '0.00000000', 2, 1, 1, 0, 1, 0, '2009-02-03 17:08:31', '2018-03-02 10:06:58'),
(34, 'Product 7', '', '', '', '', '', '', '', 1000, 6, 'catalog/products/7.jpg', 8, 1, '109.0000', 0, 9, '2009-02-03', '5.00000000', 1, '0.00000000', '0.00000000', '0.00000000', 2, 1, 1, 0, 1, 0, '2009-02-03 18:07:54', '2018-03-02 10:08:01'),
(35, 'Product 8', '', '', '', '', '', '', '', 1000, 5, 'catalog/products/8.jpg', 0, 0, '118.0000', 0, 9, '2009-02-03', '5.00000000', 1, '0.00000000', '0.00000000', '0.00000000', 1, 1, 1, 0, 1, 0, '2009-02-03 18:08:31', '2018-03-02 10:08:42'),
(36, 'Product 9', '', '', '', '', '', '', '', 994, 6, 'catalog/products/9.jpg', 8, 0, '108.0000', 100, 9, '2009-02-03', '5.00000000', 1, '0.00000000', '0.00000000', '0.00000000', 2, 1, 1, 0, 1, 0, '2009-02-03 18:09:19', '2018-03-02 10:09:07'),
(40, 'product 11', '', '', '', '', '', '', '', 970, 5, 'catalog/products/10.jpg', 8, 1, '101.1900', 0, 9, '2009-02-03', '10.00000000', 1, '0.00000000', '0.00000000', '0.00000000', 1, 1, 1, 0, 1, 0, '2009-02-03 21:07:12', '2018-03-02 10:12:15'),
(41, 'Product 14', '', '', '', '', '', '', '', 977, 5, 'catalog/products/11.jpg', 8, 1, '107.0000', 0, 9, '2009-02-03', '5.00000000', 1, '0.00000000', '0.00000000', '0.00000000', 1, 1, 1, 0, 1, 0, '2009-02-03 21:07:26', '2018-01-03 15:38:41'),
(42, 'Product 15', '', '', '', '', '', '', '', 990, 5, 'catalog/products/12.jpg', 8, 1, '102.0000', 400, 9, '2009-02-04', '12.50000000', 1, '1.00000000', '2.00000000', '3.00000000', 1, 1, 2, 0, 1, 0, '2009-02-03 21:07:37', '2018-03-02 10:10:07'),
(43, 'Product 16', '', '', '', '', '', '', '', 926, 5, 'catalog/products/13.jpg', 8, 0, '500.0000', 0, 9, '2009-02-03', '0.00000000', 1, '0.00000000', '0.00000000', '0.00000000', 2, 1, 1, 0, 1, 0, '2009-02-03 21:07:49', '2018-03-02 10:09:21'),
(44, 'Product 17', '', '', '', '', '', '', '', 997, 5, 'catalog/products/14.jpg', 8, 1, '998.0000', 0, 9, '2009-02-03', '0.00000000', 1, '0.00000000', '0.00000000', '0.00000000', 2, 1, 1, 0, 1, 1, '2009-02-03 21:08:00', '2018-01-03 15:39:10'),
(45, 'Product 18', '', '', '', '', '', '', '', 996, 5, 'catalog/products/15.jpg', 8, 1, '2010.0000', 0, 0, '2009-02-03', '0.00000000', 1, '0.00000000', '0.00000000', '0.00000000', 2, 1, 1, 0, 1, 0, '2009-02-03 21:08:17', '2018-03-02 10:09:50'),
(46, 'Product 19', '', '', '', '', '', '', '', 998, 5, 'catalog/products/16.jpg', 10, 1, '999.0000', 0, 9, '2009-02-03', '0.00000000', 1, '0.00000000', '0.00000000', '0.00000000', 2, 1, 1, 0, 1, 0, '2009-02-03 21:08:29', '2018-01-03 15:38:44'),
(47, 'Product 21', '', '', '', '', '', '', '', 1000, 5, 'catalog/products/17.jpg', 7, 1, '111.0000', 400, 9, '2009-02-03', '1.00000000', 1, '0.00000000', '0.00000000', '0.00000000', 1, 0, 1, 0, 1, 0, '2009-02-03 21:08:40', '2018-01-03 15:39:12'),
(48, 'product 20', 'test 1', '', '', '', '', '', 'test 2', 995, 5, 'catalog/products/18.jpg', 8, 1, '99.0000', 0, 9, '2009-02-08', '1.00000000', 1, '0.00000000', '0.00000000', '0.00000000', 2, 1, 1, 0, 1, 0, '2009-02-08 17:21:51', '2018-03-02 10:12:03'),
(49, 'SAM1', '', '', '', '', '', '', '', 100, 8, 'catalog/products/19.jpg', 0, 1, '190.9900', 0, 9, '2011-04-25', '0.00000000', 1, '0.00000000', '0.00000000', '0.00000000', 1, 1, 1, 1, 1, 0, '2011-04-26 08:57:34', '2018-03-02 10:10:30'),
(50, 'Product 15', '', '', '', '', '', '', '', 990, 5, 'catalog/products/20.jpg', 8, 1, '96.0000', 400, 9, '2009-02-04', '12.50000000', 1, '1.00000000', '2.00000000', '3.00000000', 1, 1, 2, 0, 1, 0, '2017-08-23 09:24:46', '2018-03-02 10:09:36'),
(51, 'Product 3', '', '', '', '', '', '', '', 100, 6, 'catalog/products/21.jpg', 9, 1, '121.0000', 0, 9, '2009-02-03', '0.00000000', 1, '0.00000000', '0.00000000', '0.00000000', 1, 1, 1, 0, 1, 0, '2017-08-23 09:24:46', '2018-03-02 10:07:11'),
(52, 'Product 21', '', '', '', '', '', '', '', 1000, 5, 'catalog/products/22.jpg', 7, 1, '99.9900', 400, 9, '2009-02-03', '1.00000000', 1, '0.00000000', '0.00000000', '0.00000000', 1, 0, 1, 0, 1, 0, '2017-08-23 09:24:46', '2019-04-16 10:48:50'),
(53, 'Product 1', '', '', '', '', '', '', '', 936, 7, 'catalog/products/23.jpg', 5, 1, '101.9900', 200, 9, '2009-02-03', '146.40000000', 2, '0.00000000', '0.00000000', '0.00000000', 1, 1, 1, 0, 1, 0, '2017-08-23 09:24:46', '2019-04-16 10:51:40'),
(54, 'Product 14', '', '', '', '', '', '', '', 976, 5, 'catalog/products/1.jpg', 8, 1, '102.9900', 0, 9, '2009-02-03', '5.00000000', 1, '0.00000000', '0.00000000', '0.00000000', 1, 1, 1, 0, 1, 1, '2017-08-23 09:24:46', '2019-04-16 10:50:02'),
(55, 'product 11', '', '', '', '', '', '', '', 969, 5, 'catalog/products/2.jpg', 8, 1, '101.0000', 0, 9, '2009-02-03', '10.00000000', 1, '0.00000000', '0.00000000', '0.00000000', 1, 1, 1, 0, 1, 0, '2017-08-23 09:24:46', '2018-03-02 10:07:21'),
(56, 'product 20', '', '', '', '', '', '', 'test 2', 994, 5, 'catalog/products/3.jpg', 8, 1, '100.9900', 0, 9, '2009-02-08', '1.00000000', 1, '0.00000000', '0.00000000', '0.00000000', 2, 1, 1, 0, 1, 0, '2017-08-23 09:24:46', '2018-03-02 10:11:44'),
(57, 'Product 9', '', '', '', '', '', '', '', 994, 6, 'catalog/products/4.jpg', 8, 0, '98.9900', 100, 9, '2009-02-03', '5.00000000', 1, '0.00000000', '0.00000000', '0.00000000', 2, 1, 1, 0, 1, 0, '2017-08-23 09:24:46', '2018-03-02 10:11:39'),
(58, 'Product 7', '', '', '', '', '', '', '', 998, 6, 'catalog/products/5.jpg', 8, 1, '90.9900', 0, 9, '2009-02-03', '5.00000000', 1, '0.00000000', '0.00000000', '0.00000000', 2, 1, 1, 0, 1, 0, '2017-08-23 09:24:46', '2018-03-02 10:05:13'),
(59, 'Product 5', '', '', '', '', '', '', '', 997, 6, 'catalog/products/6.jpg', 8, 1, '91.9900', 0, 9, '2009-02-03', '5.00000000', 1, '0.00000000', '0.00000000', '0.00000000', 1, 1, 1, 0, 1, 0, '2017-08-23 09:24:46', '2018-01-03 15:38:51'),
(60, 'Product 16', '', '', '', '', '', '', '', 929, 5, 'catalog/products/7.jpg', 8, 0, '499.0000', 0, 9, '2009-02-03', '0.00000000', 1, '0.00000000', '0.00000000', '0.00000000', 2, 1, 1, 0, 1, 0, '2017-08-23 09:24:46', '2018-01-03 15:38:49'),
(61, 'Product 17', '', '', '', '', '', '', '', 998, 5, 'catalog/products/8.jpg', 8, 1, '1010.0000', 0, 9, '2009-02-03', '0.00000000', 1, '0.00000000', '0.00000000', '0.00000000', 2, 1, 1, 0, 1, 9, '2017-08-23 09:24:46', '2018-01-03 15:35:26'),
(62, 'Product 18', '', '', '', '', '', '', '', 997, 5, 'catalog/products/9.jpg', 8, 1, '2020.0000', 0, 0, '2009-02-03', '0.00000000', 1, '0.00000000', '0.00000000', '0.00000000', 2, 1, 1, 0, 1, 0, '2017-08-23 09:24:46', '2018-03-02 10:11:10'),
(63, 'Product 4', '', '', '', '', '', '', '', 999, 6, 'catalog/products/10.jpg', 0, 1, '80.0000', 0, 9, '2009-02-03', '0.00000000', 1, '0.00000000', '0.00000000', '0.00000000', 3, 1, 1, 0, 1, 0, '2017-08-23 09:24:46', '2018-03-02 10:08:50'),
(64, 'Product 2', '', '', '', '', '', '', '', 998, 6, 'catalog/products/11.jpg', 6, 1, '279.9900', 0, 9, '2009-02-03', '133.00000000', 2, '0.00000000', '0.00000000', '0.00000000', 3, 1, 1, 0, 1, 0, '2017-08-23 09:24:46', '2018-03-02 10:11:03'),
(65, 'Product 8', '', '', '', '', '', '', '', 998, 5, 'catalog/products/12.jpg', 0, 0, '151.0000', 0, 9, '2009-02-03', '5.00000000', 1, '0.00000000', '0.00000000', '0.00000000', 1, 1, 1, 0, 1, 0, '2017-08-23 09:24:46', '2018-01-03 15:38:39'),
(66, 'SAM1', '', '', '', '', '', '', '', 101, 8, 'catalog/products/13.jpg', 0, 1, '199.9900', 0, 9, '2011-04-25', '0.00000000', 1, '0.00000000', '0.00000000', '0.00000000', 1, 1, 1, 1, 1, 2, '2017-08-23 09:24:46', '2018-01-03 15:35:25'),
(67, 'Product 6', '', '', '', '', '', '', '', 999, 6, 'catalog/products/14.jpg', 0, 1, '199.0000', 0, 9, '2009-02-03', '5.00000000', 1, '0.00000000', '0.00000000', '0.00000000', 2, 1, 1, 0, 1, 2, '2017-08-23 09:24:46', '2019-04-16 10:47:11'),
(68, 'Product 19', '', '', '', '', '', '', '', 1000, 5, 'catalog/products/15.jpg', 10, 1, '1100.0000', 0, 9, '2009-02-03', '0.00000000', 1, '0.00000000', '0.00000000', '0.00000000', 2, 1, 1, 0, 1, 0, '2017-08-23 09:24:46', '2018-03-02 10:10:14'),
(69, 'Product 15', '', '', '', '', '', '', '', 990, 5, 'catalog/products/16.jpg', 8, 1, '100.0000', 400, 9, '2009-02-04', '12.50000000', 1, '1.00000000', '2.00000000', '3.00000000', 1, 1, 2, 0, 1, 1, '2017-08-23 09:25:18', '2018-03-02 10:15:12'),
(70, 'Product 15', '', '', '', '', '', '', '', 990, 5, 'catalog/products/17.jpg', 8, 1, '144.0000', 400, 9, '2009-02-04', '12.50000000', 1, '1.00000000', '2.00000000', '3.00000000', 1, 1, 2, 0, 1, 2, '2017-08-23 09:25:18', '2018-03-02 10:16:33'),
(71, 'Product 3', '', '', '', '', '', '', '', 100, 6, 'catalog/products/18.jpg', 9, 1, '100.0000', 0, 9, '2009-02-03', '0.00000000', 1, '0.00000000', '0.00000000', '0.00000000', 1, 1, 1, 0, 1, 0, '2017-08-23 09:25:18', '2018-03-02 10:15:46'),
(72, 'Product 3', '', '', '', '', '', '', '', 100, 6, 'catalog/products/19.jpg', 9, 1, '133.0000', 0, 9, '2009-02-03', '0.00000000', 1, '0.00000000', '0.00000000', '0.00000000', 1, 1, 1, 0, 1, 0, '2017-08-23 09:25:18', '2018-03-02 10:07:46'),
(73, 'Product 21', '', '', '', '', '', '', '', 1000, 5, 'catalog/products/20.jpg', 7, 1, '130.0000', 400, 9, '2009-02-03', '1.00000000', 1, '0.00000000', '0.00000000', '0.00000000', 1, 0, 1, 0, 1, 0, '2017-08-23 09:25:18', '2018-03-02 10:15:27'),
(74, 'Product 21', '', '', '', '', '', '', '', 1000, 5, 'catalog/products/21.jpg', 7, 1, '100.0000', 400, 9, '2009-02-03', '1.00000000', 1, '0.00000000', '0.00000000', '0.00000000', 1, 0, 1, 0, 1, 0, '2017-08-23 09:25:18', '2019-04-16 10:52:59'),
(75, 'Product 1', '', '', '', '', '', '', '', 939, 7, 'catalog/products/22.jpg', 5, 1, '100.0000', 200, 9, '2009-02-03', '146.40000000', 2, '0.00000000', '0.00000000', '0.00000000', 1, 1, 1, 0, 1, 0, '2017-08-23 09:25:18', '2018-03-02 10:12:33'),
(76, 'Product 1', '', '', '', '', '', '', '', 938, 7, 'catalog/products/23.jpg', 5, 1, '120.9900', 200, 9, '2009-02-03', '146.40000000', 2, '0.00000000', '0.00000000', '0.00000000', 1, 1, 1, 0, 1, 0, '2017-08-23 09:25:18', '2018-03-02 10:13:33'),
(77, 'Product 14', '', '', '', '', '', '', '', 977, 5, 'catalog/products/1.jpg', 8, 1, '119.9900', 0, 9, '2009-02-03', '5.00000000', 1, '0.00000000', '0.00000000', '0.00000000', 1, 1, 1, 0, 1, 0, '2017-08-23 09:25:18', '2018-03-02 10:06:17'),
(78, 'Product 14', '', '', '', '', '', '', '', 975, 5, 'catalog/products/2.jpg', 8, 1, '119.0000', 0, 9, '2009-02-03', '5.00000000', 1, '0.00000000', '0.00000000', '0.00000000', 1, 1, 1, 0, 1, 2, '2017-08-23 09:25:18', '2018-03-02 10:13:54'),
(79, 'product 11', '', '', '', '', '', '', '', 970, 5, 'catalog/products/3.jpg', 8, 1, '101.5000', 0, 9, '2009-02-03', '10.00000000', 1, '0.00000000', '0.00000000', '0.00000000', 1, 1, 1, 0, 1, 0, '2017-08-23 09:25:18', '2018-03-02 10:06:42'),
(80, 'product 11', '', '', '', '', '', '', '', 970, 5, 'catalog/products/4.jpg', 8, 1, '101.0000', 0, 9, '2009-02-03', '10.00000000', 1, '0.00000000', '0.00000000', '0.00000000', 1, 1, 1, 0, 1, 1, '2017-08-23 09:25:18', '2018-03-02 10:11:34'),
(81, 'product 20', '', '', '', '', '', '', 'test 2', 995, 5, 'catalog/products/5.jpg', 8, 1, '121.0000', 0, 9, '2009-02-08', '1.00000000', 1, '0.00000000', '0.00000000', '0.00000000', 2, 1, 1, 0, 1, 0, '2017-08-23 09:25:18', '2018-03-02 10:07:35'),
(82, 'product 20', '', '', '', '', '', '', 'test 2', 995, 5, 'catalog/products/6.jpg', 8, 1, '116.0000', 0, 9, '2009-02-08', '1.00000000', 1, '0.00000000', '0.00000000', '0.00000000', 2, 1, 1, 0, 1, 0, '2017-08-23 09:25:18', '2019-04-16 10:49:31'),
(83, 'Product 9', '', '', '', '', '', '', '', 993, 6, 'catalog/products/7.jpg', 8, 0, '115.0000', 100, 9, '2009-02-03', '5.00000000', 1, '0.00000000', '0.00000000', '0.00000000', 2, 1, 1, 0, 1, 0, '2017-08-23 09:25:18', '2018-03-02 10:11:25');
-- --------------------------------------------------------
--
-- Table structure for table `oc_product_attribute`
--
-- Creation: Feb 13, 2019 at 05:18 PM
-- Last update: Apr 16, 2019 at 03:52 AM
-- Last check: Apr 25, 2019 at 02:56 AM
--
CREATE TABLE `oc_product_attribute` (
  `product_id` int(11) NOT NULL,
  `attribute_id` int(11) NOT NULL,
  `language_id` int(11) NOT NULL,
  `text` text NOT NULL
) ENGINE=MyISAM DEFAULT CHARSET=utf8;
--
-- RELATIONSHIPS FOR TABLE `oc_product_attribute`:
--
--
-- Dumping data for table `oc_product_attribute`
--
INSERT INTO `oc_product_attribute` (`product_id`, `attribute_id`, `language_id`, `text`) VALUES
(43, 2, 2, '1'),
(47, 2, 2, '4'),
(42, 3, 2, '100mhz'),
(50, 3, 2, '100mhz'),
(52, 2, 2, '4'),
(60, 4, 1, '8gb'),
(69, 3, 1, '100mhz'),
(70, 3, 2, '100mhz'),
(73, 2, 2, '4'),
(74, 4, 1, '16GB'),
(43, 4, 1, '8gb'),
(47, 4, 1, '16GB'),
(42, 3, 1, '100mhz'),
(47, 4, 2, '16GB'),
(50, 3, 1, '100mhz'),
(52, 2, 1, '4'),
(60, 4, 2, '8gb'),
(69, 3, 2, '100mhz'),
(70, 3, 1, '100mhz'),
(73, 2, 1, '4'),
(43, 2, 1, '1'),
(47, 2, 1, '4'),
(52, 4, 1, '16GB'),
(60, 2, 2, '1'),
(60, 2, 1, '1'),
(73, 4, 1, '16GB'),
(74, 2, 2, '4'),
(43, 4, 2, '8gb'),
(74, 4, 2, '16GB'),
(73, 4, 2, '16GB'),
(52, 4, 2, '16GB'),
(74, 2, 1, '4');
-- --------------------------------------------------------
--
-- Table structure for table `oc_product_description`
--
-- Creation: Feb 13, 2019 at 05:18 PM
-- Last update: Apr 16, 2019 at 03:52 AM
-- Last check: Apr 25, 2019 at 01:05 AM
--
CREATE TABLE `oc_product_description` (
  `product_id` int(11) NOT NULL,
  `language_id` int(11) NOT NULL,
  `name` varchar(255) NOT NULL,
  `description` text NOT NULL,
  `tag` text NOT NULL,
  `meta_title` varchar(255) NOT NULL,
  `meta_description` varchar(255) NOT NULL,
  `meta_keyword` varchar(255) NOT NULL
) ENGINE=MyISAM DEFAULT CHARSET=utf8;
--
-- RELATIONSHIPS FOR TABLE `oc_product_description`:
--
--
-- Dumping data for table `oc_product_description`
--
INSERT INTO `oc_product_description` (`product_id`, `language_id`, `name`, `description`, `tag`, `meta_title`, `meta_description`, `meta_keyword`) VALUES
(28, 1, 'Sweeper and Funnel Sectetur Adipiscing Elit', '&lt;p&gt;\r\n	HTC Touch - in High Definition. Watch music videos and streaming content in awe-inspiring high definition clarity for a mobile experience you never thought possible. Seductively sleek, the HTC Touch HD provides the next generation of mobile functionality, all at a simple touch. Fully integrated with Windows Mobile Professional 6.1, ultrafast 3.5G, GPS, 5MP camera, plus lots more - all delivered on a breathtakingly crisp 3.8&amp;quot; WVGA touchscreen - you can take control of your mobile world with the HTC Touch HD.&lt;/p&gt;\r\n&lt;p&gt;\r\n	&lt;strong&gt;Features&lt;/strong&gt;&lt;/p&gt;\r\n&lt;ul&gt;\r\n	&lt;li&gt;\r\n		Processor Qualcomm&amp;reg; MSM 7201A&amp;trade; 528 MHz&lt;/li&gt;\r\n	&lt;li&gt;\r\n		Windows Mobile&amp;reg; 6.1 Professional Operating System&lt;/li&gt;\r\n	&lt;li&gt;\r\n		Memory: 512 MB ROM, 288 MB RAM&lt;/li&gt;\r\n	&lt;li&gt;\r\n		Dimensions: 115 mm x 62.8 mm x 12 mm / 146.4 grams&lt;/li&gt;\r\n	&lt;li&gt;\r\n		3.8-inch TFT-LCD flat touch-sensitive screen with 480 x 800 WVGA resolution&lt;/li&gt;\r\n	&lt;li&gt;\r\n		HSDPA/WCDMA: Europe/Asia: 900/2100 MHz; Up to 2 Mbps up-link and 7.2 Mbps down-link speeds&lt;/li&gt;\r\n	&lt;li&gt;\r\n		Quad-band GSM/GPRS/EDGE: Europe/Asia: 850/900/1800/1900 MHz (Band frequency, HSUPA availability, and data speed are operator dependent.)&lt;/li&gt;\r\n	&lt;li&gt;\r\n		Device Control via HTC TouchFLO&amp;trade; 3D &amp;amp; Touch-sensitive front panel buttons&lt;/li&gt;\r\n	&lt;li&gt;\r\n		GPS and A-GPS ready&lt;/li&gt;\r\n	&lt;li&gt;\r\n		Bluetooth&amp;reg; 2.0 with Enhanced Data Rate and A2DP for wireless stereo headsets&lt;/li&gt;\r\n	&lt;li&gt;\r\n		Wi-Fi&amp;reg;: IEEE 802.11 b/g&lt;/li&gt;\r\n	&lt;li&gt;\r\n		HTC ExtUSB&amp;trade; (11-pin mini-USB 2.0)&lt;/li&gt;\r\n	&lt;li&gt;\r\n		5 megapixel color camera with auto focus&lt;/li&gt;\r\n	&lt;li&gt;\r\n		VGA CMOS color camera&lt;/li&gt;\r\n	&lt;li&gt;\r\n		Built-in 3.5 mm audio jack, microphone, speaker, and FM radio&lt;/li&gt;\r\n	&lt;li&gt;\r\n		Ring tone formats: AAC, AAC+, eAAC+, AMR-NB, AMR-WB, QCP, MP3, WMA, WAV&lt;/li&gt;\r\n	&lt;li&gt;\r\n		40 polyphonic and standard MIDI format 0 and 1 (SMF)/SP MIDI&lt;/li&gt;\r\n	&lt;li&gt;\r\n		Rechargeable Lithium-ion or Lithium-ion polymer 1350 mAh battery&lt;/li&gt;\r\n	&lt;li&gt;\r\n		Expansion Slot: microSD&amp;trade; memory card (SD 2.0 compatible)&lt;/li&gt;\r\n	&lt;li&gt;\r\n		AC Adapter Voltage range/frequency: 100 ~ 240V AC, 50/60 Hz DC output: 5V and 1A&lt;/li&gt;\r\n	&lt;li&gt;\r\n		Special Features: FM Radio, G-Sensor&lt;/li&gt;\r\n&lt;/ul&gt;\r\n', 'tag1, tag2', 'Sweeper and Funnel Sectetur Adipiscing Elit', '', ''),
(41, 2, 'Suspensions Aplomb Large Led Dimmable', '&lt;div&gt;\r\n	Just when you thought iMac had everything, now there´s even more. More powerful Intel Core 2 Duo processors. And more memory standard. Combine this with Mac OS X Leopard and iLife ´08, and it´s more all-in-one than ever. iMac packs amazing performance into a stunningly slim space.&lt;/div&gt;\r\n', 'tag1, tag2', 'Suspensions Aplomb Large Led Dimmable', '', ''),
(67, 2, 'Morbi facilisis Person Outdoor Camping Cooking Pot', '&lt;div&gt;\r\n	Imagine the advantages of going big without slowing down. The big 19&amp;quot; 941BW monitor combines wide aspect ratio with fast pixel response time, for bigger images, more room to work and crisp motion. In addition, the exclusive MagicBright 2, MagicColor and MagicTune technologies help deliver the ideal image in every situation, while sleek, narrow bezels and adjustable stands deliver style just the way you want it. With the Samsung 941BW widescreen analog/digital LCD monitor, it&amp;#39;s not hard to imagine.&lt;/div&gt;\r\n', 'tag1, tag2', 'Morbi facilisis Person Outdoor Camping Cooking Pot', '', ''),
(69, 1, 'Terra Xpress HE Cooking Pot Nam rutrum ultrices sapien', '&lt;p&gt;\r\n	&lt;font face=&quot;helvetica,geneva,arial&quot; size=&quot;2&quot;&gt;&lt;font face=&quot;Helvetica&quot; size=&quot;2&quot;&gt;The 30-inch Apple Cinema HD Display delivers an amazing 2560 x 1600 pixel resolution. Designed specifically for the creative professional, this display provides more space for easier access to all the tools and palettes needed to edit, format and composite your work. Combine this display with a Mac Pro, MacBook Pro, or PowerMac G5 and there\'s no limit to what you can achieve. &lt;br&gt;\r\n	&lt;br&gt;\r\n	&lt;/font&gt;&lt;font face=&quot;Helvetica&quot; size=&quot;2&quot;&gt;The Cinema HD features an active-matrix liquid crystal display that produces flicker-free images that deliver twice the brightness, twice the sharpness and twice the contrast ratio of a typical CRT display. Unlike other flat panels, it\'s designed with a pure digital interface to deliver distortion-free images that never need adjusting. With over 4 million digital pixels, the display is uniquely suited for scientific and technical applications such as visualizing molecular structures or analyzing geological data. &lt;br&gt;\r\n	&lt;br&gt;\r\n	&lt;/font&gt;&lt;font face=&quot;Helvetica&quot; size=&quot;2&quot;&gt;Offering accurate, brilliant color performance, the Cinema HD delivers up to 16.7 million colors across a wide gamut allowing you to see subtle nuances between colors from soft pastels to rich jewel tones. A wide viewing angle ensures uniform color from edge to edge. Apple\'s ColorSync technology allows you to create custom profiles to maintain consistent color onscreen and in print. The result: You can confidently use this display in all your color-critical applications. &lt;br&gt;\r\n	&lt;br&gt;\r\n	&lt;/font&gt;&lt;font face=&quot;Helvetica&quot; size=&quot;2&quot;&gt;Housed in a new aluminum design, the display has a very thin bezel that enhances visual accuracy. Each display features two FireWire 400 ports and two USB 2.0 ports, making attachment of desktop peripherals, such as iSight, iPod, digital and still cameras, hard drives, printers and scanners, even more accessible and convenient. Taking advantage of the much thinner and lighter footprint of an LCD, the new displays support the VESA (Video Electronics Standards Association) mounting interface standard. Customers with the optional Cinema Display VESA Mount Adapter kit gain the flexibility to mount their display in locations most appropriate for their work environment. &lt;br&gt;\r\n	&lt;br&gt;\r\n	&lt;/font&gt;&lt;font face=&quot;Helvetica&quot; size=&quot;2&quot;&gt;The Cinema HD features a single cable design with elegant breakout for the USB 2.0, FireWire 400 and a pure digital connection using the industry standard Digital Video Interface (DVI) interface. The DVI connection allows for a direct pure-digital connection.&lt;br&gt;\r\n	&lt;/font&gt;&lt;/font&gt;&lt;/p&gt;\r\n&lt;h3&gt;\r\n	Features:&lt;/h3&gt;\r\n&lt;p&gt;\r\n	Unrivaled display performance&lt;/p&gt;\r\n&lt;ul&gt;\r\n	&lt;li&gt;\r\n		30-inch (viewable) active-matrix liquid crystal display provides breathtaking image quality and vivid, richly saturated color.&lt;/li&gt;\r\n	&lt;li&gt;\r\n		Support for 2560-by-1600 pixel resolution for display of high definition still and video imagery.&lt;/li&gt;\r\n	&lt;li&gt;\r\n		Wide-format design for simultaneous display of two full pages of text and graphics.&lt;/li&gt;\r\n	&lt;li&gt;\r\n		Industry standard DVI connector for direct attachment to Mac- and Windows-based desktops and notebooks&lt;/li&gt;\r\n	&lt;li&gt;\r\n		Incredibly wide (170 degree) horizontal and vertical viewing angle for maximum visibility and color performance.&lt;/li&gt;\r\n	&lt;li&gt;\r\n		Lightning-fast pixel response for full-motion digital video playback.&lt;/li&gt;\r\n	&lt;li&gt;\r\n		Support for 16.7 million saturated colors, for use in all graphics-intensive applications.&lt;/li&gt;\r\n&lt;/ul&gt;\r\n&lt;p&gt;\r\n	Simple setup and operation&lt;/p&gt;\r\n&lt;ul&gt;\r\n	&lt;li&gt;\r\n		Single cable with elegant breakout for connection to DVI, USB and FireWire ports&lt;/li&gt;\r\n	&lt;li&gt;\r\n		Built-in two-port USB 2.0 hub for easy connection of desktop peripheral devices.&lt;/li&gt;\r\n	&lt;li&gt;\r\n		Two FireWire 400 ports to support iSight and other desktop peripherals&lt;/li&gt;\r\n&lt;/ul&gt;\r\n&lt;p&gt;\r\n	Sleek, elegant design&lt;/p&gt;\r\n&lt;ul&gt;\r\n	&lt;li&gt;\r\n		Huge virtual workspace, very small footprint.&lt;/li&gt;\r\n	&lt;li&gt;\r\n		Narrow Bezel design to minimize visual impact of using dual displays&lt;/li&gt;\r\n	&lt;li&gt;\r\n		Unique hinge design for effortless adjustment&lt;/li&gt;\r\n	&lt;li&gt;\r\n		Support for VESA mounting solutions (Apple Cinema Display VESA Mount Adapter sold separately)&lt;/li&gt;\r\n&lt;/ul&gt;\r\n&lt;h3&gt;\r\n	Technical specifications&lt;/h3&gt;\r\n&lt;p&gt;\r\n	&lt;b&gt;Screen size (diagonal viewable image size)&lt;/b&gt;&lt;/p&gt;\r\n&lt;ul&gt;\r\n	&lt;li&gt;\r\n		Apple Cinema HD Display: 30 inches (29.7-inch viewable)&lt;/li&gt;\r\n&lt;/ul&gt;\r\n&lt;p&gt;\r\n	&lt;b&gt;Screen type&lt;/b&gt;&lt;/p&gt;\r\n&lt;ul&gt;\r\n	&lt;li&gt;\r\n		Thin film transistor (TFT) active-matrix liquid crystal display (AMLCD)&lt;/li&gt;\r\n&lt;/ul&gt;\r\n&lt;p&gt;\r\n	&lt;b&gt;Resolutions&lt;/b&gt;&lt;/p&gt;\r\n&lt;ul&gt;\r\n	&lt;li&gt;\r\n		2560 x 1600 pixels (optimum resolution)&lt;/li&gt;\r\n	&lt;li&gt;\r\n		2048 x 1280&lt;/li&gt;\r\n	&lt;li&gt;\r\n		1920 x 1200&lt;/li&gt;\r\n	&lt;li&gt;\r\n		1280 x 800&lt;/li&gt;\r\n	&lt;li&gt;\r\n		1024 x 640&lt;/li&gt;\r\n&lt;/ul&gt;\r\n&lt;p&gt;\r\n	&lt;b&gt;Display colors (maximum)&lt;/b&gt;&lt;/p&gt;\r\n&lt;ul&gt;\r\n	&lt;li&gt;\r\n		16.7 million&lt;/li&gt;\r\n&lt;/ul&gt;\r\n&lt;p&gt;\r\n	&lt;b&gt;Viewing angle (typical)&lt;/b&gt;&lt;/p&gt;\r\n&lt;ul&gt;\r\n	&lt;li&gt;\r\n		170° horizontal; 170° vertical&lt;/li&gt;\r\n&lt;/ul&gt;\r\n&lt;p&gt;\r\n	&lt;b&gt;Brightness (typical)&lt;/b&gt;&lt;/p&gt;\r\n&lt;ul&gt;\r\n	&lt;li&gt;\r\n		30-inch Cinema HD Display: 400 cd/m2&lt;/li&gt;\r\n&lt;/ul&gt;\r\n&lt;p&gt;\r\n	&lt;b&gt;Contrast ratio (typical)&lt;/b&gt;&lt;/p&gt;\r\n&lt;ul&gt;\r\n	&lt;li&gt;\r\n		700:1&lt;/li&gt;\r\n&lt;/ul&gt;\r\n&lt;p&gt;\r\n	&lt;b&gt;Response time (typical)&lt;/b&gt;&lt;/p&gt;\r\n&lt;ul&gt;\r\n	&lt;li&gt;\r\n		16 ms&lt;/li&gt;\r\n&lt;/ul&gt;\r\n&lt;p&gt;\r\n	&lt;b&gt;Pixel pitch&lt;/b&gt;&lt;/p&gt;\r\n&lt;ul&gt;\r\n	&lt;li&gt;\r\n		30-inch Cinema HD Display: 0.250 mm&lt;/li&gt;\r\n&lt;/ul&gt;\r\n&lt;p&gt;\r\n	&lt;b&gt;Screen treatment&lt;/b&gt;&lt;/p&gt;\r\n&lt;ul&gt;\r\n	&lt;li&gt;\r\n		Antiglare hardcoat&lt;/li&gt;\r\n&lt;/ul&gt;\r\n&lt;p&gt;\r\n	&lt;b&gt;User controls (hardware and software)&lt;/b&gt;&lt;/p&gt;\r\n&lt;ul&gt;\r\n	&lt;li&gt;\r\n		Display Power,&lt;/li&gt;\r\n	&lt;li&gt;\r\n		System sleep, wake&lt;/li&gt;\r\n	&lt;li&gt;\r\n		Brightness&lt;/li&gt;\r\n	&lt;li&gt;\r\n		Monitor tilt&lt;/li&gt;\r\n&lt;/ul&gt;\r\n&lt;p&gt;\r\n	&lt;b&gt;Connectors and cables&lt;/b&gt;&lt;br&gt;\r\n	Cable&lt;/p&gt;\r\n&lt;ul&gt;\r\n	&lt;li&gt;\r\n		DVI (Digital Visual Interface)&lt;/li&gt;\r\n	&lt;li&gt;\r\n		FireWire 400&lt;/li&gt;\r\n	&lt;li&gt;\r\n		USB 2.0&lt;/li&gt;\r\n	&lt;li&gt;\r\n		DC power (24 V)&lt;/li&gt;\r\n&lt;/ul&gt;\r\n&lt;p&gt;\r\n	Connectors&lt;/p&gt;\r\n&lt;ul&gt;\r\n	&lt;li&gt;\r\n		Two-port, self-powered USB 2.0 hub&lt;/li&gt;\r\n	&lt;li&gt;\r\n		Two FireWire 400 ports&lt;/li&gt;\r\n	&lt;li&gt;\r\n		Kensington security port&lt;/li&gt;\r\n&lt;/ul&gt;\r\n&lt;p&gt;\r\n	&lt;b&gt;VESA mount adapter&lt;/b&gt;&lt;br&gt;\r\n	Requires optional Cinema Display VESA Mount Adapter (M9649G/A)&lt;/p&gt;\r\n&lt;ul&gt;\r\n	&lt;li&gt;\r\n		Compatible with VESA FDMI (MIS-D, 100, C) compliant mounting solutions&lt;/li&gt;\r\n&lt;/ul&gt;\r\n&lt;p&gt;\r\n	&lt;b&gt;Electrical requirements&lt;/b&gt;&lt;/p&gt;\r\n&lt;ul&gt;\r\n	&lt;li&gt;\r\n		Input voltage: 100-240 VAC 50-60Hz&lt;/li&gt;\r\n	&lt;li&gt;\r\n		Maximum power when operating: 150W&lt;/li&gt;\r\n	&lt;li&gt;\r\n		Energy saver mode: 3W or less&lt;/li&gt;\r\n&lt;/ul&gt;\r\n&lt;p&gt;\r\n	&lt;b&gt;Environmental requirements&lt;/b&gt;&lt;/p&gt;\r\n&lt;ul&gt;\r\n	&lt;li&gt;\r\n		Operating temperature: 50° to 95° F (10° to 35° C)&lt;/li&gt;\r\n	&lt;li&gt;\r\n		Storage temperature: -40° to 116° F (-40° to 47° C)&lt;/li&gt;\r\n	&lt;li&gt;\r\n		Operating humidity: 20% to 80% noncondensing&lt;/li&gt;\r\n	&lt;li&gt;\r\n		Maximum operating altitude: 10,000 feet&lt;/li&gt;\r\n&lt;/ul&gt;\r\n&lt;p&gt;\r\n	&lt;b&gt;Agency approvals&lt;/b&gt;&lt;/p&gt;\r\n&lt;ul&gt;\r\n	&lt;li&gt;\r\n		FCC Part 15 Class B&lt;/li&gt;\r\n	&lt;li&gt;\r\n		EN55022 Class B&lt;/li&gt;\r\n	&lt;li&gt;\r\n		EN55024&lt;/li&gt;\r\n	&lt;li&gt;\r\n		VCCI Class B&lt;/li&gt;\r\n	&lt;li&gt;\r\n		AS/NZS 3548 Class B&lt;/li&gt;\r\n	&lt;li&gt;\r\n		CNS 13438 Class B&lt;/li&gt;\r\n	&lt;li&gt;\r\n		ICES-003 Class B&lt;/li&gt;\r\n	&lt;li&gt;\r\n		ISO 13406 part 2&lt;/li&gt;\r\n	&lt;li&gt;\r\n		MPR II&lt;/li&gt;\r\n	&lt;li&gt;\r\n		IEC 60950&lt;/li&gt;\r\n	&lt;li&gt;\r\n		UL 60950&lt;/li&gt;\r\n	&lt;li&gt;\r\n		CSA 60950&lt;/li&gt;\r\n	&lt;li&gt;\r\n		EN60950&lt;/li&gt;\r\n	&lt;li&gt;\r\n		ENERGY STAR&lt;/li&gt;\r\n	&lt;li&gt;\r\n		TCO \'03&lt;/li&gt;\r\n&lt;/ul&gt;\r\n&lt;p&gt;\r\n	&lt;b&gt;Size and weight&lt;/b&gt;&lt;br&gt;\r\n	30-inch Apple Cinema HD Display&lt;/p&gt;\r\n&lt;ul&gt;\r\n	&lt;li&gt;\r\n		Height: 21.3 inches (54.3 cm)&lt;/li&gt;\r\n	&lt;li&gt;\r\n		Width: 27.2 inches (68.8 cm)&lt;/li&gt;\r\n	&lt;li&gt;\r\n		Depth: 8.46 inches (21.5 cm)&lt;/li&gt;\r\n	&lt;li&gt;\r\n		Weight: 27.5 pounds (12.5 kg)&lt;/li&gt;\r\n&lt;/ul&gt;\r\n&lt;p&gt;\r\n	&lt;b&gt;System Requirements&lt;/b&gt;&lt;/p&gt;\r\n&lt;ul&gt;\r\n	&lt;li&gt;\r\n		Mac Pro, all graphic options&lt;/li&gt;\r\n	&lt;li&gt;\r\n		MacBook Pro&lt;/li&gt;\r\n	&lt;li&gt;\r\n		Power Mac G5 (PCI-X) with ATI Radeon 9650 or better or NVIDIA GeForce 6800 GT DDL or better&lt;/li&gt;\r\n	&lt;li&gt;\r\n		Power Mac G5 (PCI Express), all graphics options&lt;/li&gt;\r\n	&lt;li&gt;\r\n		PowerBook G4 with dual-link DVI support&lt;/li&gt;\r\n	&lt;li&gt;\r\n		Windows PC and graphics card that supports DVI ports with dual-link digital bandwidth and VESA DDC standard for plug-and-play setup&lt;/li&gt;\r\n&lt;/ul&gt;\r\n', 'tag1, tag2', 'Terra Xpress HE Cooking Pot Nam rutrum ultrices sapien', '', ''),
(43, 1, 'JWDA Pendant Lamp Brushed Steel', '&lt;div&gt;\r\n	&lt;p&gt;\r\n		&lt;b&gt;Intel Core 2 Duo processor&lt;/b&gt;&lt;/p&gt;\r\n	&lt;p&gt;\r\n		Powered by an Intel Core 2 Duo processor at speeds up to 2.16GHz, the new MacBook is the fastest ever.&lt;/p&gt;\r\n	&lt;p&gt;\r\n		&lt;b&gt;1GB memory, larger hard drives&lt;/b&gt;&lt;/p&gt;\r\n	&lt;p&gt;\r\n		The new MacBook now comes with 1GB of memory standard and larger hard drives for the entire line perfect for running more of your favorite applications and storing growing media collections.&lt;/p&gt;\r\n	&lt;p&gt;\r\n		&lt;b&gt;Sleek, 1.08-inch-thin design&lt;/b&gt;&lt;/p&gt;\r\n	&lt;p&gt;\r\n		MacBook makes it easy to hit the road thanks to its tough polycarbonate case, built-in wireless technologies, and innovative MagSafe Power Adapter that releases automatically if someone accidentally trips on the cord.&lt;/p&gt;\r\n	&lt;p&gt;\r\n		&lt;b&gt;Built-in iSight camera&lt;/b&gt;&lt;/p&gt;\r\n	&lt;p&gt;\r\n		Right out of the box, you can have a video chat with friends or family,2 record a video at your desk, or take fun pictures with Photo Booth&lt;/p&gt;\r\n&lt;/div&gt;\r\n', 'tag1, tag2', 'JWDA Pendant Lamp Brushed Steel', '', ''),
(30, 2, 'Poly and Bark Vortex Side Chair, Blue', '&lt;p&gt;\r\n	Canon\'s press material for the EOS 5D states that it \'defines (a) new D-SLR category\', while we\'re not typically too concerned with marketing talk this particular statement is clearly pretty accurate. The EOS 5D is unlike any previous digital SLR in that it combines a full-frame (35 mm sized) high resolution sensor (12.8 megapixels) with a relatively compact body (slightly larger than the EOS 20D, although in your hand it feels noticeably \'chunkier\'). The EOS 5D is aimed to slot in between the EOS 20D and the EOS-1D professional digital SLR\'s, an important difference when compared to the latter is that the EOS 5D doesn\'t have any environmental seals. While Canon don\'t specifically refer to the EOS 5D as a \'professional\' digital SLR it will have obvious appeal to professionals who want a high quality digital SLR in a body lighter than the EOS-1D. It will also no doubt appeal to current EOS 20D owners (although lets hope they\'ve not bought too many EF-S lenses...) äë&lt;/p&gt;\r\n', 'tag1, tag2', 'Poly and Bark Vortex Side Chair, Blue', '', ''),
(53, 2, 'Ryann Aoukar mollis porttitor mattis lorem imperdiet', '&lt;p&gt;\r\n	HTC Touch - in High Definition. Watch music videos and streaming content in awe-inspiring high definition clarity for a mobile experience you never thought possible. Seductively sleek, the HTC Touch HD provides the next generation of mobile functionality, all at a simple touch. Fully integrated with Windows Mobile Professional 6.1, ultrafast 3.5G, GPS, 5MP camera, plus lots more - all delivered on a breathtakingly crisp 3.8&amp;quot; WVGA touchscreen - you can take control of your mobile world with the HTC Touch HD.&lt;/p&gt;\r\n&lt;p&gt;\r\n	&lt;strong&gt;Features&lt;/strong&gt;&lt;/p&gt;\r\n&lt;ul&gt;\r\n	&lt;li&gt;\r\n		Processor Qualcomm&amp;reg; MSM 7201A&amp;trade; 528 MHz&lt;/li&gt;\r\n	&lt;li&gt;\r\n		Windows Mobile&amp;reg; 6.1 Professional Operating System&lt;/li&gt;\r\n	&lt;li&gt;\r\n		Memory: 512 MB ROM, 288 MB RAM&lt;/li&gt;\r\n	&lt;li&gt;\r\n		Dimensions: 115 mm x 62.8 mm x 12 mm / 146.4 grams&lt;/li&gt;\r\n	&lt;li&gt;\r\n		3.8-inch TFT-LCD flat touch-sensitive screen with 480 x 800 WVGA resolution&lt;/li&gt;\r\n	&lt;li&gt;\r\n		HSDPA/WCDMA: Europe/Asia: 900/2100 MHz; Up to 2 Mbps up-link and 7.2 Mbps down-link speeds&lt;/li&gt;\r\n	&lt;li&gt;\r\n		Quad-band GSM/GPRS/EDGE: Europe/Asia: 850/900/1800/1900 MHz (Band frequency, HSUPA availability, and data speed are operator dependent.)&lt;/li&gt;\r\n	&lt;li&gt;\r\n		Device Control via HTC TouchFLO&amp;trade; 3D &amp;amp; Touch-sensitive front panel buttons&lt;/li&gt;\r\n	&lt;li&gt;\r\n		GPS and A-GPS ready&lt;/li&gt;\r\n	&lt;li&gt;\r\n		Bluetooth&amp;reg; 2.0 with Enhanced Data Rate and A2DP for wireless stereo headsets&lt;/li&gt;\r\n	&lt;li&gt;\r\n		Wi-Fi&amp;reg;: IEEE 802.11 b/g&lt;/li&gt;\r\n	&lt;li&gt;\r\n		HTC ExtUSB&amp;trade; (11-pin mini-USB 2.0)&lt;/li&gt;\r\n	&lt;li&gt;\r\n		5 megapixel color camera with auto focus&lt;/li&gt;\r\n	&lt;li&gt;\r\n		VGA CMOS color camera&lt;/li&gt;\r\n	&lt;li&gt;\r\n		Built-in 3.5 mm audio jack, microphone, speaker, and FM radio&lt;/li&gt;\r\n	&lt;li&gt;\r\n		Ring tone formats: AAC, AAC+, eAAC+, AMR-NB, AMR-WB, QCP, MP3, WMA, WAV&lt;/li&gt;\r\n	&lt;li&gt;\r\n		40 polyphonic and standard MIDI format 0 and 1 (SMF)/SP MIDI&lt;/li&gt;\r\n	&lt;li&gt;\r\n		Rechargeable Lithium-ion or Lithium-ion polymer 1350 mAh battery&lt;/li&gt;\r\n	&lt;li&gt;\r\n		Expansion Slot: microSD&amp;trade; memory card (SD 2.0 compatible)&lt;/li&gt;\r\n	&lt;li&gt;\r\n		AC Adapter Voltage range/frequency: 100 ~ 240V AC, 50/60 Hz DC output: 5V and 1A&lt;/li&gt;\r\n	&lt;li&gt;\r\n		Special Features: FM Radio, G-Sensor&lt;/li&gt;\r\n&lt;/ul&gt;\r\n', 'tag1, tag2', 'Ryann Aoukar mollis porttitor mattis lorem imperdiet', '', ''),
(56, 2, 'Paige Microsuede Full Size Sofa Bed Grey', '&lt;div class=&quot;cpt_product_description &quot;&gt;\r\n	&lt;div&gt;\r\n		&lt;p&gt;\r\n			&lt;strong&gt;More room to move.&lt;/strong&gt;&lt;/p&gt;\r\n		&lt;p&gt;\r\n			With 80GB or 160GB of storage and up to 40 hours of battery life, the new iPod classic lets you enjoy up to 40,000 songs or up to 200 hours of video or any combination wherever you go.&lt;/p&gt;\r\n		&lt;p&gt;\r\n			&lt;strong&gt;Cover Flow.&lt;/strong&gt;&lt;/p&gt;\r\n		&lt;p&gt;\r\n			Browse through your music collection by flipping through album art. Select an album to turn it over and see the track list.&lt;/p&gt;\r\n		&lt;p&gt;\r\n			&lt;strong&gt;Enhanced interface.&lt;/strong&gt;&lt;/p&gt;\r\n		&lt;p&gt;\r\n			Experience a whole new way to browse and view your music and video.&lt;/p&gt;\r\n		&lt;p&gt;\r\n			&lt;strong&gt;Sleeker design.&lt;/strong&gt;&lt;/p&gt;\r\n		&lt;p&gt;\r\n			Beautiful, durable, and sleeker than ever, iPod classic now features an anodized aluminum and polished stainless steel enclosure with rounded edges.&lt;/p&gt;\r\n	&lt;/div&gt;\r\n&lt;/div&gt;\r\n&lt;!-- cpt_container_end --&gt;', 'tag1, tag2', 'Paige Microsuede Full Size Sofa Bed Grey', '', ''),
(61, 2, 'Calandiva Wrapped 12cm Pellentesque habitant morbi', '&lt;div&gt;\r\n	MacBook Air is ultrathin, ultraportable, and ultra unlike anything else. But you don&amp;rsquo;t lose inches and pounds overnight. It&amp;rsquo;s the result of rethinking conventions. Of multiple wireless innovations. And of breakthrough design. With MacBook Air, mobile computing suddenly has a new standard.&lt;/div&gt;\r\n', 'tag1, tag2', 'Calandiva Wrapped 12cm Pellentesque habitant morbi', '', ''),
(62, 2, 'Luscious Lemonade - Lantana camara', '&lt;div class=&quot;cpt_product_description &quot;&gt;\r\n	&lt;div&gt;\r\n		&lt;p&gt;\r\n			&lt;b&gt;Latest Intel mobile architecture&lt;/b&gt;&lt;/p&gt;\r\n		&lt;p&gt;\r\n			Powered by the most advanced mobile processors from Intel, the new Core 2 Duo MacBook Pro is over 50% faster than the original Core Duo MacBook Pro and now supports up to 4GB of RAM.&lt;/p&gt;\r\n		&lt;p&gt;\r\n			&lt;b&gt;Leading-edge graphics&lt;/b&gt;&lt;/p&gt;\r\n		&lt;p&gt;\r\n			The NVIDIA GeForce 8600M GT delivers exceptional graphics processing power. For the ultimate creative canvas, you can even configure the 17-inch model with a 1920-by-1200 resolution display.&lt;/p&gt;\r\n		&lt;p&gt;\r\n			&lt;b&gt;Designed for life on the road&lt;/b&gt;&lt;/p&gt;\r\n		&lt;p&gt;\r\n			Innovations such as a magnetic power connection and an illuminated keyboard with ambient light sensor put the MacBook Pro in a class by itself.&lt;/p&gt;\r\n		&lt;p&gt;\r\n			&lt;b&gt;Connect. Create. Communicate.&lt;/b&gt;&lt;/p&gt;\r\n		&lt;p&gt;\r\n			Quickly set up a video conference with the built-in iSight camera. Control presentations and media from up to 30 feet away with the included Apple Remote. Connect to high-bandwidth peripherals with FireWire 800 and DVI.&lt;/p&gt;\r\n		&lt;p&gt;\r\n			&lt;b&gt;Next-generation wireless&lt;/b&gt;&lt;/p&gt;\r\n		&lt;p&gt;\r\n			Featuring 802.11n wireless technology, the MacBook Pro delivers up to five times the performance and up to twice the range of previous-generation technologies.&lt;/p&gt;\r\n	&lt;/div&gt;\r\n&lt;/div&gt;\r\n&lt;!-- cpt_container_end --&gt;', 'tag1, tag2', 'Luscious Lemonade - Lantana camara', '', ''),
(63, 2, 'Ikea Succulent Plants Quisque aliquam magna sed', '&lt;div class=&quot;cpt_product_description &quot;&gt;\r\n	&lt;div&gt;\r\n		Engineered with pro-level features and performance, the 12.3-effective-megapixel D300 combines brand new technologies with advanced features inherited from Nikon&amp;#39;s newly announced D3 professional digital SLR camera to offer serious photographers remarkable performance combined with agility.&lt;br /&gt;\r\n		&lt;br /&gt;\r\n		Similar to the D3, the D300 features Nikon&amp;#39;s exclusive EXPEED Image Processing System that is central to driving the speed and processing power needed for many of the camera&amp;#39;s new features. The D300 features a new 51-point autofocus system with Nikon&amp;#39;s 3D Focus Tracking feature and two new LiveView shooting modes that allow users to frame a photograph using the camera&amp;#39;s high-resolution LCD monitor. The D300 shares a similar Scene Recognition System as is found in the D3; it promises to greatly enhance the accuracy of autofocus, autoexposure, and auto white balance by recognizing the subject or scene being photographed and applying this information to the calculations for the three functions.&lt;br /&gt;\r\n		&lt;br /&gt;\r\n		The D300 reacts with lightning speed, powering up in a mere 0.13 seconds and shooting with an imperceptible 45-millisecond shutter release lag time. The D300 is capable of shooting at a rapid six frames per second and can go as fast as eight frames per second when using the optional MB-D10 multi-power battery pack. In continuous bursts, the D300 can shoot up to 100 shots at full 12.3-megapixel resolution. (NORMAL-LARGE image setting, using a SanDisk Extreme IV 1GB CompactFlash card.)&lt;br /&gt;\r\n		&lt;br /&gt;\r\n		The D300 incorporates a range of innovative technologies and features that will significantly improve the accuracy, control, and performance photographers can get from their equipment. Its new Scene Recognition System advances the use of Nikon&amp;#39;s acclaimed 1,005-segment sensor to recognize colors and light patterns that help the camera determine the subject and the type of scene being photographed before a picture is taken. This information is used to improve the accuracy of autofocus, autoexposure, and auto white balance functions in the D300. For example, the camera can track moving subjects better and by identifying them, it can also automatically select focus points faster and with greater accuracy. It can also analyze highlights and more accurately determine exposure, as well as infer light sources to deliver more accurate white balance detection.&lt;/div&gt;\r\n&lt;/div&gt;\r\n&lt;!-- cpt_container_end --&gt;', 'tag1, tag2', 'Ikea Succulent Plants Quisque aliquam magna sed', '', ''),
(64, 2, 'Lucky Bamboo Modern Braided Tower', '&lt;p&gt;\r\n	Redefine your workday with the Palm Treo Pro smartphone. Perfectly balanced, you can respond to business and personal email, stay on top of appointments and contacts, and use Wi-Fi or GPS when you&amp;rsquo;re out and about. Then watch a video on YouTube, catch up with news and sports on the web, or listen to a few songs. Balance your work and play the way you like it, with the Palm Treo Pro.&lt;/p&gt;\r\n&lt;p&gt;\r\n	&lt;strong&gt;Features&lt;/strong&gt;&lt;/p&gt;\r\n&lt;ul&gt;\r\n	&lt;li&gt;\r\n		Windows Mobile&amp;reg; 6.1 Professional Edition&lt;/li&gt;\r\n	&lt;li&gt;\r\n		Qualcomm&amp;reg; MSM7201 400MHz Processor&lt;/li&gt;\r\n	&lt;li&gt;\r\n		320x320 transflective colour TFT touchscreen&lt;/li&gt;\r\n	&lt;li&gt;\r\n		HSDPA/UMTS/EDGE/GPRS/GSM radio&lt;/li&gt;\r\n	&lt;li&gt;\r\n		Tri-band UMTS &amp;mdash; 850MHz, 1900MHz, 2100MHz&lt;/li&gt;\r\n	&lt;li&gt;\r\n		Quad-band GSM &amp;mdash; 850/900/1800/1900&lt;/li&gt;\r\n	&lt;li&gt;\r\n		802.11b/g with WPA, WPA2, and 801.1x authentication&lt;/li&gt;\r\n	&lt;li&gt;\r\n		Built-in GPS&lt;/li&gt;\r\n	&lt;li&gt;\r\n		Bluetooth Version: 2.0 + Enhanced Data Rate&lt;/li&gt;\r\n	&lt;li&gt;\r\n		256MB storage (100MB user available), 128MB RAM&lt;/li&gt;\r\n	&lt;li&gt;\r\n		2.0 megapixel camera, up to 8x digital zoom and video capture&lt;/li&gt;\r\n	&lt;li&gt;\r\n		Removable, rechargeable 1500mAh lithium-ion battery&lt;/li&gt;\r\n	&lt;li&gt;\r\n		Up to 5.0 hours talk time and up to 250 hours standby&lt;/li&gt;\r\n	&lt;li&gt;\r\n		MicroSDHC card expansion (up to 32GB supported)&lt;/li&gt;\r\n	&lt;li&gt;\r\n		MicroUSB 2.0 for synchronization and charging&lt;/li&gt;\r\n	&lt;li&gt;\r\n		3.5mm stereo headset jack&lt;/li&gt;\r\n	&lt;li&gt;\r\n		60mm (W) x 114mm (L) x 13.5mm (D) / 133g&lt;/li&gt;\r\n&lt;/ul&gt;\r\n', 'tag1, tag2', 'Lucky Bamboo Modern Braided Tower', '', ''),
(68, 2, 'Liven LR-KZ880 Multi-purpose 10 Liter', '&lt;div&gt;\r\n	Unprecedented power. The next generation of processing technology has arrived. Built into the newest VAIO notebooks lies Intel&amp;#39;s latest, most powerful innovation yet: Intel&amp;reg; Centrino&amp;reg; 2 processor technology. Boasting incredible speed, expanded wireless connectivity, enhanced multimedia support and greater energy efficiency, all the high-performance essentials are seamlessly combined into a single chip.&lt;/div&gt;\r\n', 'tag1, tag2', 'Liven LR-KZ880 Multi-purpose 10 Liter', '', ''),
(70, 2, 'Tower Pressure Cooker with Steamer Basket', '&lt;p&gt;\r\n	&lt;font face=&quot;helvetica,geneva,arial&quot; size=&quot;2&quot;&gt;&lt;font face=&quot;Helvetica&quot; size=&quot;2&quot;&gt;The 30-inch Apple Cinema HD Display delivers an amazing 2560 x 1600 pixel resolution. Designed specifically for the creative professional, this display provides more space for easier access to all the tools and palettes needed to edit, format and composite your work. Combine this display with a Mac Pro, MacBook Pro, or PowerMac G5 and there\'s no limit to what you can achieve. &lt;br&gt;\r\n	&lt;br&gt;\r\n	&lt;/font&gt;&lt;font face=&quot;Helvetica&quot; size=&quot;2&quot;&gt;The Cinema HD features an active-matrix liquid crystal display that produces flicker-free images that deliver twice the brightness, twice the sharpness and twice the contrast ratio of a typical CRT display. Unlike other flat panels, it\'s designed with a pure digital interface to deliver distortion-free images that never need adjusting. With over 4 million digital pixels, the display is uniquely suited for scientific and technical applications such as visualizing molecular structures or analyzing geological data. &lt;br&gt;\r\n	&lt;br&gt;\r\n	&lt;/font&gt;&lt;font face=&quot;Helvetica&quot; size=&quot;2&quot;&gt;Offering accurate, brilliant color performance, the Cinema HD delivers up to 16.7 million colors across a wide gamut allowing you to see subtle nuances between colors from soft pastels to rich jewel tones. A wide viewing angle ensures uniform color from edge to edge. Apple\'s ColorSync technology allows you to create custom profiles to maintain consistent color onscreen and in print. The result: You can confidently use this display in all your color-critical applications. &lt;br&gt;\r\n	&lt;br&gt;\r\n	&lt;/font&gt;&lt;font face=&quot;Helvetica&quot; size=&quot;2&quot;&gt;Housed in a new aluminum design, the display has a very thin bezel that enhances visual accuracy. Each display features two FireWire 400 ports and two USB 2.0 ports, making attachment of desktop peripherals, such as iSight, iPod, digital and still cameras, hard drives, printers and scanners, even more accessible and convenient. Taking advantage of the much thinner and lighter footprint of an LCD, the new displays support the VESA (Video Electronics Standards Association) mounting interface standard. Customers with the optional Cinema Display VESA Mount Adapter kit gain the flexibility to mount their display in locations most appropriate for their work environment. &lt;br&gt;\r\n	&lt;br&gt;\r\n	&lt;/font&gt;&lt;font face=&quot;Helvetica&quot; size=&quot;2&quot;&gt;The Cinema HD features a single cable design with elegant breakout for the USB 2.0, FireWire 400 and a pure digital connection using the industry standard Digital Video Interface (DVI) interface. The DVI connection allows for a direct pure-digital connection.&lt;br&gt;\r\n	&lt;/font&gt;&lt;/font&gt;&lt;/p&gt;\r\n&lt;h3&gt;\r\n	Features:&lt;/h3&gt;\r\n&lt;p&gt;\r\n	Unrivaled display performance&lt;/p&gt;\r\n&lt;ul&gt;\r\n	&lt;li&gt;\r\n		30-inch (viewable) active-matrix liquid crystal display provides breathtaking image quality and vivid, richly saturated color.&lt;/li&gt;\r\n	&lt;li&gt;\r\n		Support for 2560-by-1600 pixel resolution for display of high definition still and video imagery.&lt;/li&gt;\r\n	&lt;li&gt;\r\n		Wide-format design for simultaneous display of two full pages of text and graphics.&lt;/li&gt;\r\n	&lt;li&gt;\r\n		Industry standard DVI connector for direct attachment to Mac- and Windows-based desktops and notebooks&lt;/li&gt;\r\n	&lt;li&gt;\r\n		Incredibly wide (170 degree) horizontal and vertical viewing angle for maximum visibility and color performance.&lt;/li&gt;\r\n	&lt;li&gt;\r\n		Lightning-fast pixel response for full-motion digital video playback.&lt;/li&gt;\r\n	&lt;li&gt;\r\n		Support for 16.7 million saturated colors, for use in all graphics-intensive applications.&lt;/li&gt;\r\n&lt;/ul&gt;\r\n&lt;p&gt;\r\n	Simple setup and operation&lt;/p&gt;\r\n&lt;ul&gt;\r\n	&lt;li&gt;\r\n		Single cable with elegant breakout for connection to DVI, USB and FireWire ports&lt;/li&gt;\r\n	&lt;li&gt;\r\n		Built-in two-port USB 2.0 hub for easy connection of desktop peripheral devices.&lt;/li&gt;\r\n	&lt;li&gt;\r\n		Two FireWire 400 ports to support iSight and other desktop peripherals&lt;/li&gt;\r\n&lt;/ul&gt;\r\n&lt;p&gt;\r\n	Sleek, elegant design&lt;/p&gt;\r\n&lt;ul&gt;\r\n	&lt;li&gt;\r\n		Huge virtual workspace, very small footprint.&lt;/li&gt;\r\n	&lt;li&gt;\r\n		Narrow Bezel design to minimize visual impact of using dual displays&lt;/li&gt;\r\n	&lt;li&gt;\r\n		Unique hinge design for effortless adjustment&lt;/li&gt;\r\n	&lt;li&gt;\r\n		Support for VESA mounting solutions (Apple Cinema Display VESA Mount Adapter sold separately)&lt;/li&gt;\r\n&lt;/ul&gt;\r\n&lt;h3&gt;\r\n	Technical specifications&lt;/h3&gt;\r\n&lt;p&gt;\r\n	&lt;b&gt;Screen size (diagonal viewable image size)&lt;/b&gt;&lt;/p&gt;\r\n&lt;ul&gt;\r\n	&lt;li&gt;\r\n		Apple Cinema HD Display: 30 inches (29.7-inch viewable)&lt;/li&gt;\r\n&lt;/ul&gt;\r\n&lt;p&gt;\r\n	&lt;b&gt;Screen type&lt;/b&gt;&lt;/p&gt;\r\n&lt;ul&gt;\r\n	&lt;li&gt;\r\n		Thin film transistor (TFT) active-matrix liquid crystal display (AMLCD)&lt;/li&gt;\r\n&lt;/ul&gt;\r\n&lt;p&gt;\r\n	&lt;b&gt;Resolutions&lt;/b&gt;&lt;/p&gt;\r\n&lt;ul&gt;\r\n	&lt;li&gt;\r\n		2560 x 1600 pixels (optimum resolution)&lt;/li&gt;\r\n	&lt;li&gt;\r\n		2048 x 1280&lt;/li&gt;\r\n	&lt;li&gt;\r\n		1920 x 1200&lt;/li&gt;\r\n	&lt;li&gt;\r\n		1280 x 800&lt;/li&gt;\r\n	&lt;li&gt;\r\n		1024 x 640&lt;/li&gt;\r\n&lt;/ul&gt;\r\n&lt;p&gt;\r\n	&lt;b&gt;Display colors (maximum)&lt;/b&gt;&lt;/p&gt;\r\n&lt;ul&gt;\r\n	&lt;li&gt;\r\n		16.7 million&lt;/li&gt;\r\n&lt;/ul&gt;\r\n&lt;p&gt;\r\n	&lt;b&gt;Viewing angle (typical)&lt;/b&gt;&lt;/p&gt;\r\n&lt;ul&gt;\r\n	&lt;li&gt;\r\n		170° horizontal; 170° vertical&lt;/li&gt;\r\n&lt;/ul&gt;\r\n&lt;p&gt;\r\n	&lt;b&gt;Brightness (typical)&lt;/b&gt;&lt;/p&gt;\r\n&lt;ul&gt;\r\n	&lt;li&gt;\r\n		30-inch Cinema HD Display: 400 cd/m2&lt;/li&gt;\r\n&lt;/ul&gt;\r\n&lt;p&gt;\r\n	&lt;b&gt;Contrast ratio (typical)&lt;/b&gt;&lt;/p&gt;\r\n&lt;ul&gt;\r\n	&lt;li&gt;\r\n		700:1&lt;/li&gt;\r\n&lt;/ul&gt;\r\n&lt;p&gt;\r\n	&lt;b&gt;Response time (typical)&lt;/b&gt;&lt;/p&gt;\r\n&lt;ul&gt;\r\n	&lt;li&gt;\r\n		16 ms&lt;/li&gt;\r\n&lt;/ul&gt;\r\n&lt;p&gt;\r\n	&lt;b&gt;Pixel pitch&lt;/b&gt;&lt;/p&gt;\r\n&lt;ul&gt;\r\n	&lt;li&gt;\r\n		30-inch Cinema HD Display: 0.250 mm&lt;/li&gt;\r\n&lt;/ul&gt;\r\n&lt;p&gt;\r\n	&lt;b&gt;Screen treatment&lt;/b&gt;&lt;/p&gt;\r\n&lt;ul&gt;\r\n	&lt;li&gt;\r\n		Antiglare hardcoat&lt;/li&gt;\r\n&lt;/ul&gt;\r\n&lt;p&gt;\r\n	&lt;b&gt;User controls (hardware and software)&lt;/b&gt;&lt;/p&gt;\r\n&lt;ul&gt;\r\n	&lt;li&gt;\r\n		Display Power,&lt;/li&gt;\r\n	&lt;li&gt;\r\n		System sleep, wake&lt;/li&gt;\r\n	&lt;li&gt;\r\n		Brightness&lt;/li&gt;\r\n	&lt;li&gt;\r\n		Monitor tilt&lt;/li&gt;\r\n&lt;/ul&gt;\r\n&lt;p&gt;\r\n	&lt;b&gt;Connectors and cables&lt;/b&gt;&lt;br&gt;\r\n	Cable&lt;/p&gt;\r\n&lt;ul&gt;\r\n	&lt;li&gt;\r\n		DVI (Digital Visual Interface)&lt;/li&gt;\r\n	&lt;li&gt;\r\n		FireWire 400&lt;/li&gt;\r\n	&lt;li&gt;\r\n		USB 2.0&lt;/li&gt;\r\n	&lt;li&gt;\r\n		DC power (24 V)&lt;/li&gt;\r\n&lt;/ul&gt;\r\n&lt;p&gt;\r\n	Connectors&lt;/p&gt;\r\n&lt;ul&gt;\r\n	&lt;li&gt;\r\n		Two-port, self-powered USB 2.0 hub&lt;/li&gt;\r\n	&lt;li&gt;\r\n		Two FireWire 400 ports&lt;/li&gt;\r\n	&lt;li&gt;\r\n		Kensington security port&lt;/li&gt;\r\n&lt;/ul&gt;\r\n&lt;p&gt;\r\n	&lt;b&gt;VESA mount adapter&lt;/b&gt;&lt;br&gt;\r\n	Requires optional Cinema Display VESA Mount Adapter (M9649G/A)&lt;/p&gt;\r\n&lt;ul&gt;\r\n	&lt;li&gt;\r\n		Compatible with VESA FDMI (MIS-D, 100, C) compliant mounting solutions&lt;/li&gt;\r\n&lt;/ul&gt;\r\n&lt;p&gt;\r\n	&lt;b&gt;Electrical requirements&lt;/b&gt;&lt;/p&gt;\r\n&lt;ul&gt;\r\n	&lt;li&gt;\r\n		Input voltage: 100-240 VAC 50-60Hz&lt;/li&gt;\r\n	&lt;li&gt;\r\n		Maximum power when operating: 150W&lt;/li&gt;\r\n	&lt;li&gt;\r\n		Energy saver mode: 3W or less&lt;/li&gt;\r\n&lt;/ul&gt;\r\n&lt;p&gt;\r\n	&lt;b&gt;Environmental requirements&lt;/b&gt;&lt;/p&gt;\r\n&lt;ul&gt;\r\n	&lt;li&gt;\r\n		Operating temperature: 50° to 95° F (10° to 35° C)&lt;/li&gt;\r\n	&lt;li&gt;\r\n		Storage temperature: -40° to 116° F (-40° to 47° C)&lt;/li&gt;\r\n	&lt;li&gt;\r\n		Operating humidity: 20% to 80% noncondensing&lt;/li&gt;\r\n	&lt;li&gt;\r\n		Maximum operating altitude: 10,000 feet&lt;/li&gt;\r\n&lt;/ul&gt;\r\n&lt;p&gt;\r\n	&lt;b&gt;Agency approvals&lt;/b&gt;&lt;/p&gt;\r\n&lt;ul&gt;\r\n	&lt;li&gt;\r\n		FCC Part 15 Class B&lt;/li&gt;\r\n	&lt;li&gt;\r\n		EN55022 Class B&lt;/li&gt;\r\n	&lt;li&gt;\r\n		EN55024&lt;/li&gt;\r\n	&lt;li&gt;\r\n		VCCI Class B&lt;/li&gt;\r\n	&lt;li&gt;\r\n		AS/NZS 3548 Class B&lt;/li&gt;\r\n	&lt;li&gt;\r\n		CNS 13438 Class B&lt;/li&gt;\r\n	&lt;li&gt;\r\n		ICES-003 Class B&lt;/li&gt;\r\n	&lt;li&gt;\r\n		ISO 13406 part 2&lt;/li&gt;\r\n	&lt;li&gt;\r\n		MPR II&lt;/li&gt;\r\n	&lt;li&gt;\r\n		IEC 60950&lt;/li&gt;\r\n	&lt;li&gt;\r\n		UL 60950&lt;/li&gt;\r\n	&lt;li&gt;\r\n		CSA 60950&lt;/li&gt;\r\n	&lt;li&gt;\r\n		EN60950&lt;/li&gt;\r\n	&lt;li&gt;\r\n		ENERGY STAR&lt;/li&gt;\r\n	&lt;li&gt;\r\n		TCO \'03&lt;/li&gt;\r\n&lt;/ul&gt;\r\n&lt;p&gt;\r\n	&lt;b&gt;Size and weight&lt;/b&gt;&lt;br&gt;\r\n	30-inch Apple Cinema HD Display&lt;/p&gt;\r\n&lt;ul&gt;\r\n	&lt;li&gt;\r\n		Height: 21.3 inches (54.3 cm)&lt;/li&gt;\r\n	&lt;li&gt;\r\n		Width: 27.2 inches (68.8 cm)&lt;/li&gt;\r\n	&lt;li&gt;\r\n		Depth: 8.46 inches (21.5 cm)&lt;/li&gt;\r\n	&lt;li&gt;\r\n		Weight: 27.5 pounds (12.5 kg)&lt;/li&gt;\r\n&lt;/ul&gt;\r\n&lt;p&gt;\r\n	&lt;b&gt;System Requirements&lt;/b&gt;&lt;/p&gt;\r\n&lt;ul&gt;\r\n	&lt;li&gt;\r\n		Mac Pro, all graphic options&lt;/li&gt;\r\n	&lt;li&gt;\r\n		MacBook Pro&lt;/li&gt;\r\n	&lt;li&gt;\r\n		Power Mac G5 (PCI-X) with ATI Radeon 9650 or better or NVIDIA GeForce 6800 GT DDL or better&lt;/li&gt;\r\n	&lt;li&gt;\r\n		Power Mac G5 (PCI Express), all graphics options&lt;/li&gt;\r\n	&lt;li&gt;\r\n		PowerBook G4 with dual-link DVI support&lt;/li&gt;\r\n	&lt;li&gt;\r\n		Windows PC and graphics card that supports DVI ports with dual-link digital bandwidth and VESA DDC standard for plug-and-play setup&lt;/li&gt;\r\n&lt;/ul&gt;\r\n', 'tag1, tag2', 'Tower Pressure Cooker with Steamer Basket', '', ''),
(72, 2, 'Global Knives: Professional Chef\'s Knives', '&lt;p&gt;\r\n	Canon\'s press material for the EOS 5D states that it \'defines (a) new D-SLR category\', while we\'re not typically too concerned with marketing talk this particular statement is clearly pretty accurate. The EOS 5D is unlike any previous digital SLR in that it combines a full-frame (35 mm sized) high resolution sensor (12.8 megapixels) with a relatively compact body (slightly larger than the EOS 20D, although in your hand it feels noticeably \'chunkier\'). The EOS 5D is aimed to slot in between the EOS 20D and the EOS-1D professional digital SLR\'s, an important difference when compared to the latter is that the EOS 5D doesn\'t have any environmental seals. While Canon don\'t specifically refer to the EOS 5D as a \'professional\' digital SLR it will have obvious appeal to professionals who want a high quality digital SLR in a body lighter than the EOS-1D. It will also no doubt appeal to current EOS 20D owners (although lets hope they\'ve not bought too many EF-S lenses...) äë&lt;/p&gt;\r\n', 'tag1, tag2', 'Global Knives: Professional Chef\'s Knives', '', ''),
(81, 2, 'George Nelson Sunburst Clock orci venenatis justo', '&lt;div class=&quot;cpt_product_description &quot;&gt;\r\n	&lt;div&gt;\r\n		&lt;p&gt;\r\n			&lt;strong&gt;More room to move.&lt;/strong&gt;&lt;/p&gt;\r\n		&lt;p&gt;\r\n			With 80GB or 160GB of storage and up to 40 hours of battery life, the new iPod classic lets you enjoy up to 40,000 songs or up to 200 hours of video or any combination wherever you go.&lt;/p&gt;\r\n		&lt;p&gt;\r\n			&lt;strong&gt;Cover Flow.&lt;/strong&gt;&lt;/p&gt;\r\n		&lt;p&gt;\r\n			Browse through your music collection by flipping through album art. Select an album to turn it over and see the track list.&lt;/p&gt;\r\n		&lt;p&gt;\r\n			&lt;strong&gt;Enhanced interface.&lt;/strong&gt;&lt;/p&gt;\r\n		&lt;p&gt;\r\n			Experience a whole new way to browse and view your music and video.&lt;/p&gt;\r\n		&lt;p&gt;\r\n			&lt;strong&gt;Sleeker design.&lt;/strong&gt;&lt;/p&gt;\r\n		&lt;p&gt;\r\n			Beautiful, durable, and sleeker than ever, iPod classic now features an anodized aluminum and polished stainless steel enclosure with rounded edges.&lt;/p&gt;\r\n	&lt;/div&gt;\r\n&lt;/div&gt;\r\n&lt;!-- cpt_container_end --&gt;', 'tag1, tag2', 'George Nelson Sunburst Clock orci venenatis justo', '', ''),
(28, 2, 'Sweeper and Funnel Sectetur Adipiscing Elit', '&lt;p&gt;\r\n	HTC Touch - in High Definition. Watch music videos and streaming content in awe-inspiring high definition clarity for a mobile experience you never thought possible. Seductively sleek, the HTC Touch HD provides the next generation of mobile functionality, all at a simple touch. Fully integrated with Windows Mobile Professional 6.1, ultrafast 3.5G, GPS, 5MP camera, plus lots more - all delivered on a breathtakingly crisp 3.8&amp;quot; WVGA touchscreen - you can take control of your mobile world with the HTC Touch HD.&lt;/p&gt;\r\n&lt;p&gt;\r\n	&lt;strong&gt;Features&lt;/strong&gt;&lt;/p&gt;\r\n&lt;ul&gt;\r\n	&lt;li&gt;\r\n		Processor Qualcomm&amp;reg; MSM 7201A&amp;trade; 528 MHz&lt;/li&gt;\r\n	&lt;li&gt;\r\n		Windows Mobile&amp;reg; 6.1 Professional Operating System&lt;/li&gt;\r\n	&lt;li&gt;\r\n		Memory: 512 MB ROM, 288 MB RAM&lt;/li&gt;\r\n	&lt;li&gt;\r\n		Dimensions: 115 mm x 62.8 mm x 12 mm / 146.4 grams&lt;/li&gt;\r\n	&lt;li&gt;\r\n		3.8-inch TFT-LCD flat touch-sensitive screen with 480 x 800 WVGA resolution&lt;/li&gt;\r\n	&lt;li&gt;\r\n		HSDPA/WCDMA: Europe/Asia: 900/2100 MHz; Up to 2 Mbps up-link and 7.2 Mbps down-link speeds&lt;/li&gt;\r\n	&lt;li&gt;\r\n		Quad-band GSM/GPRS/EDGE: Europe/Asia: 850/900/1800/1900 MHz (Band frequency, HSUPA availability, and data speed are operator dependent.)&lt;/li&gt;\r\n	&lt;li&gt;\r\n		Device Control via HTC TouchFLO&amp;trade; 3D &amp;amp; Touch-sensitive front panel buttons&lt;/li&gt;\r\n	&lt;li&gt;\r\n		GPS and A-GPS ready&lt;/li&gt;\r\n	&lt;li&gt;\r\n		Bluetooth&amp;reg; 2.0 with Enhanced Data Rate and A2DP for wireless stereo headsets&lt;/li&gt;\r\n	&lt;li&gt;\r\n		Wi-Fi&amp;reg;: IEEE 802.11 b/g&lt;/li&gt;\r\n	&lt;li&gt;\r\n		HTC ExtUSB&amp;trade; (11-pin mini-USB 2.0)&lt;/li&gt;\r\n	&lt;li&gt;\r\n		5 megapixel color camera with auto focus&lt;/li&gt;\r\n	&lt;li&gt;\r\n		VGA CMOS color camera&lt;/li&gt;\r\n	&lt;li&gt;\r\n		Built-in 3.5 mm audio jack, microphone, speaker, and FM radio&lt;/li&gt;\r\n	&lt;li&gt;\r\n		Ring tone formats: AAC, AAC+, eAAC+, AMR-NB, AMR-WB, QCP, MP3, WMA, WAV&lt;/li&gt;\r\n	&lt;li&gt;\r\n		40 polyphonic and standard MIDI format 0 and 1 (SMF)/SP MIDI&lt;/li&gt;\r\n	&lt;li&gt;\r\n		Rechargeable Lithium-ion or Lithium-ion polymer 1350 mAh battery&lt;/li&gt;\r\n	&lt;li&gt;\r\n		Expansion Slot: microSD&amp;trade; memory card (SD 2.0 compatible)&lt;/li&gt;\r\n	&lt;li&gt;\r\n		AC Adapter Voltage range/frequency: 100 ~ 240V AC, 50/60 Hz DC output: 5V and 1A&lt;/li&gt;\r\n	&lt;li&gt;\r\n		Special Features: FM Radio, G-Sensor&lt;/li&gt;\r\n&lt;/ul&gt;\r\n', 'tag1, tag2', 'Sweeper and Funnel Sectetur Adipiscing Elit', '', '');
INSERT INTO `oc_product_description` (`product_id`, `language_id`, `name`, `description`, `tag`, `meta_title`, `meta_description`, `meta_keyword`) VALUES
(42, 1, 'Light Inverted Pendant Quis Justo Condimentum', '&lt;p&gt;\r\n	&lt;font face=&quot;helvetica,geneva,arial&quot; size=&quot;2&quot;&gt;&lt;font face=&quot;Helvetica&quot; size=&quot;2&quot;&gt;The 30-inch Apple Cinema HD Display delivers an amazing 2560 x 1600 pixel resolution. Designed specifically for the creative professional, this display provides more space for easier access to all the tools and palettes needed to edit, format and composite your work. Combine this display with a Mac Pro, MacBook Pro, or PowerMac G5 and there\'s no limit to what you can achieve. &lt;br&gt;\r\n	&lt;br&gt;\r\n	&lt;/font&gt;&lt;font face=&quot;Helvetica&quot; size=&quot;2&quot;&gt;The Cinema HD features an active-matrix liquid crystal display that produces flicker-free images that deliver twice the brightness, twice the sharpness and twice the contrast ratio of a typical CRT display. Unlike other flat panels, it\'s designed with a pure digital interface to deliver distortion-free images that never need adjusting. With over 4 million digital pixels, the display is uniquely suited for scientific and technical applications such as visualizing molecular structures or analyzing geological data. &lt;br&gt;\r\n	&lt;br&gt;\r\n	&lt;/font&gt;&lt;font face=&quot;Helvetica&quot; size=&quot;2&quot;&gt;Offering accurate, brilliant color performance, the Cinema HD delivers up to 16.7 million colors across a wide gamut allowing you to see subtle nuances between colors from soft pastels to rich jewel tones. A wide viewing angle ensures uniform color from edge to edge. Apple\'s ColorSync technology allows you to create custom profiles to maintain consistent color onscreen and in print. The result: You can confidently use this display in all your color-critical applications. &lt;br&gt;\r\n	&lt;br&gt;\r\n	&lt;/font&gt;&lt;font face=&quot;Helvetica&quot; size=&quot;2&quot;&gt;Housed in a new aluminum design, the display has a very thin bezel that enhances visual accuracy. Each display features two FireWire 400 ports and two USB 2.0 ports, making attachment of desktop peripherals, such as iSight, iPod, digital and still cameras, hard drives, printers and scanners, even more accessible and convenient. Taking advantage of the much thinner and lighter footprint of an LCD, the new displays support the VESA (Video Electronics Standards Association) mounting interface standard. Customers with the optional Cinema Display VESA Mount Adapter kit gain the flexibility to mount their display in locations most appropriate for their work environment. &lt;br&gt;\r\n	&lt;br&gt;\r\n	&lt;/font&gt;&lt;font face=&quot;Helvetica&quot; size=&quot;2&quot;&gt;The Cinema HD features a single cable design with elegant breakout for the USB 2.0, FireWire 400 and a pure digital connection using the industry standard Digital Video Interface (DVI) interface. The DVI connection allows for a direct pure-digital connection.&lt;br&gt;\r\n	&lt;/font&gt;&lt;/font&gt;&lt;/p&gt;\r\n&lt;h3&gt;\r\n	Features:&lt;/h3&gt;\r\n&lt;p&gt;\r\n	Unrivaled display performance&lt;/p&gt;\r\n&lt;ul&gt;\r\n	&lt;li&gt;\r\n		30-inch (viewable) active-matrix liquid crystal display provides breathtaking image quality and vivid, richly saturated color.&lt;/li&gt;\r\n	&lt;li&gt;\r\n		Support for 2560-by-1600 pixel resolution for display of high definition still and video imagery.&lt;/li&gt;\r\n	&lt;li&gt;\r\n		Wide-format design for simultaneous display of two full pages of text and graphics.&lt;/li&gt;\r\n	&lt;li&gt;\r\n		Industry standard DVI connector for direct attachment to Mac- and Windows-based desktops and notebooks&lt;/li&gt;\r\n	&lt;li&gt;\r\n		Incredibly wide (170 degree) horizontal and vertical viewing angle for maximum visibility and color performance.&lt;/li&gt;\r\n	&lt;li&gt;\r\n		Lightning-fast pixel response for full-motion digital video playback.&lt;/li&gt;\r\n	&lt;li&gt;\r\n		Support for 16.7 million saturated colors, for use in all graphics-intensive applications.&lt;/li&gt;\r\n&lt;/ul&gt;\r\n&lt;p&gt;\r\n	Simple setup and operation&lt;/p&gt;\r\n&lt;ul&gt;\r\n	&lt;li&gt;\r\n		Single cable with elegant breakout for connection to DVI, USB and FireWire ports&lt;/li&gt;\r\n	&lt;li&gt;\r\n		Built-in two-port USB 2.0 hub for easy connection of desktop peripheral devices.&lt;/li&gt;\r\n	&lt;li&gt;\r\n		Two FireWire 400 ports to support iSight and other desktop peripherals&lt;/li&gt;\r\n&lt;/ul&gt;\r\n&lt;p&gt;\r\n	Sleek, elegant design&lt;/p&gt;\r\n&lt;ul&gt;\r\n	&lt;li&gt;\r\n		Huge virtual workspace, very small footprint.&lt;/li&gt;\r\n	&lt;li&gt;\r\n		Narrow Bezel design to minimize visual impact of using dual displays&lt;/li&gt;\r\n	&lt;li&gt;\r\n		Unique hinge design for effortless adjustment&lt;/li&gt;\r\n	&lt;li&gt;\r\n		Support for VESA mounting solutions (Apple Cinema Display VESA Mount Adapter sold separately)&lt;/li&gt;\r\n&lt;/ul&gt;\r\n&lt;h3&gt;\r\n	Technical specifications&lt;/h3&gt;\r\n&lt;p&gt;\r\n	&lt;b&gt;Screen size (diagonal viewable image size)&lt;/b&gt;&lt;/p&gt;\r\n&lt;ul&gt;\r\n	&lt;li&gt;\r\n		Apple Cinema HD Display: 30 inches (29.7-inch viewable)&lt;/li&gt;\r\n&lt;/ul&gt;\r\n&lt;p&gt;\r\n	&lt;b&gt;Screen type&lt;/b&gt;&lt;/p&gt;\r\n&lt;ul&gt;\r\n	&lt;li&gt;\r\n		Thin film transistor (TFT) active-matrix liquid crystal display (AMLCD)&lt;/li&gt;\r\n&lt;/ul&gt;\r\n&lt;p&gt;\r\n	&lt;b&gt;Resolutions&lt;/b&gt;&lt;/p&gt;\r\n&lt;ul&gt;\r\n	&lt;li&gt;\r\n		2560 x 1600 pixels (optimum resolution)&lt;/li&gt;\r\n	&lt;li&gt;\r\n		2048 x 1280&lt;/li&gt;\r\n	&lt;li&gt;\r\n		1920 x 1200&lt;/li&gt;\r\n	&lt;li&gt;\r\n		1280 x 800&lt;/li&gt;\r\n	&lt;li&gt;\r\n		1024 x 640&lt;/li&gt;\r\n&lt;/ul&gt;\r\n&lt;p&gt;\r\n	&lt;b&gt;Display colors (maximum)&lt;/b&gt;&lt;/p&gt;\r\n&lt;ul&gt;\r\n	&lt;li&gt;\r\n		16.7 million&lt;/li&gt;\r\n&lt;/ul&gt;\r\n&lt;p&gt;\r\n	&lt;b&gt;Viewing angle (typical)&lt;/b&gt;&lt;/p&gt;\r\n&lt;ul&gt;\r\n	&lt;li&gt;\r\n		170° horizontal; 170° vertical&lt;/li&gt;\r\n&lt;/ul&gt;\r\n&lt;p&gt;\r\n	&lt;b&gt;Brightness (typical)&lt;/b&gt;&lt;/p&gt;\r\n&lt;ul&gt;\r\n	&lt;li&gt;\r\n		30-inch Cinema HD Display: 400 cd/m2&lt;/li&gt;\r\n&lt;/ul&gt;\r\n&lt;p&gt;\r\n	&lt;b&gt;Contrast ratio (typical)&lt;/b&gt;&lt;/p&gt;\r\n&lt;ul&gt;\r\n	&lt;li&gt;\r\n		700:1&lt;/li&gt;\r\n&lt;/ul&gt;\r\n&lt;p&gt;\r\n	&lt;b&gt;Response time (typical)&lt;/b&gt;&lt;/p&gt;\r\n&lt;ul&gt;\r\n	&lt;li&gt;\r\n		16 ms&lt;/li&gt;\r\n&lt;/ul&gt;\r\n&lt;p&gt;\r\n	&lt;b&gt;Pixel pitch&lt;/b&gt;&lt;/p&gt;\r\n&lt;ul&gt;\r\n	&lt;li&gt;\r\n		30-inch Cinema HD Display: 0.250 mm&lt;/li&gt;\r\n&lt;/ul&gt;\r\n&lt;p&gt;\r\n	&lt;b&gt;Screen treatment&lt;/b&gt;&lt;/p&gt;\r\n&lt;ul&gt;\r\n	&lt;li&gt;\r\n		Antiglare hardcoat&lt;/li&gt;\r\n&lt;/ul&gt;\r\n&lt;p&gt;\r\n	&lt;b&gt;User controls (hardware and software)&lt;/b&gt;&lt;/p&gt;\r\n&lt;ul&gt;\r\n	&lt;li&gt;\r\n		Display Power,&lt;/li&gt;\r\n	&lt;li&gt;\r\n		System sleep, wake&lt;/li&gt;\r\n	&lt;li&gt;\r\n		Brightness&lt;/li&gt;\r\n	&lt;li&gt;\r\n		Monitor tilt&lt;/li&gt;\r\n&lt;/ul&gt;\r\n&lt;p&gt;\r\n	&lt;b&gt;Connectors and cables&lt;/b&gt;&lt;br&gt;\r\n	Cable&lt;/p&gt;\r\n&lt;ul&gt;\r\n	&lt;li&gt;\r\n		DVI (Digital Visual Interface)&lt;/li&gt;\r\n	&lt;li&gt;\r\n		FireWire 400&lt;/li&gt;\r\n	&lt;li&gt;\r\n		USB 2.0&lt;/li&gt;\r\n	&lt;li&gt;\r\n		DC power (24 V)&lt;/li&gt;\r\n&lt;/ul&gt;\r\n&lt;p&gt;\r\n	Connectors&lt;/p&gt;\r\n&lt;ul&gt;\r\n	&lt;li&gt;\r\n		Two-port, self-powered USB 2.0 hub&lt;/li&gt;\r\n	&lt;li&gt;\r\n		Two FireWire 400 ports&lt;/li&gt;\r\n	&lt;li&gt;\r\n		Kensington security port&lt;/li&gt;\r\n&lt;/ul&gt;\r\n&lt;p&gt;\r\n	&lt;b&gt;VESA mount adapter&lt;/b&gt;&lt;br&gt;\r\n	Requires optional Cinema Display VESA Mount Adapter (M9649G/A)&lt;/p&gt;\r\n&lt;ul&gt;\r\n	&lt;li&gt;\r\n		Compatible with VESA FDMI (MIS-D, 100, C) compliant mounting solutions&lt;/li&gt;\r\n&lt;/ul&gt;\r\n&lt;p&gt;\r\n	&lt;b&gt;Electrical requirements&lt;/b&gt;&lt;/p&gt;\r\n&lt;ul&gt;\r\n	&lt;li&gt;\r\n		Input voltage: 100-240 VAC 50-60Hz&lt;/li&gt;\r\n	&lt;li&gt;\r\n		Maximum power when operating: 150W&lt;/li&gt;\r\n	&lt;li&gt;\r\n		Energy saver mode: 3W or less&lt;/li&gt;\r\n&lt;/ul&gt;\r\n&lt;p&gt;\r\n	&lt;b&gt;Environmental requirements&lt;/b&gt;&lt;/p&gt;\r\n&lt;ul&gt;\r\n	&lt;li&gt;\r\n		Operating temperature: 50° to 95° F (10° to 35° C)&lt;/li&gt;\r\n	&lt;li&gt;\r\n		Storage temperature: -40° to 116° F (-40° to 47° C)&lt;/li&gt;\r\n	&lt;li&gt;\r\n		Operating humidity: 20% to 80% noncondensing&lt;/li&gt;\r\n	&lt;li&gt;\r\n		Maximum operating altitude: 10,000 feet&lt;/li&gt;\r\n&lt;/ul&gt;\r\n&lt;p&gt;\r\n	&lt;b&gt;Agency approvals&lt;/b&gt;&lt;/p&gt;\r\n&lt;ul&gt;\r\n	&lt;li&gt;\r\n		FCC Part 15 Class B&lt;/li&gt;\r\n	&lt;li&gt;\r\n		EN55022 Class B&lt;/li&gt;\r\n	&lt;li&gt;\r\n		EN55024&lt;/li&gt;\r\n	&lt;li&gt;\r\n		VCCI Class B&lt;/li&gt;\r\n	&lt;li&gt;\r\n		AS/NZS 3548 Class B&lt;/li&gt;\r\n	&lt;li&gt;\r\n		CNS 13438 Class B&lt;/li&gt;\r\n	&lt;li&gt;\r\n		ICES-003 Class B&lt;/li&gt;\r\n	&lt;li&gt;\r\n		ISO 13406 part 2&lt;/li&gt;\r\n	&lt;li&gt;\r\n		MPR II&lt;/li&gt;\r\n	&lt;li&gt;\r\n		IEC 60950&lt;/li&gt;\r\n	&lt;li&gt;\r\n		UL 60950&lt;/li&gt;\r\n	&lt;li&gt;\r\n		CSA 60950&lt;/li&gt;\r\n	&lt;li&gt;\r\n		EN60950&lt;/li&gt;\r\n	&lt;li&gt;\r\n		ENERGY STAR&lt;/li&gt;\r\n	&lt;li&gt;\r\n		TCO \'03&lt;/li&gt;\r\n&lt;/ul&gt;\r\n&lt;p&gt;\r\n	&lt;b&gt;Size and weight&lt;/b&gt;&lt;br&gt;\r\n	30-inch Apple Cinema HD Display&lt;/p&gt;\r\n&lt;ul&gt;\r\n	&lt;li&gt;\r\n		Height: 21.3 inches (54.3 cm)&lt;/li&gt;\r\n	&lt;li&gt;\r\n		Width: 27.2 inches (68.8 cm)&lt;/li&gt;\r\n	&lt;li&gt;\r\n		Depth: 8.46 inches (21.5 cm)&lt;/li&gt;\r\n	&lt;li&gt;\r\n		Weight: 27.5 pounds (12.5 kg)&lt;/li&gt;\r\n&lt;/ul&gt;\r\n&lt;p&gt;\r\n	&lt;b&gt;System Requirements&lt;/b&gt;&lt;/p&gt;\r\n&lt;ul&gt;\r\n	&lt;li&gt;\r\n		Mac Pro, all graphic options&lt;/li&gt;\r\n	&lt;li&gt;\r\n		MacBook Pro&lt;/li&gt;\r\n	&lt;li&gt;\r\n		Power Mac G5 (PCI-X) with ATI Radeon 9650 or better or NVIDIA GeForce 6800 GT DDL or better&lt;/li&gt;\r\n	&lt;li&gt;\r\n		Power Mac G5 (PCI Express), all graphics options&lt;/li&gt;\r\n	&lt;li&gt;\r\n		PowerBook G4 with dual-link DVI support&lt;/li&gt;\r\n	&lt;li&gt;\r\n		Windows PC and graphics card that supports DVI ports with dual-link digital bandwidth and VESA DDC standard for plug-and-play setup&lt;/li&gt;\r\n&lt;/ul&gt;\r\n', 'tag1, tag2', 'Light Inverted Pendant Quis Justo Condimentum', '', ''),
(67, 1, 'Morbi facilisis Person Outdoor Camping Cooking Pot', '&lt;div&gt;\r\n	Imagine the advantages of going big without slowing down. The big 19&amp;quot; 941BW monitor combines wide aspect ratio with fast pixel response time, for bigger images, more room to work and crisp motion. In addition, the exclusive MagicBright 2, MagicColor and MagicTune technologies help deliver the ideal image in every situation, while sleek, narrow bezels and adjustable stands deliver style just the way you want it. With the Samsung 941BW widescreen analog/digital LCD monitor, it&amp;#39;s not hard to imagine.&lt;/div&gt;\r\n', 'tag1, tag2', 'Morbi facilisis Person Outdoor Camping Cooking Pot', '', ''),
(41, 1, 'Suspensions Aplomb Large Led Dimmable', '&lt;div&gt;\r\n	Just when you thought iMac had everything, now there´s even more. More powerful Intel Core 2 Duo processors. And more memory standard. Combine this with Mac OS X Leopard and iLife ´08, and it´s more all-in-one than ever. iMac packs amazing performance into a stunningly slim space.&lt;/div&gt;\r\n', 'tag1, tag2', 'Suspensions Aplomb Large Led Dimmable', '', ''),
(43, 2, 'JWDA pendant lamp brushed steel', '&lt;div&gt;\r\n	&lt;p&gt;\r\n		&lt;b&gt;Intel Core 2 Duo processor&lt;/b&gt;&lt;/p&gt;\r\n	&lt;p&gt;\r\n		Powered by an Intel Core 2 Duo processor at speeds up to 2.16GHz, the new MacBook is the fastest ever.&lt;/p&gt;\r\n	&lt;p&gt;\r\n		&lt;b&gt;1GB memory, larger hard drives&lt;/b&gt;&lt;/p&gt;\r\n	&lt;p&gt;\r\n		The new MacBook now comes with 1GB of memory standard and larger hard drives for the entire line perfect for running more of your favorite applications and storing growing media collections.&lt;/p&gt;\r\n	&lt;p&gt;\r\n		&lt;b&gt;Sleek, 1.08-inch-thin design&lt;/b&gt;&lt;/p&gt;\r\n	&lt;p&gt;\r\n		MacBook makes it easy to hit the road thanks to its tough polycarbonate case, built-in wireless technologies, and innovative MagSafe Power Adapter that releases automatically if someone accidentally trips on the cord.&lt;/p&gt;\r\n	&lt;p&gt;\r\n		&lt;b&gt;Built-in iSight camera&lt;/b&gt;&lt;/p&gt;\r\n	&lt;p&gt;\r\n		Right out of the box, you can have a video chat with friends or family,2 record a video at your desk, or take fun pictures with Photo Booth&lt;/p&gt;\r\n&lt;/div&gt;\r\n', 'tag1, tag2', 'JWDA pendant lamp brushed steel', '', ''),
(51, 1, 'Flos Chasen S2 Suspension Lamp eleifend neque ante', '&lt;p&gt;\r\n	Canon\'s press material for the EOS 5D states that it \'defines (a) new D-SLR category\', while we\'re not typically too concerned with marketing talk this particular statement is clearly pretty accurate. The EOS 5D is unlike any previous digital SLR in that it combines a full-frame (35 mm sized) high resolution sensor (12.8 megapixels) with a relatively compact body (slightly larger than the EOS 20D, although in your hand it feels noticeably \'chunkier\'). The EOS 5D is aimed to slot in between the EOS 20D and the EOS-1D professional digital SLR\'s, an important difference when compared to the latter is that the EOS 5D doesn\'t have any environmental seals. While Canon don\'t specifically refer to the EOS 5D as a \'professional\' digital SLR it will have obvious appeal to professionals who want a high quality digital SLR in a body lighter than the EOS-1D. It will also no doubt appeal to current EOS 20D owners (although lets hope they\'ve not bought too many EF-S lenses...) äë&lt;/p&gt;\r\n', 'tag1, tag2', 'Flos Chasen S2 Suspension Lamp eleifend neque ante', '', ''),
(56, 1, 'Paige Microsuede Full Size Sofa Bed Grey', '&lt;div class=&quot;cpt_product_description &quot;&gt;\r\n	&lt;div&gt;\r\n		&lt;p&gt;\r\n			&lt;strong&gt;More room to move.&lt;/strong&gt;&lt;/p&gt;\r\n		&lt;p&gt;\r\n			With 80GB or 160GB of storage and up to 40 hours of battery life, the new iPod classic lets you enjoy up to 40,000 songs or up to 200 hours of video or any combination wherever you go.&lt;/p&gt;\r\n		&lt;p&gt;\r\n			&lt;strong&gt;Cover Flow.&lt;/strong&gt;&lt;/p&gt;\r\n		&lt;p&gt;\r\n			Browse through your music collection by flipping through album art. Select an album to turn it over and see the track list.&lt;/p&gt;\r\n		&lt;p&gt;\r\n			&lt;strong&gt;Enhanced interface.&lt;/strong&gt;&lt;/p&gt;\r\n		&lt;p&gt;\r\n			Experience a whole new way to browse and view your music and video.&lt;/p&gt;\r\n		&lt;p&gt;\r\n			&lt;strong&gt;Sleeker design.&lt;/strong&gt;&lt;/p&gt;\r\n		&lt;p&gt;\r\n			Beautiful, durable, and sleeker than ever, iPod classic now features an anodized aluminum and polished stainless steel enclosure with rounded edges.&lt;/p&gt;\r\n	&lt;/div&gt;\r\n&lt;/div&gt;\r\n&lt;!-- cpt_container_end --&gt;', 'tag1, tag2', 'Paige Microsuede Full Size Sofa Bed Grey', '', ''),
(62, 1, 'Luscious Lemonade - Lantana camara', '&lt;div class=&quot;cpt_product_description &quot;&gt;\r\n	&lt;div&gt;\r\n		&lt;p&gt;\r\n			&lt;b&gt;Latest Intel mobile architecture&lt;/b&gt;&lt;/p&gt;\r\n		&lt;p&gt;\r\n			Powered by the most advanced mobile processors from Intel, the new Core 2 Duo MacBook Pro is over 50% faster than the original Core Duo MacBook Pro and now supports up to 4GB of RAM.&lt;/p&gt;\r\n		&lt;p&gt;\r\n			&lt;b&gt;Leading-edge graphics&lt;/b&gt;&lt;/p&gt;\r\n		&lt;p&gt;\r\n			The NVIDIA GeForce 8600M GT delivers exceptional graphics processing power. For the ultimate creative canvas, you can even configure the 17-inch model with a 1920-by-1200 resolution display.&lt;/p&gt;\r\n		&lt;p&gt;\r\n			&lt;b&gt;Designed for life on the road&lt;/b&gt;&lt;/p&gt;\r\n		&lt;p&gt;\r\n			Innovations such as a magnetic power connection and an illuminated keyboard with ambient light sensor put the MacBook Pro in a class by itself.&lt;/p&gt;\r\n		&lt;p&gt;\r\n			&lt;b&gt;Connect. Create. Communicate.&lt;/b&gt;&lt;/p&gt;\r\n		&lt;p&gt;\r\n			Quickly set up a video conference with the built-in iSight camera. Control presentations and media from up to 30 feet away with the included Apple Remote. Connect to high-bandwidth peripherals with FireWire 800 and DVI.&lt;/p&gt;\r\n		&lt;p&gt;\r\n			&lt;b&gt;Next-generation wireless&lt;/b&gt;&lt;/p&gt;\r\n		&lt;p&gt;\r\n			Featuring 802.11n wireless technology, the MacBook Pro delivers up to five times the performance and up to twice the range of previous-generation technologies.&lt;/p&gt;\r\n	&lt;/div&gt;\r\n&lt;/div&gt;\r\n&lt;!-- cpt_container_end --&gt;', 'tag1, tag2', 'Luscious Lemonade - Lantana camara', '', ''),
(63, 1, 'Ikea Succulent Plants Quisque aliquam magna sed', '&lt;div class=&quot;cpt_product_description &quot;&gt;\r\n	&lt;div&gt;\r\n		Engineered with pro-level features and performance, the 12.3-effective-megapixel D300 combines brand new technologies with advanced features inherited from Nikon&amp;#39;s newly announced D3 professional digital SLR camera to offer serious photographers remarkable performance combined with agility.&lt;br /&gt;\r\n		&lt;br /&gt;\r\n		Similar to the D3, the D300 features Nikon&amp;#39;s exclusive EXPEED Image Processing System that is central to driving the speed and processing power needed for many of the camera&amp;#39;s new features. The D300 features a new 51-point autofocus system with Nikon&amp;#39;s 3D Focus Tracking feature and two new LiveView shooting modes that allow users to frame a photograph using the camera&amp;#39;s high-resolution LCD monitor. The D300 shares a similar Scene Recognition System as is found in the D3; it promises to greatly enhance the accuracy of autofocus, autoexposure, and auto white balance by recognizing the subject or scene being photographed and applying this information to the calculations for the three functions.&lt;br /&gt;\r\n		&lt;br /&gt;\r\n		The D300 reacts with lightning speed, powering up in a mere 0.13 seconds and shooting with an imperceptible 45-millisecond shutter release lag time. The D300 is capable of shooting at a rapid six frames per second and can go as fast as eight frames per second when using the optional MB-D10 multi-power battery pack. In continuous bursts, the D300 can shoot up to 100 shots at full 12.3-megapixel resolution. (NORMAL-LARGE image setting, using a SanDisk Extreme IV 1GB CompactFlash card.)&lt;br /&gt;\r\n		&lt;br /&gt;\r\n		The D300 incorporates a range of innovative technologies and features that will significantly improve the accuracy, control, and performance photographers can get from their equipment. Its new Scene Recognition System advances the use of Nikon&amp;#39;s acclaimed 1,005-segment sensor to recognize colors and light patterns that help the camera determine the subject and the type of scene being photographed before a picture is taken. This information is used to improve the accuracy of autofocus, autoexposure, and auto white balance functions in the D300. For example, the camera can track moving subjects better and by identifying them, it can also automatically select focus points faster and with greater accuracy. It can also analyze highlights and more accurately determine exposure, as well as infer light sources to deliver more accurate white balance detection.&lt;/div&gt;\r\n&lt;/div&gt;\r\n&lt;!-- cpt_container_end --&gt;', 'tag1, tag2', 'Ikea Succulent Plants Quisque aliquam magna sed', '', ''),
(64, 1, 'Lucky Bamboo Modern Braided Tower', '&lt;p&gt;\r\n	Redefine your workday with the Palm Treo Pro smartphone. Perfectly balanced, you can respond to business and personal email, stay on top of appointments and contacts, and use Wi-Fi or GPS when you&amp;rsquo;re out and about. Then watch a video on YouTube, catch up with news and sports on the web, or listen to a few songs. Balance your work and play the way you like it, with the Palm Treo Pro.&lt;/p&gt;\r\n&lt;p&gt;\r\n	&lt;strong&gt;Features&lt;/strong&gt;&lt;/p&gt;\r\n&lt;ul&gt;\r\n	&lt;li&gt;\r\n		Windows Mobile&amp;reg; 6.1 Professional Edition&lt;/li&gt;\r\n	&lt;li&gt;\r\n		Qualcomm&amp;reg; MSM7201 400MHz Processor&lt;/li&gt;\r\n	&lt;li&gt;\r\n		320x320 transflective colour TFT touchscreen&lt;/li&gt;\r\n	&lt;li&gt;\r\n		HSDPA/UMTS/EDGE/GPRS/GSM radio&lt;/li&gt;\r\n	&lt;li&gt;\r\n		Tri-band UMTS &amp;mdash; 850MHz, 1900MHz, 2100MHz&lt;/li&gt;\r\n	&lt;li&gt;\r\n		Quad-band GSM &amp;mdash; 850/900/1800/1900&lt;/li&gt;\r\n	&lt;li&gt;\r\n		802.11b/g with WPA, WPA2, and 801.1x authentication&lt;/li&gt;\r\n	&lt;li&gt;\r\n		Built-in GPS&lt;/li&gt;\r\n	&lt;li&gt;\r\n		Bluetooth Version: 2.0 + Enhanced Data Rate&lt;/li&gt;\r\n	&lt;li&gt;\r\n		256MB storage (100MB user available), 128MB RAM&lt;/li&gt;\r\n	&lt;li&gt;\r\n		2.0 megapixel camera, up to 8x digital zoom and video capture&lt;/li&gt;\r\n	&lt;li&gt;\r\n		Removable, rechargeable 1500mAh lithium-ion battery&lt;/li&gt;\r\n	&lt;li&gt;\r\n		Up to 5.0 hours talk time and up to 250 hours standby&lt;/li&gt;\r\n	&lt;li&gt;\r\n		MicroSDHC card expansion (up to 32GB supported)&lt;/li&gt;\r\n	&lt;li&gt;\r\n		MicroUSB 2.0 for synchronization and charging&lt;/li&gt;\r\n	&lt;li&gt;\r\n		3.5mm stereo headset jack&lt;/li&gt;\r\n	&lt;li&gt;\r\n		60mm (W) x 114mm (L) x 13.5mm (D) / 133g&lt;/li&gt;\r\n&lt;/ul&gt;\r\n', 'tag1, tag2', 'Lucky Bamboo Modern Braided Tower', '', ''),
(68, 1, 'Liven LR-KZ880 Multi-purpose 10 Liter', '&lt;div&gt;\r\n	Unprecedented power. The next generation of processing technology has arrived. Built into the newest VAIO notebooks lies Intel&amp;#39;s latest, most powerful innovation yet: Intel&amp;reg; Centrino&amp;reg; 2 processor technology. Boasting incredible speed, expanded wireless connectivity, enhanced multimedia support and greater energy efficiency, all the high-performance essentials are seamlessly combined into a single chip.&lt;/div&gt;\r\n', 'tag1, tag2', 'Liven LR-KZ880 Multi-purpose 10 Liter', '', ''),
(70, 1, 'Tower Pressure Cooker with Steamer Basket', '&lt;p&gt;\r\n	&lt;font face=&quot;helvetica,geneva,arial&quot; size=&quot;2&quot;&gt;&lt;font face=&quot;Helvetica&quot; size=&quot;2&quot;&gt;The 30-inch Apple Cinema HD Display delivers an amazing 2560 x 1600 pixel resolution. Designed specifically for the creative professional, this display provides more space for easier access to all the tools and palettes needed to edit, format and composite your work. Combine this display with a Mac Pro, MacBook Pro, or PowerMac G5 and there\'s no limit to what you can achieve. &lt;br&gt;\r\n	&lt;br&gt;\r\n	&lt;/font&gt;&lt;font face=&quot;Helvetica&quot; size=&quot;2&quot;&gt;The Cinema HD features an active-matrix liquid crystal display that produces flicker-free images that deliver twice the brightness, twice the sharpness and twice the contrast ratio of a typical CRT display. Unlike other flat panels, it\'s designed with a pure digital interface to deliver distortion-free images that never need adjusting. With over 4 million digital pixels, the display is uniquely suited for scientific and technical applications such as visualizing molecular structures or analyzing geological data. &lt;br&gt;\r\n	&lt;br&gt;\r\n	&lt;/font&gt;&lt;font face=&quot;Helvetica&quot; size=&quot;2&quot;&gt;Offering accurate, brilliant color performance, the Cinema HD delivers up to 16.7 million colors across a wide gamut allowing you to see subtle nuances between colors from soft pastels to rich jewel tones. A wide viewing angle ensures uniform color from edge to edge. Apple\'s ColorSync technology allows you to create custom profiles to maintain consistent color onscreen and in print. The result: You can confidently use this display in all your color-critical applications. &lt;br&gt;\r\n	&lt;br&gt;\r\n	&lt;/font&gt;&lt;font face=&quot;Helvetica&quot; size=&quot;2&quot;&gt;Housed in a new aluminum design, the display has a very thin bezel that enhances visual accuracy. Each display features two FireWire 400 ports and two USB 2.0 ports, making attachment of desktop peripherals, such as iSight, iPod, digital and still cameras, hard drives, printers and scanners, even more accessible and convenient. Taking advantage of the much thinner and lighter footprint of an LCD, the new displays support the VESA (Video Electronics Standards Association) mounting interface standard. Customers with the optional Cinema Display VESA Mount Adapter kit gain the flexibility to mount their display in locations most appropriate for their work environment. &lt;br&gt;\r\n	&lt;br&gt;\r\n	&lt;/font&gt;&lt;font face=&quot;Helvetica&quot; size=&quot;2&quot;&gt;The Cinema HD features a single cable design with elegant breakout for the USB 2.0, FireWire 400 and a pure digital connection using the industry standard Digital Video Interface (DVI) interface. The DVI connection allows for a direct pure-digital connection.&lt;br&gt;\r\n	&lt;/font&gt;&lt;/font&gt;&lt;/p&gt;\r\n&lt;h3&gt;\r\n	Features:&lt;/h3&gt;\r\n&lt;p&gt;\r\n	Unrivaled display performance&lt;/p&gt;\r\n&lt;ul&gt;\r\n	&lt;li&gt;\r\n		30-inch (viewable) active-matrix liquid crystal display provides breathtaking image quality and vivid, richly saturated color.&lt;/li&gt;\r\n	&lt;li&gt;\r\n		Support for 2560-by-1600 pixel resolution for display of high definition still and video imagery.&lt;/li&gt;\r\n	&lt;li&gt;\r\n		Wide-format design for simultaneous display of two full pages of text and graphics.&lt;/li&gt;\r\n	&lt;li&gt;\r\n		Industry standard DVI connector for direct attachment to Mac- and Windows-based desktops and notebooks&lt;/li&gt;\r\n	&lt;li&gt;\r\n		Incredibly wide (170 degree) horizontal and vertical viewing angle for maximum visibility and color performance.&lt;/li&gt;\r\n	&lt;li&gt;\r\n		Lightning-fast pixel response for full-motion digital video playback.&lt;/li&gt;\r\n	&lt;li&gt;\r\n		Support for 16.7 million saturated colors, for use in all graphics-intensive applications.&lt;/li&gt;\r\n&lt;/ul&gt;\r\n&lt;p&gt;\r\n	Simple setup and operation&lt;/p&gt;\r\n&lt;ul&gt;\r\n	&lt;li&gt;\r\n		Single cable with elegant breakout for connection to DVI, USB and FireWire ports&lt;/li&gt;\r\n	&lt;li&gt;\r\n		Built-in two-port USB 2.0 hub for easy connection of desktop peripheral devices.&lt;/li&gt;\r\n	&lt;li&gt;\r\n		Two FireWire 400 ports to support iSight and other desktop peripherals&lt;/li&gt;\r\n&lt;/ul&gt;\r\n&lt;p&gt;\r\n	Sleek, elegant design&lt;/p&gt;\r\n&lt;ul&gt;\r\n	&lt;li&gt;\r\n		Huge virtual workspace, very small footprint.&lt;/li&gt;\r\n	&lt;li&gt;\r\n		Narrow Bezel design to minimize visual impact of using dual displays&lt;/li&gt;\r\n	&lt;li&gt;\r\n		Unique hinge design for effortless adjustment&lt;/li&gt;\r\n	&lt;li&gt;\r\n		Support for VESA mounting solutions (Apple Cinema Display VESA Mount Adapter sold separately)&lt;/li&gt;\r\n&lt;/ul&gt;\r\n&lt;h3&gt;\r\n	Technical specifications&lt;/h3&gt;\r\n&lt;p&gt;\r\n	&lt;b&gt;Screen size (diagonal viewable image size)&lt;/b&gt;&lt;/p&gt;\r\n&lt;ul&gt;\r\n	&lt;li&gt;\r\n		Apple Cinema HD Display: 30 inches (29.7-inch viewable)&lt;/li&gt;\r\n&lt;/ul&gt;\r\n&lt;p&gt;\r\n	&lt;b&gt;Screen type&lt;/b&gt;&lt;/p&gt;\r\n&lt;ul&gt;\r\n	&lt;li&gt;\r\n		Thin film transistor (TFT) active-matrix liquid crystal display (AMLCD)&lt;/li&gt;\r\n&lt;/ul&gt;\r\n&lt;p&gt;\r\n	&lt;b&gt;Resolutions&lt;/b&gt;&lt;/p&gt;\r\n&lt;ul&gt;\r\n	&lt;li&gt;\r\n		2560 x 1600 pixels (optimum resolution)&lt;/li&gt;\r\n	&lt;li&gt;\r\n		2048 x 1280&lt;/li&gt;\r\n	&lt;li&gt;\r\n		1920 x 1200&lt;/li&gt;\r\n	&lt;li&gt;\r\n		1280 x 800&lt;/li&gt;\r\n	&lt;li&gt;\r\n		1024 x 640&lt;/li&gt;\r\n&lt;/ul&gt;\r\n&lt;p&gt;\r\n	&lt;b&gt;Display colors (maximum)&lt;/b&gt;&lt;/p&gt;\r\n&lt;ul&gt;\r\n	&lt;li&gt;\r\n		16.7 million&lt;/li&gt;\r\n&lt;/ul&gt;\r\n&lt;p&gt;\r\n	&lt;b&gt;Viewing angle (typical)&lt;/b&gt;&lt;/p&gt;\r\n&lt;ul&gt;\r\n	&lt;li&gt;\r\n		170° horizontal; 170° vertical&lt;/li&gt;\r\n&lt;/ul&gt;\r\n&lt;p&gt;\r\n	&lt;b&gt;Brightness (typical)&lt;/b&gt;&lt;/p&gt;\r\n&lt;ul&gt;\r\n	&lt;li&gt;\r\n		30-inch Cinema HD Display: 400 cd/m2&lt;/li&gt;\r\n&lt;/ul&gt;\r\n&lt;p&gt;\r\n	&lt;b&gt;Contrast ratio (typical)&lt;/b&gt;&lt;/p&gt;\r\n&lt;ul&gt;\r\n	&lt;li&gt;\r\n		700:1&lt;/li&gt;\r\n&lt;/ul&gt;\r\n&lt;p&gt;\r\n	&lt;b&gt;Response time (typical)&lt;/b&gt;&lt;/p&gt;\r\n&lt;ul&gt;\r\n	&lt;li&gt;\r\n		16 ms&lt;/li&gt;\r\n&lt;/ul&gt;\r\n&lt;p&gt;\r\n	&lt;b&gt;Pixel pitch&lt;/b&gt;&lt;/p&gt;\r\n&lt;ul&gt;\r\n	&lt;li&gt;\r\n		30-inch Cinema HD Display: 0.250 mm&lt;/li&gt;\r\n&lt;/ul&gt;\r\n&lt;p&gt;\r\n	&lt;b&gt;Screen treatment&lt;/b&gt;&lt;/p&gt;\r\n&lt;ul&gt;\r\n	&lt;li&gt;\r\n		Antiglare hardcoat&lt;/li&gt;\r\n&lt;/ul&gt;\r\n&lt;p&gt;\r\n	&lt;b&gt;User controls (hardware and software)&lt;/b&gt;&lt;/p&gt;\r\n&lt;ul&gt;\r\n	&lt;li&gt;\r\n		Display Power,&lt;/li&gt;\r\n	&lt;li&gt;\r\n		System sleep, wake&lt;/li&gt;\r\n	&lt;li&gt;\r\n		Brightness&lt;/li&gt;\r\n	&lt;li&gt;\r\n		Monitor tilt&lt;/li&gt;\r\n&lt;/ul&gt;\r\n&lt;p&gt;\r\n	&lt;b&gt;Connectors and cables&lt;/b&gt;&lt;br&gt;\r\n	Cable&lt;/p&gt;\r\n&lt;ul&gt;\r\n	&lt;li&gt;\r\n		DVI (Digital Visual Interface)&lt;/li&gt;\r\n	&lt;li&gt;\r\n		FireWire 400&lt;/li&gt;\r\n	&lt;li&gt;\r\n		USB 2.0&lt;/li&gt;\r\n	&lt;li&gt;\r\n		DC power (24 V)&lt;/li&gt;\r\n&lt;/ul&gt;\r\n&lt;p&gt;\r\n	Connectors&lt;/p&gt;\r\n&lt;ul&gt;\r\n	&lt;li&gt;\r\n		Two-port, self-powered USB 2.0 hub&lt;/li&gt;\r\n	&lt;li&gt;\r\n		Two FireWire 400 ports&lt;/li&gt;\r\n	&lt;li&gt;\r\n		Kensington security port&lt;/li&gt;\r\n&lt;/ul&gt;\r\n&lt;p&gt;\r\n	&lt;b&gt;VESA mount adapter&lt;/b&gt;&lt;br&gt;\r\n	Requires optional Cinema Display VESA Mount Adapter (M9649G/A)&lt;/p&gt;\r\n&lt;ul&gt;\r\n	&lt;li&gt;\r\n		Compatible with VESA FDMI (MIS-D, 100, C) compliant mounting solutions&lt;/li&gt;\r\n&lt;/ul&gt;\r\n&lt;p&gt;\r\n	&lt;b&gt;Electrical requirements&lt;/b&gt;&lt;/p&gt;\r\n&lt;ul&gt;\r\n	&lt;li&gt;\r\n		Input voltage: 100-240 VAC 50-60Hz&lt;/li&gt;\r\n	&lt;li&gt;\r\n		Maximum power when operating: 150W&lt;/li&gt;\r\n	&lt;li&gt;\r\n		Energy saver mode: 3W or less&lt;/li&gt;\r\n&lt;/ul&gt;\r\n&lt;p&gt;\r\n	&lt;b&gt;Environmental requirements&lt;/b&gt;&lt;/p&gt;\r\n&lt;ul&gt;\r\n	&lt;li&gt;\r\n		Operating temperature: 50° to 95° F (10° to 35° C)&lt;/li&gt;\r\n	&lt;li&gt;\r\n		Storage temperature: -40° to 116° F (-40° to 47° C)&lt;/li&gt;\r\n	&lt;li&gt;\r\n		Operating humidity: 20% to 80% noncondensing&lt;/li&gt;\r\n	&lt;li&gt;\r\n		Maximum operating altitude: 10,000 feet&lt;/li&gt;\r\n&lt;/ul&gt;\r\n&lt;p&gt;\r\n	&lt;b&gt;Agency approvals&lt;/b&gt;&lt;/p&gt;\r\n&lt;ul&gt;\r\n	&lt;li&gt;\r\n		FCC Part 15 Class B&lt;/li&gt;\r\n	&lt;li&gt;\r\n		EN55022 Class B&lt;/li&gt;\r\n	&lt;li&gt;\r\n		EN55024&lt;/li&gt;\r\n	&lt;li&gt;\r\n		VCCI Class B&lt;/li&gt;\r\n	&lt;li&gt;\r\n		AS/NZS 3548 Class B&lt;/li&gt;\r\n	&lt;li&gt;\r\n		CNS 13438 Class B&lt;/li&gt;\r\n	&lt;li&gt;\r\n		ICES-003 Class B&lt;/li&gt;\r\n	&lt;li&gt;\r\n		ISO 13406 part 2&lt;/li&gt;\r\n	&lt;li&gt;\r\n		MPR II&lt;/li&gt;\r\n	&lt;li&gt;\r\n		IEC 60950&lt;/li&gt;\r\n	&lt;li&gt;\r\n		UL 60950&lt;/li&gt;\r\n	&lt;li&gt;\r\n		CSA 60950&lt;/li&gt;\r\n	&lt;li&gt;\r\n		EN60950&lt;/li&gt;\r\n	&lt;li&gt;\r\n		ENERGY STAR&lt;/li&gt;\r\n	&lt;li&gt;\r\n		TCO \'03&lt;/li&gt;\r\n&lt;/ul&gt;\r\n&lt;p&gt;\r\n	&lt;b&gt;Size and weight&lt;/b&gt;&lt;br&gt;\r\n	30-inch Apple Cinema HD Display&lt;/p&gt;\r\n&lt;ul&gt;\r\n	&lt;li&gt;\r\n		Height: 21.3 inches (54.3 cm)&lt;/li&gt;\r\n	&lt;li&gt;\r\n		Width: 27.2 inches (68.8 cm)&lt;/li&gt;\r\n	&lt;li&gt;\r\n		Depth: 8.46 inches (21.5 cm)&lt;/li&gt;\r\n	&lt;li&gt;\r\n		Weight: 27.5 pounds (12.5 kg)&lt;/li&gt;\r\n&lt;/ul&gt;\r\n&lt;p&gt;\r\n	&lt;b&gt;System Requirements&lt;/b&gt;&lt;/p&gt;\r\n&lt;ul&gt;\r\n	&lt;li&gt;\r\n		Mac Pro, all graphic options&lt;/li&gt;\r\n	&lt;li&gt;\r\n		MacBook Pro&lt;/li&gt;\r\n	&lt;li&gt;\r\n		Power Mac G5 (PCI-X) with ATI Radeon 9650 or better or NVIDIA GeForce 6800 GT DDL or better&lt;/li&gt;\r\n	&lt;li&gt;\r\n		Power Mac G5 (PCI Express), all graphics options&lt;/li&gt;\r\n	&lt;li&gt;\r\n		PowerBook G4 with dual-link DVI support&lt;/li&gt;\r\n	&lt;li&gt;\r\n		Windows PC and graphics card that supports DVI ports with dual-link digital bandwidth and VESA DDC standard for plug-and-play setup&lt;/li&gt;\r\n&lt;/ul&gt;\r\n', 'tag1, tag2', 'Tower Pressure Cooker with Steamer Basket', '', ''),
(72, 1, 'Global Knives: Professional Chef\'s Knives', '&lt;p&gt;\r\n	Canon\'s press material for the EOS 5D states that it \'defines (a) new D-SLR category\', while we\'re not typically too concerned with marketing talk this particular statement is clearly pretty accurate. The EOS 5D is unlike any previous digital SLR in that it combines a full-frame (35 mm sized) high resolution sensor (12.8 megapixels) with a relatively compact body (slightly larger than the EOS 20D, although in your hand it feels noticeably \'chunkier\'). The EOS 5D is aimed to slot in between the EOS 20D and the EOS-1D professional digital SLR\'s, an important difference when compared to the latter is that the EOS 5D doesn\'t have any environmental seals. While Canon don\'t specifically refer to the EOS 5D as a \'professional\' digital SLR it will have obvious appeal to professionals who want a high quality digital SLR in a body lighter than the EOS-1D. It will also no doubt appeal to current EOS 20D owners (although lets hope they\'ve not bought too many EF-S lenses...) äë&lt;/p&gt;\r\n', 'tag1, tag2', 'Global Knives: Professional Chef\'s Knives', '', ''),
(79, 1, 'Flash Furniture Alonza Series Transparent Side Chair, Orange', '&lt;p class=&quot;intro&quot;&gt;\r\n	iPhone is a revolutionary new mobile phone that allows you to make a call by simply tapping a name or number in your address book, a favorites list, or a call log. It also automatically syncs all your contacts from a PC, Mac, or Internet service. And it lets you select and listen to voicemail messages in whatever order you want just like email.&lt;/p&gt;\r\n', 'tag1, tag2', 'Flash Furniture Alonza Series Transparent Side Chair, Orange', '', ''),
(81, 1, 'George Nelson Sunburst Clock orci venenatis justo', '&lt;div class=&quot;cpt_product_description &quot;&gt;\r\n	&lt;div&gt;\r\n		&lt;p&gt;\r\n			&lt;strong&gt;More room to move.&lt;/strong&gt;&lt;/p&gt;\r\n		&lt;p&gt;\r\n			With 80GB or 160GB of storage and up to 40 hours of battery life, the new iPod classic lets you enjoy up to 40,000 songs or up to 200 hours of video or any combination wherever you go.&lt;/p&gt;\r\n		&lt;p&gt;\r\n			&lt;strong&gt;Cover Flow.&lt;/strong&gt;&lt;/p&gt;\r\n		&lt;p&gt;\r\n			Browse through your music collection by flipping through album art. Select an album to turn it over and see the track list.&lt;/p&gt;\r\n		&lt;p&gt;\r\n			&lt;strong&gt;Enhanced interface.&lt;/strong&gt;&lt;/p&gt;\r\n		&lt;p&gt;\r\n			Experience a whole new way to browse and view your music and video.&lt;/p&gt;\r\n		&lt;p&gt;\r\n			&lt;strong&gt;Sleeker design.&lt;/strong&gt;&lt;/p&gt;\r\n		&lt;p&gt;\r\n			Beautiful, durable, and sleeker than ever, iPod classic now features an anodized aluminum and polished stainless steel enclosure with rounded edges.&lt;/p&gt;\r\n	&lt;/div&gt;\r\n&lt;/div&gt;\r\n&lt;!-- cpt_container_end --&gt;', 'tag1, tag2', 'George Nelson Sunburst Clock orci venenatis justo', '', ''),
(40, 2, 'Kpoly and Bark Eames Style Molded Plastic', '&lt;p class=&quot;intro&quot;&gt;\r\n	iPhone is a revolutionary new mobile phone that allows you to make a call by simply tapping a name or number in your address book, a favorites list, or a call log. It also automatically syncs all your contacts from a PC, Mac, or Internet service. And it lets you select and listen to voicemail messages in whatever order you want just like email.&lt;/p&gt;\r\n', 'tag1, tag2', 'Kpoly and Bark Eames Style Molded Plastic', '', ''),
(42, 2, 'Light Inverted Pendant Quis Justo Condimentum', '&lt;p&gt;\r\n	&lt;font face=&quot;helvetica,geneva,arial&quot; size=&quot;2&quot;&gt;&lt;font face=&quot;Helvetica&quot; size=&quot;2&quot;&gt;The 30-inch Apple Cinema HD Display delivers an amazing 2560 x 1600 pixel resolution. Designed specifically for the creative professional, this display provides more space for easier access to all the tools and palettes needed to edit, format and composite your work. Combine this display with a Mac Pro, MacBook Pro, or PowerMac G5 and there\'s no limit to what you can achieve. &lt;br&gt;\r\n	&lt;br&gt;\r\n	&lt;/font&gt;&lt;font face=&quot;Helvetica&quot; size=&quot;2&quot;&gt;The Cinema HD features an active-matrix liquid crystal display that produces flicker-free images that deliver twice the brightness, twice the sharpness and twice the contrast ratio of a typical CRT display. Unlike other flat panels, it\'s designed with a pure digital interface to deliver distortion-free images that never need adjusting. With over 4 million digital pixels, the display is uniquely suited for scientific and technical applications such as visualizing molecular structures or analyzing geological data. &lt;br&gt;\r\n	&lt;br&gt;\r\n	&lt;/font&gt;&lt;font face=&quot;Helvetica&quot; size=&quot;2&quot;&gt;Offering accurate, brilliant color performance, the Cinema HD delivers up to 16.7 million colors across a wide gamut allowing you to see subtle nuances between colors from soft pastels to rich jewel tones. A wide viewing angle ensures uniform color from edge to edge. Apple\'s ColorSync technology allows you to create custom profiles to maintain consistent color onscreen and in print. The result: You can confidently use this display in all your color-critical applications. &lt;br&gt;\r\n	&lt;br&gt;\r\n	&lt;/font&gt;&lt;font face=&quot;Helvetica&quot; size=&quot;2&quot;&gt;Housed in a new aluminum design, the display has a very thin bezel that enhances visual accuracy. Each display features two FireWire 400 ports and two USB 2.0 ports, making attachment of desktop peripherals, such as iSight, iPod, digital and still cameras, hard drives, printers and scanners, even more accessible and convenient. Taking advantage of the much thinner and lighter footprint of an LCD, the new displays support the VESA (Video Electronics Standards Association) mounting interface standard. Customers with the optional Cinema Display VESA Mount Adapter kit gain the flexibility to mount their display in locations most appropriate for their work environment. &lt;br&gt;\r\n	&lt;br&gt;\r\n	&lt;/font&gt;&lt;font face=&quot;Helvetica&quot; size=&quot;2&quot;&gt;The Cinema HD features a single cable design with elegant breakout for the USB 2.0, FireWire 400 and a pure digital connection using the industry standard Digital Video Interface (DVI) interface. The DVI connection allows for a direct pure-digital connection.&lt;br&gt;\r\n	&lt;/font&gt;&lt;/font&gt;&lt;/p&gt;\r\n&lt;h3&gt;\r\n	Features:&lt;/h3&gt;\r\n&lt;p&gt;\r\n	Unrivaled display performance&lt;/p&gt;\r\n&lt;ul&gt;\r\n	&lt;li&gt;\r\n		30-inch (viewable) active-matrix liquid crystal display provides breathtaking image quality and vivid, richly saturated color.&lt;/li&gt;\r\n	&lt;li&gt;\r\n		Support for 2560-by-1600 pixel resolution for display of high definition still and video imagery.&lt;/li&gt;\r\n	&lt;li&gt;\r\n		Wide-format design for simultaneous display of two full pages of text and graphics.&lt;/li&gt;\r\n	&lt;li&gt;\r\n		Industry standard DVI connector for direct attachment to Mac- and Windows-based desktops and notebooks&lt;/li&gt;\r\n	&lt;li&gt;\r\n		Incredibly wide (170 degree) horizontal and vertical viewing angle for maximum visibility and color performance.&lt;/li&gt;\r\n	&lt;li&gt;\r\n		Lightning-fast pixel response for full-motion digital video playback.&lt;/li&gt;\r\n	&lt;li&gt;\r\n		Support for 16.7 million saturated colors, for use in all graphics-intensive applications.&lt;/li&gt;\r\n&lt;/ul&gt;\r\n&lt;p&gt;\r\n	Simple setup and operation&lt;/p&gt;\r\n&lt;ul&gt;\r\n	&lt;li&gt;\r\n		Single cable with elegant breakout for connection to DVI, USB and FireWire ports&lt;/li&gt;\r\n	&lt;li&gt;\r\n		Built-in two-port USB 2.0 hub for easy connection of desktop peripheral devices.&lt;/li&gt;\r\n	&lt;li&gt;\r\n		Two FireWire 400 ports to support iSight and other desktop peripherals&lt;/li&gt;\r\n&lt;/ul&gt;\r\n&lt;p&gt;\r\n	Sleek, elegant design&lt;/p&gt;\r\n&lt;ul&gt;\r\n	&lt;li&gt;\r\n		Huge virtual workspace, very small footprint.&lt;/li&gt;\r\n	&lt;li&gt;\r\n		Narrow Bezel design to minimize visual impact of using dual displays&lt;/li&gt;\r\n	&lt;li&gt;\r\n		Unique hinge design for effortless adjustment&lt;/li&gt;\r\n	&lt;li&gt;\r\n		Support for VESA mounting solutions (Apple Cinema Display VESA Mount Adapter sold separately)&lt;/li&gt;\r\n&lt;/ul&gt;\r\n&lt;h3&gt;\r\n	Technical specifications&lt;/h3&gt;\r\n&lt;p&gt;\r\n	&lt;b&gt;Screen size (diagonal viewable image size)&lt;/b&gt;&lt;/p&gt;\r\n&lt;ul&gt;\r\n	&lt;li&gt;\r\n		Apple Cinema HD Display: 30 inches (29.7-inch viewable)&lt;/li&gt;\r\n&lt;/ul&gt;\r\n&lt;p&gt;\r\n	&lt;b&gt;Screen type&lt;/b&gt;&lt;/p&gt;\r\n&lt;ul&gt;\r\n	&lt;li&gt;\r\n		Thin film transistor (TFT) active-matrix liquid crystal display (AMLCD)&lt;/li&gt;\r\n&lt;/ul&gt;\r\n&lt;p&gt;\r\n	&lt;b&gt;Resolutions&lt;/b&gt;&lt;/p&gt;\r\n&lt;ul&gt;\r\n	&lt;li&gt;\r\n		2560 x 1600 pixels (optimum resolution)&lt;/li&gt;\r\n	&lt;li&gt;\r\n		2048 x 1280&lt;/li&gt;\r\n	&lt;li&gt;\r\n		1920 x 1200&lt;/li&gt;\r\n	&lt;li&gt;\r\n		1280 x 800&lt;/li&gt;\r\n	&lt;li&gt;\r\n		1024 x 640&lt;/li&gt;\r\n&lt;/ul&gt;\r\n&lt;p&gt;\r\n	&lt;b&gt;Display colors (maximum)&lt;/b&gt;&lt;/p&gt;\r\n&lt;ul&gt;\r\n	&lt;li&gt;\r\n		16.7 million&lt;/li&gt;\r\n&lt;/ul&gt;\r\n&lt;p&gt;\r\n	&lt;b&gt;Viewing angle (typical)&lt;/b&gt;&lt;/p&gt;\r\n&lt;ul&gt;\r\n	&lt;li&gt;\r\n		170° horizontal; 170° vertical&lt;/li&gt;\r\n&lt;/ul&gt;\r\n&lt;p&gt;\r\n	&lt;b&gt;Brightness (typical)&lt;/b&gt;&lt;/p&gt;\r\n&lt;ul&gt;\r\n	&lt;li&gt;\r\n		30-inch Cinema HD Display: 400 cd/m2&lt;/li&gt;\r\n&lt;/ul&gt;\r\n&lt;p&gt;\r\n	&lt;b&gt;Contrast ratio (typical)&lt;/b&gt;&lt;/p&gt;\r\n&lt;ul&gt;\r\n	&lt;li&gt;\r\n		700:1&lt;/li&gt;\r\n&lt;/ul&gt;\r\n&lt;p&gt;\r\n	&lt;b&gt;Response time (typical)&lt;/b&gt;&lt;/p&gt;\r\n&lt;ul&gt;\r\n	&lt;li&gt;\r\n		16 ms&lt;/li&gt;\r\n&lt;/ul&gt;\r\n&lt;p&gt;\r\n	&lt;b&gt;Pixel pitch&lt;/b&gt;&lt;/p&gt;\r\n&lt;ul&gt;\r\n	&lt;li&gt;\r\n		30-inch Cinema HD Display: 0.250 mm&lt;/li&gt;\r\n&lt;/ul&gt;\r\n&lt;p&gt;\r\n	&lt;b&gt;Screen treatment&lt;/b&gt;&lt;/p&gt;\r\n&lt;ul&gt;\r\n	&lt;li&gt;\r\n		Antiglare hardcoat&lt;/li&gt;\r\n&lt;/ul&gt;\r\n&lt;p&gt;\r\n	&lt;b&gt;User controls (hardware and software)&lt;/b&gt;&lt;/p&gt;\r\n&lt;ul&gt;\r\n	&lt;li&gt;\r\n		Display Power,&lt;/li&gt;\r\n	&lt;li&gt;\r\n		System sleep, wake&lt;/li&gt;\r\n	&lt;li&gt;\r\n		Brightness&lt;/li&gt;\r\n	&lt;li&gt;\r\n		Monitor tilt&lt;/li&gt;\r\n&lt;/ul&gt;\r\n&lt;p&gt;\r\n	&lt;b&gt;Connectors and cables&lt;/b&gt;&lt;br&gt;\r\n	Cable&lt;/p&gt;\r\n&lt;ul&gt;\r\n	&lt;li&gt;\r\n		DVI (Digital Visual Interface)&lt;/li&gt;\r\n	&lt;li&gt;\r\n		FireWire 400&lt;/li&gt;\r\n	&lt;li&gt;\r\n		USB 2.0&lt;/li&gt;\r\n	&lt;li&gt;\r\n		DC power (24 V)&lt;/li&gt;\r\n&lt;/ul&gt;\r\n&lt;p&gt;\r\n	Connectors&lt;/p&gt;\r\n&lt;ul&gt;\r\n	&lt;li&gt;\r\n		Two-port, self-powered USB 2.0 hub&lt;/li&gt;\r\n	&lt;li&gt;\r\n		Two FireWire 400 ports&lt;/li&gt;\r\n	&lt;li&gt;\r\n		Kensington security port&lt;/li&gt;\r\n&lt;/ul&gt;\r\n&lt;p&gt;\r\n	&lt;b&gt;VESA mount adapter&lt;/b&gt;&lt;br&gt;\r\n	Requires optional Cinema Display VESA Mount Adapter (M9649G/A)&lt;/p&gt;\r\n&lt;ul&gt;\r\n	&lt;li&gt;\r\n		Compatible with VESA FDMI (MIS-D, 100, C) compliant mounting solutions&lt;/li&gt;\r\n&lt;/ul&gt;\r\n&lt;p&gt;\r\n	&lt;b&gt;Electrical requirements&lt;/b&gt;&lt;/p&gt;\r\n&lt;ul&gt;\r\n	&lt;li&gt;\r\n		Input voltage: 100-240 VAC 50-60Hz&lt;/li&gt;\r\n	&lt;li&gt;\r\n		Maximum power when operating: 150W&lt;/li&gt;\r\n	&lt;li&gt;\r\n		Energy saver mode: 3W or less&lt;/li&gt;\r\n&lt;/ul&gt;\r\n&lt;p&gt;\r\n	&lt;b&gt;Environmental requirements&lt;/b&gt;&lt;/p&gt;\r\n&lt;ul&gt;\r\n	&lt;li&gt;\r\n		Operating temperature: 50° to 95° F (10° to 35° C)&lt;/li&gt;\r\n	&lt;li&gt;\r\n		Storage temperature: -40° to 116° F (-40° to 47° C)&lt;/li&gt;\r\n	&lt;li&gt;\r\n		Operating humidity: 20% to 80% noncondensing&lt;/li&gt;\r\n	&lt;li&gt;\r\n		Maximum operating altitude: 10,000 feet&lt;/li&gt;\r\n&lt;/ul&gt;\r\n&lt;p&gt;\r\n	&lt;b&gt;Agency approvals&lt;/b&gt;&lt;/p&gt;\r\n&lt;ul&gt;\r\n	&lt;li&gt;\r\n		FCC Part 15 Class B&lt;/li&gt;\r\n	&lt;li&gt;\r\n		EN55022 Class B&lt;/li&gt;\r\n	&lt;li&gt;\r\n		EN55024&lt;/li&gt;\r\n	&lt;li&gt;\r\n		VCCI Class B&lt;/li&gt;\r\n	&lt;li&gt;\r\n		AS/NZS 3548 Class B&lt;/li&gt;\r\n	&lt;li&gt;\r\n		CNS 13438 Class B&lt;/li&gt;\r\n	&lt;li&gt;\r\n		ICES-003 Class B&lt;/li&gt;\r\n	&lt;li&gt;\r\n		ISO 13406 part 2&lt;/li&gt;\r\n	&lt;li&gt;\r\n		MPR II&lt;/li&gt;\r\n	&lt;li&gt;\r\n		IEC 60950&lt;/li&gt;\r\n	&lt;li&gt;\r\n		UL 60950&lt;/li&gt;\r\n	&lt;li&gt;\r\n		CSA 60950&lt;/li&gt;\r\n	&lt;li&gt;\r\n		EN60950&lt;/li&gt;\r\n	&lt;li&gt;\r\n		ENERGY STAR&lt;/li&gt;\r\n	&lt;li&gt;\r\n		TCO \'03&lt;/li&gt;\r\n&lt;/ul&gt;\r\n&lt;p&gt;\r\n	&lt;b&gt;Size and weight&lt;/b&gt;&lt;br&gt;\r\n	30-inch Apple Cinema HD Display&lt;/p&gt;\r\n&lt;ul&gt;\r\n	&lt;li&gt;\r\n		Height: 21.3 inches (54.3 cm)&lt;/li&gt;\r\n	&lt;li&gt;\r\n		Width: 27.2 inches (68.8 cm)&lt;/li&gt;\r\n	&lt;li&gt;\r\n		Depth: 8.46 inches (21.5 cm)&lt;/li&gt;\r\n	&lt;li&gt;\r\n		Weight: 27.5 pounds (12.5 kg)&lt;/li&gt;\r\n&lt;/ul&gt;\r\n&lt;p&gt;\r\n	&lt;b&gt;System Requirements&lt;/b&gt;&lt;/p&gt;\r\n&lt;ul&gt;\r\n	&lt;li&gt;\r\n		Mac Pro, all graphic options&lt;/li&gt;\r\n	&lt;li&gt;\r\n		MacBook Pro&lt;/li&gt;\r\n	&lt;li&gt;\r\n		Power Mac G5 (PCI-X) with ATI Radeon 9650 or better or NVIDIA GeForce 6800 GT DDL or better&lt;/li&gt;\r\n	&lt;li&gt;\r\n		Power Mac G5 (PCI Express), all graphics options&lt;/li&gt;\r\n	&lt;li&gt;\r\n		PowerBook G4 with dual-link DVI support&lt;/li&gt;\r\n	&lt;li&gt;\r\n		Windows PC and graphics card that supports DVI ports with dual-link digital bandwidth and VESA DDC standard for plug-and-play setup&lt;/li&gt;\r\n&lt;/ul&gt;\r\n', 'tag1, tag2', 'Light Inverted Pendant Quis Justo Condimentum', '', ''),
(29, 1, 'Poly and Bark Vortex Side Chair, Yellow', '&lt;p&gt;\r\n	Redefine your workday with the Palm Treo Pro smartphone. Perfectly balanced, you can respond to business and personal email, stay on top of appointments and contacts, and use Wi-Fi or GPS when you&amp;rsquo;re out and about. Then watch a video on YouTube, catch up with news and sports on the web, or listen to a few songs. Balance your work and play the way you like it, with the Palm Treo Pro.&lt;/p&gt;\r\n&lt;p&gt;\r\n	&lt;strong&gt;Features&lt;/strong&gt;&lt;/p&gt;\r\n&lt;ul&gt;\r\n	&lt;li&gt;\r\n		Windows Mobile&amp;reg; 6.1 Professional Edition&lt;/li&gt;\r\n	&lt;li&gt;\r\n		Qualcomm&amp;reg; MSM7201 400MHz Processor&lt;/li&gt;\r\n	&lt;li&gt;\r\n		320x320 transflective colour TFT touchscreen&lt;/li&gt;\r\n	&lt;li&gt;\r\n		HSDPA/UMTS/EDGE/GPRS/GSM radio&lt;/li&gt;\r\n	&lt;li&gt;\r\n		Tri-band UMTS &amp;mdash; 850MHz, 1900MHz, 2100MHz&lt;/li&gt;\r\n	&lt;li&gt;\r\n		Quad-band GSM &amp;mdash; 850/900/1800/1900&lt;/li&gt;\r\n	&lt;li&gt;\r\n		802.11b/g with WPA, WPA2, and 801.1x authentication&lt;/li&gt;\r\n	&lt;li&gt;\r\n		Built-in GPS&lt;/li&gt;\r\n	&lt;li&gt;\r\n		Bluetooth Version: 2.0 + Enhanced Data Rate&lt;/li&gt;\r\n	&lt;li&gt;\r\n		256MB storage (100MB user available), 128MB RAM&lt;/li&gt;\r\n	&lt;li&gt;\r\n		2.0 megapixel camera, up to 8x digital zoom and video capture&lt;/li&gt;\r\n	&lt;li&gt;\r\n		Removable, rechargeable 1500mAh lithium-ion battery&lt;/li&gt;\r\n	&lt;li&gt;\r\n		Up to 5.0 hours talk time and up to 250 hours standby&lt;/li&gt;\r\n	&lt;li&gt;\r\n		MicroSDHC card expansion (up to 32GB supported)&lt;/li&gt;\r\n	&lt;li&gt;\r\n		MicroUSB 2.0 for synchronization and charging&lt;/li&gt;\r\n	&lt;li&gt;\r\n		3.5mm stereo headset jack&lt;/li&gt;\r\n	&lt;li&gt;\r\n		60mm (W) x 114mm (L) x 13.5mm (D) / 133g&lt;/li&gt;\r\n&lt;/ul&gt;\r\n', 'tag1, tag2', 'Poly and Bark Vortex Side Chair, Yellow', '', ''),
(33, 1, 'Flash Furniture Alonza Series Transparent Side Chair, Red', '&lt;div&gt;\r\n	Imagine the advantages of going big without slowing down. The big 19&amp;quot; 941BW monitor combines wide aspect ratio with fast pixel response time, for bigger images, more room to work and crisp motion. In addition, the exclusive MagicBright 2, MagicColor and MagicTune technologies help deliver the ideal image in every situation, while sleek, narrow bezels and adjustable stands deliver style just the way you want it. With the Samsung 941BW widescreen analog/digital LCD monitor, it&amp;#39;s not hard to imagine.&lt;/div&gt;\r\n', 'tag1, tag2', 'Flash Furniture Alonza Series Transparent Side Chair, Red', '', '');
INSERT INTO `oc_product_description` (`product_id`, `language_id`, `name`, `description`, `tag`, `meta_title`, `meta_description`, `meta_keyword`) VALUES
(66, 2, 'Anolon Hard anodized 7.5qt Covered Wide Stockpot', '&lt;p&gt;\r\n	Samsung Galaxy Tab 10.1, is the world&amp;rsquo;s thinnest tablet, measuring 8.6 mm thickness, running with Android 3.0 Honeycomb OS on a 1GHz dual-core Tegra 2 processor, similar to its younger brother Samsung Galaxy Tab 8.9.&lt;/p&gt;\r\n&lt;p&gt;\r\n	Samsung Galaxy Tab 10.1 gives pure Android 3.0 experience, adding its new TouchWiz UX or TouchWiz 4.0 &amp;ndash; includes a live panel, which lets you to customize with different content, such as your pictures, bookmarks, and social feeds, sporting a 10.1 inches WXGA capacitive touch screen with 1280 x 800 pixels of resolution, equipped with 3 megapixel rear camera with LED flash and a 2 megapixel front camera, HSPA+ connectivity up to 21Mbps, 720p HD video recording capability, 1080p HD playback, DLNA support, Bluetooth 2.1, USB 2.0, gyroscope, Wi-Fi 802.11 a/b/g/n, micro-SD slot, 3.5mm headphone jack, and SIM slot, including the Samsung Stick &amp;ndash; a Bluetooth microphone that can be carried in a pocket like a pen and sound dock with powered subwoofer.&lt;/p&gt;\r\n&lt;p&gt;\r\n	Samsung Galaxy Tab 10.1 will come in 16GB / 32GB / 64GB verities and pre-loaded with Social Hub, Reader&amp;rsquo;s Hub, Music Hub and Samsung Mini Apps Tray &amp;ndash; which gives you access to more commonly used apps to help ease multitasking and it is capable of Adobe Flash Player 10.2, powered by 6860mAh battery that gives you 10hours of video-playback time.&amp;nbsp;&amp;auml;&amp;ouml;&lt;/p&gt;\r\n', 'tag1, tag2', 'Anolon Hard anodized 7.5qt Covered Wide Stockpot', '', ''),
(32, 2, 'Epoly and Bark Eames Stylemolded Plastic Sedblandit', '&lt;p&gt;\r\n	&lt;strong&gt;Revolutionary multi-touch interface.&lt;/strong&gt;&lt;br /&gt;\r\n	iPod touch features the same multi-touch screen technology as iPhone. Pinch to zoom in on a photo. Scroll through your songs and videos with a flick. Flip through your library by album artwork with Cover Flow.&lt;/p&gt;\r\n&lt;p&gt;\r\n	&lt;strong&gt;Gorgeous 3.5-inch widescreen display.&lt;/strong&gt;&lt;br /&gt;\r\n	Watch your movies, TV shows, and photos come alive with bright, vivid color on the 320-by-480-pixel display.&lt;/p&gt;\r\n&lt;p&gt;\r\n	&lt;strong&gt;Music downloads straight from iTunes.&lt;/strong&gt;&lt;br /&gt;\r\n	Shop the iTunes Wi-Fi Music Store from anywhere with Wi-Fi.1 Browse or search to find the music youre looking for, preview it, and buy it with just a tap.&lt;/p&gt;\r\n&lt;p&gt;\r\n	&lt;strong&gt;Surf the web with Wi-Fi.&lt;/strong&gt;&lt;br /&gt;\r\n	Browse the web using Safari and watch YouTube videos on the first iPod with Wi-Fi built in&lt;br /&gt;\r\n	&amp;nbsp;&lt;/p&gt;\r\n', 'tag1, tag2', 'Epoly and Bark Eames Stylemolded Plastic Sedblandit', '', ''),
(44, 2, 'Vitra Sunburst Clock pretium pellentesque libero', '&lt;div&gt;\r\n	MacBook Air is ultrathin, ultraportable, and ultra unlike anything else. But you don&amp;rsquo;t lose inches and pounds overnight. It&amp;rsquo;s the result of rethinking conventions. Of multiple wireless innovations. And of breakthrough design. With MacBook Air, mobile computing suddenly has a new standard.&lt;/div&gt;\r\n', 'tag1, tag2', 'Vitra Sunburst Clock pretium pellentesque libero', '', ''),
(45, 1, 'Le Klint Carronade Pendel amet metus euismod interdum', '&lt;div class=&quot;cpt_product_description &quot;&gt;\r\n	&lt;div&gt;\r\n		&lt;p&gt;\r\n			&lt;b&gt;Latest Intel mobile architecture&lt;/b&gt;&lt;/p&gt;\r\n		&lt;p&gt;\r\n			Powered by the most advanced mobile processors from Intel, the new Core 2 Duo MacBook Pro is over 50% faster than the original Core Duo MacBook Pro and now supports up to 4GB of RAM.&lt;/p&gt;\r\n		&lt;p&gt;\r\n			&lt;b&gt;Leading-edge graphics&lt;/b&gt;&lt;/p&gt;\r\n		&lt;p&gt;\r\n			The NVIDIA GeForce 8600M GT delivers exceptional graphics processing power. For the ultimate creative canvas, you can even configure the 17-inch model with a 1920-by-1200 resolution display.&lt;/p&gt;\r\n		&lt;p&gt;\r\n			&lt;b&gt;Designed for life on the road&lt;/b&gt;&lt;/p&gt;\r\n		&lt;p&gt;\r\n			Innovations such as a magnetic power connection and an illuminated keyboard with ambient light sensor put the MacBook Pro in a class by itself.&lt;/p&gt;\r\n		&lt;p&gt;\r\n			&lt;b&gt;Connect. Create. Communicate.&lt;/b&gt;&lt;/p&gt;\r\n		&lt;p&gt;\r\n			Quickly set up a video conference with the built-in iSight camera. Control presentations and media from up to 30 feet away with the included Apple Remote. Connect to high-bandwidth peripherals with FireWire 800 and DVI.&lt;/p&gt;\r\n		&lt;p&gt;\r\n			&lt;b&gt;Next-generation wireless&lt;/b&gt;&lt;/p&gt;\r\n		&lt;p&gt;\r\n			Featuring 802.11n wireless technology, the MacBook Pro delivers up to five times the performance and up to twice the range of previous-generation technologies.&lt;/p&gt;\r\n	&lt;/div&gt;\r\n&lt;/div&gt;\r\n&lt;!-- cpt_container_end --&gt;', 'tag1, tag2', 'Le Klint Carronade Pendel amet metus euismod interdum', '', ''),
(36, 1, 'Ipoly and Bark Eames Style Molded Plastic', '&lt;div&gt;\r\n	&lt;p&gt;\r\n		&lt;strong&gt;Video in your pocket.&lt;/strong&gt;&lt;/p&gt;\r\n	&lt;p&gt;\r\n		Its the small iPod with one very big idea: video. The worlds most popular music player now lets you enjoy movies, TV shows, and more on a two-inch display thats 65% brighter than before.&lt;/p&gt;\r\n	&lt;p&gt;\r\n		&lt;strong&gt;Cover Flow.&lt;/strong&gt;&lt;/p&gt;\r\n	&lt;p&gt;\r\n		Browse through your music collection by flipping through album art. Select an album to turn it over and see the track list.&lt;strong&gt;&amp;nbsp;&lt;/strong&gt;&lt;/p&gt;\r\n	&lt;p&gt;\r\n		&lt;strong&gt;Enhanced interface.&lt;/strong&gt;&lt;/p&gt;\r\n	&lt;p&gt;\r\n		Experience a whole new way to browse and view your music and video.&lt;/p&gt;\r\n	&lt;p&gt;\r\n		&lt;strong&gt;Sleek and colorful.&lt;/strong&gt;&lt;/p&gt;\r\n	&lt;p&gt;\r\n		With an anodized aluminum and polished stainless steel enclosure and a choice of five colors, iPod nano is dressed to impress.&lt;/p&gt;\r\n	&lt;p&gt;\r\n		&lt;strong&gt;iTunes.&lt;/strong&gt;&lt;/p&gt;\r\n	&lt;p&gt;\r\n		Available as a free download, iTunes makes it easy to browse and buy millions of songs, movies, TV shows, audiobooks, and games and download free podcasts all at the iTunes Store. And you can import your own music, manage your whole media library, and sync your iPod or iPhone with ease.&lt;/p&gt;\r\n&lt;/div&gt;\r\n', 'tag1, tag2', 'Ipoly and Bark Eames Style Molded Plastic', '', ''),
(34, 1, 'Gpoly and Bark Eames Style Molded Plastic', '&lt;div&gt;\r\n	&lt;strong&gt;Born to be worn.&lt;/strong&gt;\r\n	&lt;p&gt;\r\n		Clip on the worlds most wearable music player and take up to 240 songs with you anywhere. Choose from five colors including four new hues to make your musical fashion statement.&lt;/p&gt;\r\n	&lt;p&gt;\r\n		&lt;strong&gt;Random meets rhythm.&lt;/strong&gt;&lt;/p&gt;\r\n	&lt;p&gt;\r\n		With iTunes autofill, iPod shuffle can deliver a new musical experience every time you sync. For more randomness, you can shuffle songs during playback with the slide of a switch.&lt;/p&gt;\r\n	&lt;strong&gt;Everything is easy.&lt;/strong&gt;\r\n	&lt;p&gt;\r\n		Charge and sync with the included USB dock. Operate the iPod shuffle controls with one hand. Enjoy up to 12 hours straight of skip-free music playback.&lt;/p&gt;\r\n&lt;/div&gt;\r\n', 'tag1, tag2', 'Gpoly and Bark Eames Style Molded Plastic', '', ''),
(31, 1, 'Flash Furniture Alonza Series Transparent Side Chair', '&lt;div class=&quot;cpt_product_description &quot;&gt;\r\n	&lt;div&gt;\r\n		Engineered with pro-level features and performance, the 12.3-effective-megapixel D300 combines brand new technologies with advanced features inherited from Nikon&amp;#39;s newly announced D3 professional digital SLR camera to offer serious photographers remarkable performance combined with agility.&lt;br /&gt;\r\n		&lt;br /&gt;\r\n		Similar to the D3, the D300 features Nikon&amp;#39;s exclusive EXPEED Image Processing System that is central to driving the speed and processing power needed for many of the camera&amp;#39;s new features. The D300 features a new 51-point autofocus system with Nikon&amp;#39;s 3D Focus Tracking feature and two new LiveView shooting modes that allow users to frame a photograph using the camera&amp;#39;s high-resolution LCD monitor. The D300 shares a similar Scene Recognition System as is found in the D3; it promises to greatly enhance the accuracy of autofocus, autoexposure, and auto white balance by recognizing the subject or scene being photographed and applying this information to the calculations for the three functions.&lt;br /&gt;\r\n		&lt;br /&gt;\r\n		The D300 reacts with lightning speed, powering up in a mere 0.13 seconds and shooting with an imperceptible 45-millisecond shutter release lag time. The D300 is capable of shooting at a rapid six frames per second and can go as fast as eight frames per second when using the optional MB-D10 multi-power battery pack. In continuous bursts, the D300 can shoot up to 100 shots at full 12.3-megapixel resolution. (NORMAL-LARGE image setting, using a SanDisk Extreme IV 1GB CompactFlash card.)&lt;br /&gt;\r\n		&lt;br /&gt;\r\n		The D300 incorporates a range of innovative technologies and features that will significantly improve the accuracy, control, and performance photographers can get from their equipment. Its new Scene Recognition System advances the use of Nikon&amp;#39;s acclaimed 1,005-segment sensor to recognize colors and light patterns that help the camera determine the subject and the type of scene being photographed before a picture is taken. This information is used to improve the accuracy of autofocus, autoexposure, and auto white balance functions in the D300. For example, the camera can track moving subjects better and by identifying them, it can also automatically select focus points faster and with greater accuracy. It can also analyze highlights and more accurately determine exposure, as well as infer light sources to deliver more accurate white balance detection.&lt;/div&gt;\r\n&lt;/div&gt;\r\n&lt;!-- cpt_container_end --&gt;', 'tag1, tag2', 'Flash Furniture Alonza Series Transparent Side Chair', '', ''),
(50, 1, 'Lámpara Colgante Louis Poulsen MOSER Aluminio', '&lt;p&gt;\r\n	&lt;font face=&quot;helvetica,geneva,arial&quot; size=&quot;2&quot;&gt;&lt;font face=&quot;Helvetica&quot; size=&quot;2&quot;&gt;The 30-inch Apple Cinema HD Display delivers an amazing 2560 x 1600 pixel resolution. Designed specifically for the creative professional, this display provides more space for easier access to all the tools and palettes needed to edit, format and composite your work. Combine this display with a Mac Pro, MacBook Pro, or PowerMac G5 and there\'s no limit to what you can achieve. &lt;br&gt;\r\n	&lt;br&gt;\r\n	&lt;/font&gt;&lt;font face=&quot;Helvetica&quot; size=&quot;2&quot;&gt;The Cinema HD features an active-matrix liquid crystal display that produces flicker-free images that deliver twice the brightness, twice the sharpness and twice the contrast ratio of a typical CRT display. Unlike other flat panels, it\'s designed with a pure digital interface to deliver distortion-free images that never need adjusting. With over 4 million digital pixels, the display is uniquely suited for scientific and technical applications such as visualizing molecular structures or analyzing geological data. &lt;br&gt;\r\n	&lt;br&gt;\r\n	&lt;/font&gt;&lt;font face=&quot;Helvetica&quot; size=&quot;2&quot;&gt;Offering accurate, brilliant color performance, the Cinema HD delivers up to 16.7 million colors across a wide gamut allowing you to see subtle nuances between colors from soft pastels to rich jewel tones. A wide viewing angle ensures uniform color from edge to edge. Apple\'s ColorSync technology allows you to create custom profiles to maintain consistent color onscreen and in print. The result: You can confidently use this display in all your color-critical applications. &lt;br&gt;\r\n	&lt;br&gt;\r\n	&lt;/font&gt;&lt;font face=&quot;Helvetica&quot; size=&quot;2&quot;&gt;Housed in a new aluminum design, the display has a very thin bezel that enhances visual accuracy. Each display features two FireWire 400 ports and two USB 2.0 ports, making attachment of desktop peripherals, such as iSight, iPod, digital and still cameras, hard drives, printers and scanners, even more accessible and convenient. Taking advantage of the much thinner and lighter footprint of an LCD, the new displays support the VESA (Video Electronics Standards Association) mounting interface standard. Customers with the optional Cinema Display VESA Mount Adapter kit gain the flexibility to mount their display in locations most appropriate for their work environment. &lt;br&gt;\r\n	&lt;br&gt;\r\n	&lt;/font&gt;&lt;font face=&quot;Helvetica&quot; size=&quot;2&quot;&gt;The Cinema HD features a single cable design with elegant breakout for the USB 2.0, FireWire 400 and a pure digital connection using the industry standard Digital Video Interface (DVI) interface. The DVI connection allows for a direct pure-digital connection.&lt;br&gt;\r\n	&lt;/font&gt;&lt;/font&gt;&lt;/p&gt;\r\n&lt;h3&gt;\r\n	Features:&lt;/h3&gt;\r\n&lt;p&gt;\r\n	Unrivaled display performance&lt;/p&gt;\r\n&lt;ul&gt;\r\n	&lt;li&gt;\r\n		30-inch (viewable) active-matrix liquid crystal display provides breathtaking image quality and vivid, richly saturated color.&lt;/li&gt;\r\n	&lt;li&gt;\r\n		Support for 2560-by-1600 pixel resolution for display of high definition still and video imagery.&lt;/li&gt;\r\n	&lt;li&gt;\r\n		Wide-format design for simultaneous display of two full pages of text and graphics.&lt;/li&gt;\r\n	&lt;li&gt;\r\n		Industry standard DVI connector for direct attachment to Mac- and Windows-based desktops and notebooks&lt;/li&gt;\r\n	&lt;li&gt;\r\n		Incredibly wide (170 degree) horizontal and vertical viewing angle for maximum visibility and color performance.&lt;/li&gt;\r\n	&lt;li&gt;\r\n		Lightning-fast pixel response for full-motion digital video playback.&lt;/li&gt;\r\n	&lt;li&gt;\r\n		Support for 16.7 million saturated colors, for use in all graphics-intensive applications.&lt;/li&gt;\r\n&lt;/ul&gt;\r\n&lt;p&gt;\r\n	Simple setup and operation&lt;/p&gt;\r\n&lt;ul&gt;\r\n	&lt;li&gt;\r\n		Single cable with elegant breakout for connection to DVI, USB and FireWire ports&lt;/li&gt;\r\n	&lt;li&gt;\r\n		Built-in two-port USB 2.0 hub for easy connection of desktop peripheral devices.&lt;/li&gt;\r\n	&lt;li&gt;\r\n		Two FireWire 400 ports to support iSight and other desktop peripherals&lt;/li&gt;\r\n&lt;/ul&gt;\r\n&lt;p&gt;\r\n	Sleek, elegant design&lt;/p&gt;\r\n&lt;ul&gt;\r\n	&lt;li&gt;\r\n		Huge virtual workspace, very small footprint.&lt;/li&gt;\r\n	&lt;li&gt;\r\n		Narrow Bezel design to minimize visual impact of using dual displays&lt;/li&gt;\r\n	&lt;li&gt;\r\n		Unique hinge design for effortless adjustment&lt;/li&gt;\r\n	&lt;li&gt;\r\n		Support for VESA mounting solutions (Apple Cinema Display VESA Mount Adapter sold separately)&lt;/li&gt;\r\n&lt;/ul&gt;\r\n&lt;h3&gt;\r\n	Technical specifications&lt;/h3&gt;\r\n&lt;p&gt;\r\n	&lt;b&gt;Screen size (diagonal viewable image size)&lt;/b&gt;&lt;/p&gt;\r\n&lt;ul&gt;\r\n	&lt;li&gt;\r\n		Apple Cinema HD Display: 30 inches (29.7-inch viewable)&lt;/li&gt;\r\n&lt;/ul&gt;\r\n&lt;p&gt;\r\n	&lt;b&gt;Screen type&lt;/b&gt;&lt;/p&gt;\r\n&lt;ul&gt;\r\n	&lt;li&gt;\r\n		Thin film transistor (TFT) active-matrix liquid crystal display (AMLCD)&lt;/li&gt;\r\n&lt;/ul&gt;\r\n&lt;p&gt;\r\n	&lt;b&gt;Resolutions&lt;/b&gt;&lt;/p&gt;\r\n&lt;ul&gt;\r\n	&lt;li&gt;\r\n		2560 x 1600 pixels (optimum resolution)&lt;/li&gt;\r\n	&lt;li&gt;\r\n		2048 x 1280&lt;/li&gt;\r\n	&lt;li&gt;\r\n		1920 x 1200&lt;/li&gt;\r\n	&lt;li&gt;\r\n		1280 x 800&lt;/li&gt;\r\n	&lt;li&gt;\r\n		1024 x 640&lt;/li&gt;\r\n&lt;/ul&gt;\r\n&lt;p&gt;\r\n	&lt;b&gt;Display colors (maximum)&lt;/b&gt;&lt;/p&gt;\r\n&lt;ul&gt;\r\n	&lt;li&gt;\r\n		16.7 million&lt;/li&gt;\r\n&lt;/ul&gt;\r\n&lt;p&gt;\r\n	&lt;b&gt;Viewing angle (typical)&lt;/b&gt;&lt;/p&gt;\r\n&lt;ul&gt;\r\n	&lt;li&gt;\r\n		170° horizontal; 170° vertical&lt;/li&gt;\r\n&lt;/ul&gt;\r\n&lt;p&gt;\r\n	&lt;b&gt;Brightness (typical)&lt;/b&gt;&lt;/p&gt;\r\n&lt;ul&gt;\r\n	&lt;li&gt;\r\n		30-inch Cinema HD Display: 400 cd/m2&lt;/li&gt;\r\n&lt;/ul&gt;\r\n&lt;p&gt;\r\n	&lt;b&gt;Contrast ratio (typical)&lt;/b&gt;&lt;/p&gt;\r\n&lt;ul&gt;\r\n	&lt;li&gt;\r\n		700:1&lt;/li&gt;\r\n&lt;/ul&gt;\r\n&lt;p&gt;\r\n	&lt;b&gt;Response time (typical)&lt;/b&gt;&lt;/p&gt;\r\n&lt;ul&gt;\r\n	&lt;li&gt;\r\n		16 ms&lt;/li&gt;\r\n&lt;/ul&gt;\r\n&lt;p&gt;\r\n	&lt;b&gt;Pixel pitch&lt;/b&gt;&lt;/p&gt;\r\n&lt;ul&gt;\r\n	&lt;li&gt;\r\n		30-inch Cinema HD Display: 0.250 mm&lt;/li&gt;\r\n&lt;/ul&gt;\r\n&lt;p&gt;\r\n	&lt;b&gt;Screen treatment&lt;/b&gt;&lt;/p&gt;\r\n&lt;ul&gt;\r\n	&lt;li&gt;\r\n		Antiglare hardcoat&lt;/li&gt;\r\n&lt;/ul&gt;\r\n&lt;p&gt;\r\n	&lt;b&gt;User controls (hardware and software)&lt;/b&gt;&lt;/p&gt;\r\n&lt;ul&gt;\r\n	&lt;li&gt;\r\n		Display Power,&lt;/li&gt;\r\n	&lt;li&gt;\r\n		System sleep, wake&lt;/li&gt;\r\n	&lt;li&gt;\r\n		Brightness&lt;/li&gt;\r\n	&lt;li&gt;\r\n		Monitor tilt&lt;/li&gt;\r\n&lt;/ul&gt;\r\n&lt;p&gt;\r\n	&lt;b&gt;Connectors and cables&lt;/b&gt;&lt;br&gt;\r\n	Cable&lt;/p&gt;\r\n&lt;ul&gt;\r\n	&lt;li&gt;\r\n		DVI (Digital Visual Interface)&lt;/li&gt;\r\n	&lt;li&gt;\r\n		FireWire 400&lt;/li&gt;\r\n	&lt;li&gt;\r\n		USB 2.0&lt;/li&gt;\r\n	&lt;li&gt;\r\n		DC power (24 V)&lt;/li&gt;\r\n&lt;/ul&gt;\r\n&lt;p&gt;\r\n	Connectors&lt;/p&gt;\r\n&lt;ul&gt;\r\n	&lt;li&gt;\r\n		Two-port, self-powered USB 2.0 hub&lt;/li&gt;\r\n	&lt;li&gt;\r\n		Two FireWire 400 ports&lt;/li&gt;\r\n	&lt;li&gt;\r\n		Kensington security port&lt;/li&gt;\r\n&lt;/ul&gt;\r\n&lt;p&gt;\r\n	&lt;b&gt;VESA mount adapter&lt;/b&gt;&lt;br&gt;\r\n	Requires optional Cinema Display VESA Mount Adapter (M9649G/A)&lt;/p&gt;\r\n&lt;ul&gt;\r\n	&lt;li&gt;\r\n		Compatible with VESA FDMI (MIS-D, 100, C) compliant mounting solutions&lt;/li&gt;\r\n&lt;/ul&gt;\r\n&lt;p&gt;\r\n	&lt;b&gt;Electrical requirements&lt;/b&gt;&lt;/p&gt;\r\n&lt;ul&gt;\r\n	&lt;li&gt;\r\n		Input voltage: 100-240 VAC 50-60Hz&lt;/li&gt;\r\n	&lt;li&gt;\r\n		Maximum power when operating: 150W&lt;/li&gt;\r\n	&lt;li&gt;\r\n		Energy saver mode: 3W or less&lt;/li&gt;\r\n&lt;/ul&gt;\r\n&lt;p&gt;\r\n	&lt;b&gt;Environmental requirements&lt;/b&gt;&lt;/p&gt;\r\n&lt;ul&gt;\r\n	&lt;li&gt;\r\n		Operating temperature: 50° to 95° F (10° to 35° C)&lt;/li&gt;\r\n	&lt;li&gt;\r\n		Storage temperature: -40° to 116° F (-40° to 47° C)&lt;/li&gt;\r\n	&lt;li&gt;\r\n		Operating humidity: 20% to 80% noncondensing&lt;/li&gt;\r\n	&lt;li&gt;\r\n		Maximum operating altitude: 10,000 feet&lt;/li&gt;\r\n&lt;/ul&gt;\r\n&lt;p&gt;\r\n	&lt;b&gt;Agency approvals&lt;/b&gt;&lt;/p&gt;\r\n&lt;ul&gt;\r\n	&lt;li&gt;\r\n		FCC Part 15 Class B&lt;/li&gt;\r\n	&lt;li&gt;\r\n		EN55022 Class B&lt;/li&gt;\r\n	&lt;li&gt;\r\n		EN55024&lt;/li&gt;\r\n	&lt;li&gt;\r\n		VCCI Class B&lt;/li&gt;\r\n	&lt;li&gt;\r\n		AS/NZS 3548 Class B&lt;/li&gt;\r\n	&lt;li&gt;\r\n		CNS 13438 Class B&lt;/li&gt;\r\n	&lt;li&gt;\r\n		ICES-003 Class B&lt;/li&gt;\r\n	&lt;li&gt;\r\n		ISO 13406 part 2&lt;/li&gt;\r\n	&lt;li&gt;\r\n		MPR II&lt;/li&gt;\r\n	&lt;li&gt;\r\n		IEC 60950&lt;/li&gt;\r\n	&lt;li&gt;\r\n		UL 60950&lt;/li&gt;\r\n	&lt;li&gt;\r\n		CSA 60950&lt;/li&gt;\r\n	&lt;li&gt;\r\n		EN60950&lt;/li&gt;\r\n	&lt;li&gt;\r\n		ENERGY STAR&lt;/li&gt;\r\n	&lt;li&gt;\r\n		TCO \'03&lt;/li&gt;\r\n&lt;/ul&gt;\r\n&lt;p&gt;\r\n	&lt;b&gt;Size and weight&lt;/b&gt;&lt;br&gt;\r\n	30-inch Apple Cinema HD Display&lt;/p&gt;\r\n&lt;ul&gt;\r\n	&lt;li&gt;\r\n		Height: 21.3 inches (54.3 cm)&lt;/li&gt;\r\n	&lt;li&gt;\r\n		Width: 27.2 inches (68.8 cm)&lt;/li&gt;\r\n	&lt;li&gt;\r\n		Depth: 8.46 inches (21.5 cm)&lt;/li&gt;\r\n	&lt;li&gt;\r\n		Weight: 27.5 pounds (12.5 kg)&lt;/li&gt;\r\n&lt;/ul&gt;\r\n&lt;p&gt;\r\n	&lt;b&gt;System Requirements&lt;/b&gt;&lt;/p&gt;\r\n&lt;ul&gt;\r\n	&lt;li&gt;\r\n		Mac Pro, all graphic options&lt;/li&gt;\r\n	&lt;li&gt;\r\n		MacBook Pro&lt;/li&gt;\r\n	&lt;li&gt;\r\n		Power Mac G5 (PCI-X) with ATI Radeon 9650 or better or NVIDIA GeForce 6800 GT DDL or better&lt;/li&gt;\r\n	&lt;li&gt;\r\n		Power Mac G5 (PCI Express), all graphics options&lt;/li&gt;\r\n	&lt;li&gt;\r\n		PowerBook G4 with dual-link DVI support&lt;/li&gt;\r\n	&lt;li&gt;\r\n		Windows PC and graphics card that supports DVI ports with dual-link digital bandwidth and VESA DDC standard for plug-and-play setup&lt;/li&gt;\r\n&lt;/ul&gt;\r\n', 'tag1, tag2', 'Lámpara Colgante Louis Poulsen MOSER Aluminio', '', ''),
(52, 1, 'Concord Fabric Single Sofa Bedtempus quam at velit', '&lt;p&gt;\r\n	Stop your co-workers in their tracks with the stunning new 30-inch diagonal HP LP3065 Flat Panel Monitor. This flagship monitor features best-in-class performance and presentation features on a huge wide-aspect screen while letting you work as comfortably as possible - you might even forget you&amp;#39;re at the office&lt;/p&gt;\r\n', 'tag1, tag2', 'Concord Fabric Single Sofa Bedtempus quam at velit', '', ''),
(54, 2, 'Carl Hansen CH07 ShellLounge Chairvel accumsan lectus', '&lt;div&gt;\r\n	Just when you thought iMac had everything, now there´s even more. More powerful Intel Core 2 Duo processors. And more memory standard. Combine this with Mac OS X Leopard and iLife ´08, and it´s more all-in-one than ever. iMac packs amazing performance into a stunningly slim space.&lt;/div&gt;\r\n', 'tag1, tag2', 'Carl Hansen CH07 ShellLounge Chairvel accumsan lectus', '', ''),
(55, 1, 'Futon: Amazing Small Apartment Integer at convallis purus', '&lt;p class=&quot;intro&quot;&gt;\r\n	iPhone is a revolutionary new mobile phone that allows you to make a call by simply tapping a name or number in your address book, a favorites list, or a call log. It also automatically syncs all your contacts from a PC, Mac, or Internet service. And it lets you select and listen to voicemail messages in whatever order you want just like email.&lt;/p&gt;\r\n', 'tag1, tag2', 'Futon: Amazing Small Apartment Integer at convallis purus', '', ''),
(57, 1, 'New Interior Paint: Swiss Coffee Aliquam eget risus metus', '&lt;div&gt;\r\n	&lt;p&gt;\r\n		&lt;strong&gt;Video in your pocket.&lt;/strong&gt;&lt;/p&gt;\r\n	&lt;p&gt;\r\n		Its the small iPod with one very big idea: video. The worlds most popular music player now lets you enjoy movies, TV shows, and more on a two-inch display thats 65% brighter than before.&lt;/p&gt;\r\n	&lt;p&gt;\r\n		&lt;strong&gt;Cover Flow.&lt;/strong&gt;&lt;/p&gt;\r\n	&lt;p&gt;\r\n		Browse through your music collection by flipping through album art. Select an album to turn it over and see the track list.&lt;strong&gt;&amp;nbsp;&lt;/strong&gt;&lt;/p&gt;\r\n	&lt;p&gt;\r\n		&lt;strong&gt;Enhanced interface.&lt;/strong&gt;&lt;/p&gt;\r\n	&lt;p&gt;\r\n		Experience a whole new way to browse and view your music and video.&lt;/p&gt;\r\n	&lt;p&gt;\r\n		&lt;strong&gt;Sleek and colorful.&lt;/strong&gt;&lt;/p&gt;\r\n	&lt;p&gt;\r\n		With an anodized aluminum and polished stainless steel enclosure and a choice of five colors, iPod nano is dressed to impress.&lt;/p&gt;\r\n	&lt;p&gt;\r\n		&lt;strong&gt;iTunes.&lt;/strong&gt;&lt;/p&gt;\r\n	&lt;p&gt;\r\n		Available as a free download, iTunes makes it easy to browse and buy millions of songs, movies, TV shows, audiobooks, and games and download free podcasts all at the iTunes Store. And you can import your own music, manage your whole media library, and sync your iPod or iPhone with ease.&lt;/p&gt;\r\n&lt;/div&gt;\r\n', 'tag1, tag2', 'New Interior Paint: Swiss Coffee Aliquam eget risus metus', '', ''),
(58, 1, 'Country Squire Florist: Louisville Florists convallis purus', '&lt;div&gt;\r\n	&lt;strong&gt;Born to be worn.&lt;/strong&gt;\r\n	&lt;p&gt;\r\n		Clip on the worlds most wearable music player and take up to 240 songs with you anywhere. Choose from five colors including four new hues to make your musical fashion statement.&lt;/p&gt;\r\n	&lt;p&gt;\r\n		&lt;strong&gt;Random meets rhythm.&lt;/strong&gt;&lt;/p&gt;\r\n	&lt;p&gt;\r\n		With iTunes autofill, iPod shuffle can deliver a new musical experience every time you sync. For more randomness, you can shuffle songs during playback with the slide of a switch.&lt;/p&gt;\r\n	&lt;strong&gt;Everything is easy.&lt;/strong&gt;\r\n	&lt;p&gt;\r\n		Charge and sync with the included USB dock. Operate the iPod shuffle controls with one hand. Enjoy up to 12 hours straight of skip-free music playback.&lt;/p&gt;\r\n&lt;/div&gt;\r\n', 'tag1, tag2', 'Country Squire Florist: Louisville Florists convallis purus', '', ''),
(59, 2, 'Uashmama Paper Bags dui eleifend bibendum volutpat', '&lt;p&gt;\r\n	&lt;strong&gt;Revolutionary multi-touch interface.&lt;/strong&gt;&lt;br /&gt;\r\n	iPod touch features the same multi-touch screen technology as iPhone. Pinch to zoom in on a photo. Scroll through your songs and videos with a flick. Flip through your library by album artwork with Cover Flow.&lt;/p&gt;\r\n&lt;p&gt;\r\n	&lt;strong&gt;Gorgeous 3.5-inch widescreen display.&lt;/strong&gt;&lt;br /&gt;\r\n	Watch your movies, TV shows, and photos come alive with bright, vivid color on the 320-by-480-pixel display.&lt;/p&gt;\r\n&lt;p&gt;\r\n	&lt;strong&gt;Music downloads straight from iTunes.&lt;/strong&gt;&lt;br /&gt;\r\n	Shop the iTunes Wi-Fi Music Store from anywhere with Wi-Fi.1 Browse or search to find the music youre looking for, preview it, and buy it with just a tap.&lt;/p&gt;\r\n&lt;p&gt;\r\n	&lt;strong&gt;Surf the web with Wi-Fi.&lt;/strong&gt;&lt;br /&gt;\r\n	Browse the web using Safari and watch YouTube videos on the first iPod with Wi-Fi built in&lt;br /&gt;\r\n	&amp;nbsp;&lt;/p&gt;\r\n', 'tag1, tag2', 'Uashmama Paper Bags dui eleifend bibendum volutpat', '', ''),
(60, 2, 'Uashmama Paper Bags 2 morbi tristique senectus et', '&lt;div&gt;\r\n	&lt;p&gt;\r\n		&lt;b&gt;Intel Core 2 Duo processor&lt;/b&gt;&lt;/p&gt;\r\n	&lt;p&gt;\r\n		Powered by an Intel Core 2 Duo processor at speeds up to 2.16GHz, the new MacBook is the fastest ever.&lt;/p&gt;\r\n	&lt;p&gt;\r\n		&lt;b&gt;1GB memory, larger hard drives&lt;/b&gt;&lt;/p&gt;\r\n	&lt;p&gt;\r\n		The new MacBook now comes with 1GB of memory standard and larger hard drives for the entire line perfect for running more of your favorite applications and storing growing media collections.&lt;/p&gt;\r\n	&lt;p&gt;\r\n		&lt;b&gt;Sleek, 1.08-inch-thin design&lt;/b&gt;&lt;/p&gt;\r\n	&lt;p&gt;\r\n		MacBook makes it easy to hit the road thanks to its tough polycarbonate case, built-in wireless technologies, and innovative MagSafe Power Adapter that releases automatically if someone accidentally trips on the cord.&lt;/p&gt;\r\n	&lt;p&gt;\r\n		&lt;b&gt;Built-in iSight camera&lt;/b&gt;&lt;/p&gt;\r\n	&lt;p&gt;\r\n		Right out of the box, you can have a video chat with friends or family,2 record a video at your desk, or take fun pictures with Photo Booth&lt;/p&gt;\r\n&lt;/div&gt;\r\n', 'tag1, tag2', 'Uashmama Paper Bags 2 morbi tristique senectus et', '', ''),
(71, 1, 'Robert Welch Knife Block libero nunc scelerisque dui', '&lt;p&gt;\r\n	Canon\'s press material for the EOS 5D states that it \'defines (a) new D-SLR category\', while we\'re not typically too concerned with marketing talk this particular statement is clearly pretty accurate. The EOS 5D is unlike any previous digital SLR in that it combines a full-frame (35 mm sized) high resolution sensor (12.8 megapixels) with a relatively compact body (slightly larger than the EOS 20D, although in your hand it feels noticeably \'chunkier\'). The EOS 5D is aimed to slot in between the EOS 20D and the EOS-1D professional digital SLR\'s, an important difference when compared to the latter is that the EOS 5D doesn\'t have any environmental seals. While Canon don\'t specifically refer to the EOS 5D as a \'professional\' digital SLR it will have obvious appeal to professionals who want a high quality digital SLR in a body lighter than the EOS-1D. It will also no doubt appeal to current EOS 20D owners (although lets hope they\'ve not bought too many EF-S lenses...) äë&lt;/p&gt;\r\n', 'tag1, tag2', 'Robert Welch Knife Block libero nunc scelerisque dui', '', ''),
(74, 2, 'Puoly aliquet justoBark Eames Style Molded Plastic', '&lt;p&gt;\r\n	Stop your co-workers in their tracks with the stunning new 30-inch diagonal HP LP3065 Flat Panel Monitor. This flagship monitor features best-in-class performance and presentation features on a huge wide-aspect screen while letting you work as comfortably as possible - you might even forget you&amp;#39;re at the office&lt;/p&gt;\r\n', 'tag1, tag2', 'Puoly aliquet justoBark Eames Style Molded Plastic', '', ''),
(75, 2, 'Pvoly and Bark Eames Style Molded Plastic', '&lt;p&gt;\r\n	HTC Touch - in High Definition. Watch music videos and streaming content in awe-inspiring high definition clarity for a mobile experience you never thought possible. Seductively sleek, the HTC Touch HD provides the next generation of mobile functionality, all at a simple touch. Fully integrated with Windows Mobile Professional 6.1, ultrafast 3.5G, GPS, 5MP camera, plus lots more - all delivered on a breathtakingly crisp 3.8&amp;quot; WVGA touchscreen - you can take control of your mobile world with the HTC Touch HD.&lt;/p&gt;\r\n&lt;p&gt;\r\n	&lt;strong&gt;Features&lt;/strong&gt;&lt;/p&gt;\r\n&lt;ul&gt;\r\n	&lt;li&gt;\r\n		Processor Qualcomm&amp;reg; MSM 7201A&amp;trade; 528 MHz&lt;/li&gt;\r\n	&lt;li&gt;\r\n		Windows Mobile&amp;reg; 6.1 Professional Operating System&lt;/li&gt;\r\n	&lt;li&gt;\r\n		Memory: 512 MB ROM, 288 MB RAM&lt;/li&gt;\r\n	&lt;li&gt;\r\n		Dimensions: 115 mm x 62.8 mm x 12 mm / 146.4 grams&lt;/li&gt;\r\n	&lt;li&gt;\r\n		3.8-inch TFT-LCD flat touch-sensitive screen with 480 x 800 WVGA resolution&lt;/li&gt;\r\n	&lt;li&gt;\r\n		HSDPA/WCDMA: Europe/Asia: 900/2100 MHz; Up to 2 Mbps up-link and 7.2 Mbps down-link speeds&lt;/li&gt;\r\n	&lt;li&gt;\r\n		Quad-band GSM/GPRS/EDGE: Europe/Asia: 850/900/1800/1900 MHz (Band frequency, HSUPA availability, and data speed are operator dependent.)&lt;/li&gt;\r\n	&lt;li&gt;\r\n		Device Control via HTC TouchFLO&amp;trade; 3D &amp;amp; Touch-sensitive front panel buttons&lt;/li&gt;\r\n	&lt;li&gt;\r\n		GPS and A-GPS ready&lt;/li&gt;\r\n	&lt;li&gt;\r\n		Bluetooth&amp;reg; 2.0 with Enhanced Data Rate and A2DP for wireless stereo headsets&lt;/li&gt;\r\n	&lt;li&gt;\r\n		Wi-Fi&amp;reg;: IEEE 802.11 b/g&lt;/li&gt;\r\n	&lt;li&gt;\r\n		HTC ExtUSB&amp;trade; (11-pin mini-USB 2.0)&lt;/li&gt;\r\n	&lt;li&gt;\r\n		5 megapixel color camera with auto focus&lt;/li&gt;\r\n	&lt;li&gt;\r\n		VGA CMOS color camera&lt;/li&gt;\r\n	&lt;li&gt;\r\n		Built-in 3.5 mm audio jack, microphone, speaker, and FM radio&lt;/li&gt;\r\n	&lt;li&gt;\r\n		Ring tone formats: AAC, AAC+, eAAC+, AMR-NB, AMR-WB, QCP, MP3, WMA, WAV&lt;/li&gt;\r\n	&lt;li&gt;\r\n		40 polyphonic and standard MIDI format 0 and 1 (SMF)/SP MIDI&lt;/li&gt;\r\n	&lt;li&gt;\r\n		Rechargeable Lithium-ion or Lithium-ion polymer 1350 mAh battery&lt;/li&gt;\r\n	&lt;li&gt;\r\n		Expansion Slot: microSD&amp;trade; memory card (SD 2.0 compatible)&lt;/li&gt;\r\n	&lt;li&gt;\r\n		AC Adapter Voltage range/frequency: 100 ~ 240V AC, 50/60 Hz DC output: 5V and 1A&lt;/li&gt;\r\n	&lt;li&gt;\r\n		Special Features: FM Radio, G-Sensor&lt;/li&gt;\r\n&lt;/ul&gt;\r\n', 'tag1, tag2', 'Pvoly and Bark Eames Style Molded Plastic', '', ''),
(78, 1, 'Pyoly and Bark Eames Style Molded Plastic', '&lt;div&gt;\r\n	Just when you thought iMac had everything, now there´s even more. More powerful Intel Core 2 Duo processors. And more memory standard. Combine this with Mac OS X Leopard and iLife ´08, and it´s more all-in-one than ever. iMac packs amazing performance into a stunningly slim space.&lt;/div&gt;\r\n', 'tag1, tag2', 'Pyoly and Bark Eames Style Molded Plastic', '', ''),
(82, 2, 'Egyptian Stool Carl Hansen Sedtristique pellentesque nisi', '&lt;div class=&quot;cpt_product_description &quot;&gt;\r\n	&lt;div&gt;\r\n		&lt;p&gt;\r\n			&lt;strong&gt;More room to move.&lt;/strong&gt;&lt;/p&gt;\r\n		&lt;p&gt;\r\n			With 80GB or 160GB of storage and up to 40 hours of battery life, the new iPod classic lets you enjoy up to 40,000 songs or up to 200 hours of video or any combination wherever you go.&lt;/p&gt;\r\n		&lt;p&gt;\r\n			&lt;strong&gt;Cover Flow.&lt;/strong&gt;&lt;/p&gt;\r\n		&lt;p&gt;\r\n			Browse through your music collection by flipping through album art. Select an album to turn it over and see the track list.&lt;/p&gt;\r\n		&lt;p&gt;\r\n			&lt;strong&gt;Enhanced interface.&lt;/strong&gt;&lt;/p&gt;\r\n		&lt;p&gt;\r\n			Experience a whole new way to browse and view your music and video.&lt;/p&gt;\r\n		&lt;p&gt;\r\n			&lt;strong&gt;Sleeker design.&lt;/strong&gt;&lt;/p&gt;\r\n		&lt;p&gt;\r\n			Beautiful, durable, and sleeker than ever, iPod classic now features an anodized aluminum and polished stainless steel enclosure with rounded edges.&lt;/p&gt;\r\n	&lt;/div&gt;\r\n&lt;/div&gt;\r\n&lt;!-- cpt_container_end --&gt;', 'tag1, tag2', 'Egyptian Stool Carl Hansen Sedtristique pellentesque nisi', '', ''),
(83, 1, 'Minimalistic Wall Clock dui eleifend bibendum volutpat', '&lt;div&gt;\r\n	&lt;p&gt;\r\n		&lt;strong&gt;Video in your pocket.&lt;/strong&gt;&lt;/p&gt;\r\n	&lt;p&gt;\r\n		Its the small iPod with one very big idea: video. The worlds most popular music player now lets you enjoy movies, TV shows, and more on a two-inch display thats 65% brighter than before.&lt;/p&gt;\r\n	&lt;p&gt;\r\n		&lt;strong&gt;Cover Flow.&lt;/strong&gt;&lt;/p&gt;\r\n	&lt;p&gt;\r\n		Browse through your music collection by flipping through album art. Select an album to turn it over and see the track list.&lt;strong&gt;&amp;nbsp;&lt;/strong&gt;&lt;/p&gt;\r\n	&lt;p&gt;\r\n		&lt;strong&gt;Enhanced interface.&lt;/strong&gt;&lt;/p&gt;\r\n	&lt;p&gt;\r\n		Experience a whole new way to browse and view your music and video.&lt;/p&gt;\r\n	&lt;p&gt;\r\n		&lt;strong&gt;Sleek and colorful.&lt;/strong&gt;&lt;/p&gt;\r\n	&lt;p&gt;\r\n		With an anodized aluminum and polished stainless steel enclosure and a choice of five colors, iPod nano is dressed to impress.&lt;/p&gt;\r\n	&lt;p&gt;\r\n		&lt;strong&gt;iTunes.&lt;/strong&gt;&lt;/p&gt;\r\n	&lt;p&gt;\r\n		Available as a free download, iTunes makes it easy to browse and buy millions of songs, movies, TV shows, audiobooks, and games and download free podcasts all at the iTunes Store. And you can import your own music, manage your whole media library, and sync your iPod or iPhone with ease.&lt;/p&gt;\r\n&lt;/div&gt;\r\n', 'tag1, tag2', 'Minimalistic Wall Clock dui eleifend bibendum volutpat', '', ''),
(29, 2, 'Poly and Bark Vortex Side Chair, Yellow', '&lt;p&gt;\r\n	Redefine your workday with the Palm Treo Pro smartphone. Perfectly balanced, you can respond to business and personal email, stay on top of appointments and contacts, and use Wi-Fi or GPS when you&amp;rsquo;re out and about. Then watch a video on YouTube, catch up with news and sports on the web, or listen to a few songs. Balance your work and play the way you like it, with the Palm Treo Pro.&lt;/p&gt;\r\n&lt;p&gt;\r\n	&lt;strong&gt;Features&lt;/strong&gt;&lt;/p&gt;\r\n&lt;ul&gt;\r\n	&lt;li&gt;\r\n		Windows Mobile&amp;reg; 6.1 Professional Edition&lt;/li&gt;\r\n	&lt;li&gt;\r\n		Qualcomm&amp;reg; MSM7201 400MHz Processor&lt;/li&gt;\r\n	&lt;li&gt;\r\n		320x320 transflective colour TFT touchscreen&lt;/li&gt;\r\n	&lt;li&gt;\r\n		HSDPA/UMTS/EDGE/GPRS/GSM radio&lt;/li&gt;\r\n	&lt;li&gt;\r\n		Tri-band UMTS &amp;mdash; 850MHz, 1900MHz, 2100MHz&lt;/li&gt;\r\n	&lt;li&gt;\r\n		Quad-band GSM &amp;mdash; 850/900/1800/1900&lt;/li&gt;\r\n	&lt;li&gt;\r\n		802.11b/g with WPA, WPA2, and 801.1x authentication&lt;/li&gt;\r\n	&lt;li&gt;\r\n		Built-in GPS&lt;/li&gt;\r\n	&lt;li&gt;\r\n		Bluetooth Version: 2.0 + Enhanced Data Rate&lt;/li&gt;\r\n	&lt;li&gt;\r\n		256MB storage (100MB user available), 128MB RAM&lt;/li&gt;\r\n	&lt;li&gt;\r\n		2.0 megapixel camera, up to 8x digital zoom and video capture&lt;/li&gt;\r\n	&lt;li&gt;\r\n		Removable, rechargeable 1500mAh lithium-ion battery&lt;/li&gt;\r\n	&lt;li&gt;\r\n		Up to 5.0 hours talk time and up to 250 hours standby&lt;/li&gt;\r\n	&lt;li&gt;\r\n		MicroSDHC card expansion (up to 32GB supported)&lt;/li&gt;\r\n	&lt;li&gt;\r\n		MicroUSB 2.0 for synchronization and charging&lt;/li&gt;\r\n	&lt;li&gt;\r\n		3.5mm stereo headset jack&lt;/li&gt;\r\n	&lt;li&gt;\r\n		60mm (W) x 114mm (L) x 13.5mm (D) / 133g&lt;/li&gt;\r\n&lt;/ul&gt;\r\n', 'tag1, tag2', 'Poly and Bark Vortex Side Chair, Yellow', '', ''),
(69, 2, 'Terra Xpress HE Cooking Pot Nam rutrum ultrices sapien', '&lt;p&gt;\r\n	&lt;font face=&quot;helvetica,geneva,arial&quot; size=&quot;2&quot;&gt;&lt;font face=&quot;Helvetica&quot; size=&quot;2&quot;&gt;The 30-inch Apple Cinema HD Display delivers an amazing 2560 x 1600 pixel resolution. Designed specifically for the creative professional, this display provides more space for easier access to all the tools and palettes needed to edit, format and composite your work. Combine this display with a Mac Pro, MacBook Pro, or PowerMac G5 and there\'s no limit to what you can achieve. &lt;br&gt;\r\n	&lt;br&gt;\r\n	&lt;/font&gt;&lt;font face=&quot;Helvetica&quot; size=&quot;2&quot;&gt;The Cinema HD features an active-matrix liquid crystal display that produces flicker-free images that deliver twice the brightness, twice the sharpness and twice the contrast ratio of a typical CRT display. Unlike other flat panels, it\'s designed with a pure digital interface to deliver distortion-free images that never need adjusting. With over 4 million digital pixels, the display is uniquely suited for scientific and technical applications such as visualizing molecular structures or analyzing geological data. &lt;br&gt;\r\n	&lt;br&gt;\r\n	&lt;/font&gt;&lt;font face=&quot;Helvetica&quot; size=&quot;2&quot;&gt;Offering accurate, brilliant color performance, the Cinema HD delivers up to 16.7 million colors across a wide gamut allowing you to see subtle nuances between colors from soft pastels to rich jewel tones. A wide viewing angle ensures uniform color from edge to edge. Apple\'s ColorSync technology allows you to create custom profiles to maintain consistent color onscreen and in print. The result: You can confidently use this display in all your color-critical applications. &lt;br&gt;\r\n	&lt;br&gt;\r\n	&lt;/font&gt;&lt;font face=&quot;Helvetica&quot; size=&quot;2&quot;&gt;Housed in a new aluminum design, the display has a very thin bezel that enhances visual accuracy. Each display features two FireWire 400 ports and two USB 2.0 ports, making attachment of desktop peripherals, such as iSight, iPod, digital and still cameras, hard drives, printers and scanners, even more accessible and convenient. Taking advantage of the much thinner and lighter footprint of an LCD, the new displays support the VESA (Video Electronics Standards Association) mounting interface standard. Customers with the optional Cinema Display VESA Mount Adapter kit gain the flexibility to mount their display in locations most appropriate for their work environment. &lt;br&gt;\r\n	&lt;br&gt;\r\n	&lt;/font&gt;&lt;font face=&quot;Helvetica&quot; size=&quot;2&quot;&gt;The Cinema HD features a single cable design with elegant breakout for the USB 2.0, FireWire 400 and a pure digital connection using the industry standard Digital Video Interface (DVI) interface. The DVI connection allows for a direct pure-digital connection.&lt;br&gt;\r\n	&lt;/font&gt;&lt;/font&gt;&lt;/p&gt;\r\n&lt;h3&gt;\r\n	Features:&lt;/h3&gt;\r\n&lt;p&gt;\r\n	Unrivaled display performance&lt;/p&gt;\r\n&lt;ul&gt;\r\n	&lt;li&gt;\r\n		30-inch (viewable) active-matrix liquid crystal display provides breathtaking image quality and vivid, richly saturated color.&lt;/li&gt;\r\n	&lt;li&gt;\r\n		Support for 2560-by-1600 pixel resolution for display of high definition still and video imagery.&lt;/li&gt;\r\n	&lt;li&gt;\r\n		Wide-format design for simultaneous display of two full pages of text and graphics.&lt;/li&gt;\r\n	&lt;li&gt;\r\n		Industry standard DVI connector for direct attachment to Mac- and Windows-based desktops and notebooks&lt;/li&gt;\r\n	&lt;li&gt;\r\n		Incredibly wide (170 degree) horizontal and vertical viewing angle for maximum visibility and color performance.&lt;/li&gt;\r\n	&lt;li&gt;\r\n		Lightning-fast pixel response for full-motion digital video playback.&lt;/li&gt;\r\n	&lt;li&gt;\r\n		Support for 16.7 million saturated colors, for use in all graphics-intensive applications.&lt;/li&gt;\r\n&lt;/ul&gt;\r\n&lt;p&gt;\r\n	Simple setup and operation&lt;/p&gt;\r\n&lt;ul&gt;\r\n	&lt;li&gt;\r\n		Single cable with elegant breakout for connection to DVI, USB and FireWire ports&lt;/li&gt;\r\n	&lt;li&gt;\r\n		Built-in two-port USB 2.0 hub for easy connection of desktop peripheral devices.&lt;/li&gt;\r\n	&lt;li&gt;\r\n		Two FireWire 400 ports to support iSight and other desktop peripherals&lt;/li&gt;\r\n&lt;/ul&gt;\r\n&lt;p&gt;\r\n	Sleek, elegant design&lt;/p&gt;\r\n&lt;ul&gt;\r\n	&lt;li&gt;\r\n		Huge virtual workspace, very small footprint.&lt;/li&gt;\r\n	&lt;li&gt;\r\n		Narrow Bezel design to minimize visual impact of using dual displays&lt;/li&gt;\r\n	&lt;li&gt;\r\n		Unique hinge design for effortless adjustment&lt;/li&gt;\r\n	&lt;li&gt;\r\n		Support for VESA mounting solutions (Apple Cinema Display VESA Mount Adapter sold separately)&lt;/li&gt;\r\n&lt;/ul&gt;\r\n&lt;h3&gt;\r\n	Technical specifications&lt;/h3&gt;\r\n&lt;p&gt;\r\n	&lt;b&gt;Screen size (diagonal viewable image size)&lt;/b&gt;&lt;/p&gt;\r\n&lt;ul&gt;\r\n	&lt;li&gt;\r\n		Apple Cinema HD Display: 30 inches (29.7-inch viewable)&lt;/li&gt;\r\n&lt;/ul&gt;\r\n&lt;p&gt;\r\n	&lt;b&gt;Screen type&lt;/b&gt;&lt;/p&gt;\r\n&lt;ul&gt;\r\n	&lt;li&gt;\r\n		Thin film transistor (TFT) active-matrix liquid crystal display (AMLCD)&lt;/li&gt;\r\n&lt;/ul&gt;\r\n&lt;p&gt;\r\n	&lt;b&gt;Resolutions&lt;/b&gt;&lt;/p&gt;\r\n&lt;ul&gt;\r\n	&lt;li&gt;\r\n		2560 x 1600 pixels (optimum resolution)&lt;/li&gt;\r\n	&lt;li&gt;\r\n		2048 x 1280&lt;/li&gt;\r\n	&lt;li&gt;\r\n		1920 x 1200&lt;/li&gt;\r\n	&lt;li&gt;\r\n		1280 x 800&lt;/li&gt;\r\n	&lt;li&gt;\r\n		1024 x 640&lt;/li&gt;\r\n&lt;/ul&gt;\r\n&lt;p&gt;\r\n	&lt;b&gt;Display colors (maximum)&lt;/b&gt;&lt;/p&gt;\r\n&lt;ul&gt;\r\n	&lt;li&gt;\r\n		16.7 million&lt;/li&gt;\r\n&lt;/ul&gt;\r\n&lt;p&gt;\r\n	&lt;b&gt;Viewing angle (typical)&lt;/b&gt;&lt;/p&gt;\r\n&lt;ul&gt;\r\n	&lt;li&gt;\r\n		170° horizontal; 170° vertical&lt;/li&gt;\r\n&lt;/ul&gt;\r\n&lt;p&gt;\r\n	&lt;b&gt;Brightness (typical)&lt;/b&gt;&lt;/p&gt;\r\n&lt;ul&gt;\r\n	&lt;li&gt;\r\n		30-inch Cinema HD Display: 400 cd/m2&lt;/li&gt;\r\n&lt;/ul&gt;\r\n&lt;p&gt;\r\n	&lt;b&gt;Contrast ratio (typical)&lt;/b&gt;&lt;/p&gt;\r\n&lt;ul&gt;\r\n	&lt;li&gt;\r\n		700:1&lt;/li&gt;\r\n&lt;/ul&gt;\r\n&lt;p&gt;\r\n	&lt;b&gt;Response time (typical)&lt;/b&gt;&lt;/p&gt;\r\n&lt;ul&gt;\r\n	&lt;li&gt;\r\n		16 ms&lt;/li&gt;\r\n&lt;/ul&gt;\r\n&lt;p&gt;\r\n	&lt;b&gt;Pixel pitch&lt;/b&gt;&lt;/p&gt;\r\n&lt;ul&gt;\r\n	&lt;li&gt;\r\n		30-inch Cinema HD Display: 0.250 mm&lt;/li&gt;\r\n&lt;/ul&gt;\r\n&lt;p&gt;\r\n	&lt;b&gt;Screen treatment&lt;/b&gt;&lt;/p&gt;\r\n&lt;ul&gt;\r\n	&lt;li&gt;\r\n		Antiglare hardcoat&lt;/li&gt;\r\n&lt;/ul&gt;\r\n&lt;p&gt;\r\n	&lt;b&gt;User controls (hardware and software)&lt;/b&gt;&lt;/p&gt;\r\n&lt;ul&gt;\r\n	&lt;li&gt;\r\n		Display Power,&lt;/li&gt;\r\n	&lt;li&gt;\r\n		System sleep, wake&lt;/li&gt;\r\n	&lt;li&gt;\r\n		Brightness&lt;/li&gt;\r\n	&lt;li&gt;\r\n		Monitor tilt&lt;/li&gt;\r\n&lt;/ul&gt;\r\n&lt;p&gt;\r\n	&lt;b&gt;Connectors and cables&lt;/b&gt;&lt;br&gt;\r\n	Cable&lt;/p&gt;\r\n&lt;ul&gt;\r\n	&lt;li&gt;\r\n		DVI (Digital Visual Interface)&lt;/li&gt;\r\n	&lt;li&gt;\r\n		FireWire 400&lt;/li&gt;\r\n	&lt;li&gt;\r\n		USB 2.0&lt;/li&gt;\r\n	&lt;li&gt;\r\n		DC power (24 V)&lt;/li&gt;\r\n&lt;/ul&gt;\r\n&lt;p&gt;\r\n	Connectors&lt;/p&gt;\r\n&lt;ul&gt;\r\n	&lt;li&gt;\r\n		Two-port, self-powered USB 2.0 hub&lt;/li&gt;\r\n	&lt;li&gt;\r\n		Two FireWire 400 ports&lt;/li&gt;\r\n	&lt;li&gt;\r\n		Kensington security port&lt;/li&gt;\r\n&lt;/ul&gt;\r\n&lt;p&gt;\r\n	&lt;b&gt;VESA mount adapter&lt;/b&gt;&lt;br&gt;\r\n	Requires optional Cinema Display VESA Mount Adapter (M9649G/A)&lt;/p&gt;\r\n&lt;ul&gt;\r\n	&lt;li&gt;\r\n		Compatible with VESA FDMI (MIS-D, 100, C) compliant mounting solutions&lt;/li&gt;\r\n&lt;/ul&gt;\r\n&lt;p&gt;\r\n	&lt;b&gt;Electrical requirements&lt;/b&gt;&lt;/p&gt;\r\n&lt;ul&gt;\r\n	&lt;li&gt;\r\n		Input voltage: 100-240 VAC 50-60Hz&lt;/li&gt;\r\n	&lt;li&gt;\r\n		Maximum power when operating: 150W&lt;/li&gt;\r\n	&lt;li&gt;\r\n		Energy saver mode: 3W or less&lt;/li&gt;\r\n&lt;/ul&gt;\r\n&lt;p&gt;\r\n	&lt;b&gt;Environmental requirements&lt;/b&gt;&lt;/p&gt;\r\n&lt;ul&gt;\r\n	&lt;li&gt;\r\n		Operating temperature: 50° to 95° F (10° to 35° C)&lt;/li&gt;\r\n	&lt;li&gt;\r\n		Storage temperature: -40° to 116° F (-40° to 47° C)&lt;/li&gt;\r\n	&lt;li&gt;\r\n		Operating humidity: 20% to 80% noncondensing&lt;/li&gt;\r\n	&lt;li&gt;\r\n		Maximum operating altitude: 10,000 feet&lt;/li&gt;\r\n&lt;/ul&gt;\r\n&lt;p&gt;\r\n	&lt;b&gt;Agency approvals&lt;/b&gt;&lt;/p&gt;\r\n&lt;ul&gt;\r\n	&lt;li&gt;\r\n		FCC Part 15 Class B&lt;/li&gt;\r\n	&lt;li&gt;\r\n		EN55022 Class B&lt;/li&gt;\r\n	&lt;li&gt;\r\n		EN55024&lt;/li&gt;\r\n	&lt;li&gt;\r\n		VCCI Class B&lt;/li&gt;\r\n	&lt;li&gt;\r\n		AS/NZS 3548 Class B&lt;/li&gt;\r\n	&lt;li&gt;\r\n		CNS 13438 Class B&lt;/li&gt;\r\n	&lt;li&gt;\r\n		ICES-003 Class B&lt;/li&gt;\r\n	&lt;li&gt;\r\n		ISO 13406 part 2&lt;/li&gt;\r\n	&lt;li&gt;\r\n		MPR II&lt;/li&gt;\r\n	&lt;li&gt;\r\n		IEC 60950&lt;/li&gt;\r\n	&lt;li&gt;\r\n		UL 60950&lt;/li&gt;\r\n	&lt;li&gt;\r\n		CSA 60950&lt;/li&gt;\r\n	&lt;li&gt;\r\n		EN60950&lt;/li&gt;\r\n	&lt;li&gt;\r\n		ENERGY STAR&lt;/li&gt;\r\n	&lt;li&gt;\r\n		TCO \'03&lt;/li&gt;\r\n&lt;/ul&gt;\r\n&lt;p&gt;\r\n	&lt;b&gt;Size and weight&lt;/b&gt;&lt;br&gt;\r\n	30-inch Apple Cinema HD Display&lt;/p&gt;\r\n&lt;ul&gt;\r\n	&lt;li&gt;\r\n		Height: 21.3 inches (54.3 cm)&lt;/li&gt;\r\n	&lt;li&gt;\r\n		Width: 27.2 inches (68.8 cm)&lt;/li&gt;\r\n	&lt;li&gt;\r\n		Depth: 8.46 inches (21.5 cm)&lt;/li&gt;\r\n	&lt;li&gt;\r\n		Weight: 27.5 pounds (12.5 kg)&lt;/li&gt;\r\n&lt;/ul&gt;\r\n&lt;p&gt;\r\n	&lt;b&gt;System Requirements&lt;/b&gt;&lt;/p&gt;\r\n&lt;ul&gt;\r\n	&lt;li&gt;\r\n		Mac Pro, all graphic options&lt;/li&gt;\r\n	&lt;li&gt;\r\n		MacBook Pro&lt;/li&gt;\r\n	&lt;li&gt;\r\n		Power Mac G5 (PCI-X) with ATI Radeon 9650 or better or NVIDIA GeForce 6800 GT DDL or better&lt;/li&gt;\r\n	&lt;li&gt;\r\n		Power Mac G5 (PCI Express), all graphics options&lt;/li&gt;\r\n	&lt;li&gt;\r\n		PowerBook G4 with dual-link DVI support&lt;/li&gt;\r\n	&lt;li&gt;\r\n		Windows PC and graphics card that supports DVI ports with dual-link digital bandwidth and VESA DDC standard for plug-and-play setup&lt;/li&gt;\r\n&lt;/ul&gt;\r\n', 'tag1, tag2', 'Terra Xpress HE Cooking Pot Nam rutrum ultrices sapien', '', ''),
(32, 1, 'Epoly and Bark Eames Stylemolded Plastic Sedblandit', '&lt;p&gt;\r\n	&lt;strong&gt;Revolutionary multi-touch interface.&lt;/strong&gt;&lt;br /&gt;\r\n	iPod touch features the same multi-touch screen technology as iPhone. Pinch to zoom in on a photo. Scroll through your songs and videos with a flick. Flip through your library by album artwork with Cover Flow.&lt;/p&gt;\r\n&lt;p&gt;\r\n	&lt;strong&gt;Gorgeous 3.5-inch widescreen display.&lt;/strong&gt;&lt;br /&gt;\r\n	Watch your movies, TV shows, and photos come alive with bright, vivid color on the 320-by-480-pixel display.&lt;/p&gt;\r\n&lt;p&gt;\r\n	&lt;strong&gt;Music downloads straight from iTunes.&lt;/strong&gt;&lt;br /&gt;\r\n	Shop the iTunes Wi-Fi Music Store from anywhere with Wi-Fi.1 Browse or search to find the music youre looking for, preview it, and buy it with just a tap.&lt;/p&gt;\r\n&lt;p&gt;\r\n	&lt;strong&gt;Surf the web with Wi-Fi.&lt;/strong&gt;&lt;br /&gt;\r\n	Browse the web using Safari and watch YouTube videos on the first iPod with Wi-Fi built in&lt;br /&gt;\r\n	&amp;nbsp;&lt;/p&gt;\r\n', 'tag1, tag2', 'Epoly and Bark Eames Stylemolded Plastic Sedblandit', '', ''),
(40, 1, 'Poly and Bark Eames Style Molded Plastic', '&lt;p class=&quot;intro&quot;&gt;\r\n	iPhone is a revolutionary new mobile phone that allows you to make a call by simply tapping a name or number in your address book, a favorites list, or a call log. It also automatically syncs all your contacts from a PC, Mac, or Internet service. And it lets you select and listen to voicemail messages in whatever order you want just like email.&lt;/p&gt;\r\n', 'tag1, tag2', 'Poly and Bark Eames Style Molded Plastic', '', '');
INSERT INTO `oc_product_description` (`product_id`, `language_id`, `name`, `description`, `tag`, `meta_title`, `meta_description`, `meta_keyword`) VALUES
(36, 2, 'Ipoly and Bark Eames Style Molded Plastic', '&lt;div&gt;\r\n	&lt;p&gt;\r\n		&lt;strong&gt;Video in your pocket.&lt;/strong&gt;&lt;/p&gt;\r\n	&lt;p&gt;\r\n		Its the small iPod with one very big idea: video. The worlds most popular music player now lets you enjoy movies, TV shows, and more on a two-inch display thats 65% brighter than before.&lt;/p&gt;\r\n	&lt;p&gt;\r\n		&lt;strong&gt;Cover Flow.&lt;/strong&gt;&lt;/p&gt;\r\n	&lt;p&gt;\r\n		Browse through your music collection by flipping through album art. Select an album to turn it over and see the track list.&lt;strong&gt;&amp;nbsp;&lt;/strong&gt;&lt;/p&gt;\r\n	&lt;p&gt;\r\n		&lt;strong&gt;Enhanced interface.&lt;/strong&gt;&lt;/p&gt;\r\n	&lt;p&gt;\r\n		Experience a whole new way to browse and view your music and video.&lt;/p&gt;\r\n	&lt;p&gt;\r\n		&lt;strong&gt;Sleek and colorful.&lt;/strong&gt;&lt;/p&gt;\r\n	&lt;p&gt;\r\n		With an anodized aluminum and polished stainless steel enclosure and a choice of five colors, iPod nano is dressed to impress.&lt;/p&gt;\r\n	&lt;p&gt;\r\n		&lt;strong&gt;iTunes.&lt;/strong&gt;&lt;/p&gt;\r\n	&lt;p&gt;\r\n		Available as a free download, iTunes makes it easy to browse and buy millions of songs, movies, TV shows, audiobooks, and games and download free podcasts all at the iTunes Store. And you can import your own music, manage your whole media library, and sync your iPod or iPhone with ease.&lt;/p&gt;\r\n&lt;/div&gt;\r\n', 'tag1, tag2', 'Ipoly and Bark Eames Style Molded Plastic', '', ''),
(34, 2, 'Gpoly and Bark Eames Style Molded Plastic', '&lt;div&gt;\r\n	&lt;strong&gt;Born to be worn.&lt;/strong&gt;\r\n	&lt;p&gt;\r\n		Clip on the worlds most wearable music player and take up to 240 songs with you anywhere. Choose from five colors including four new hues to make your musical fashion statement.&lt;/p&gt;\r\n	&lt;p&gt;\r\n		&lt;strong&gt;Random meets rhythm.&lt;/strong&gt;&lt;/p&gt;\r\n	&lt;p&gt;\r\n		With iTunes autofill, iPod shuffle can deliver a new musical experience every time you sync. For more randomness, you can shuffle songs during playback with the slide of a switch.&lt;/p&gt;\r\n	&lt;strong&gt;Everything is easy.&lt;/strong&gt;\r\n	&lt;p&gt;\r\n		Charge and sync with the included USB dock. Operate the iPod shuffle controls with one hand. Enjoy up to 12 hours straight of skip-free music playback.&lt;/p&gt;\r\n&lt;/div&gt;\r\n', 'tag1, tag2', 'Gpoly and Bark Eames Style Molded Plastic', '', ''),
(61, 1, 'Calandiva Wrapped 12cm Pellentesque habitant morbi', '&lt;div&gt;\r\n	MacBook Air is ultrathin, ultraportable, and ultra unlike anything else. But you don&amp;rsquo;t lose inches and pounds overnight. It&amp;rsquo;s the result of rethinking conventions. Of multiple wireless innovations. And of breakthrough design. With MacBook Air, mobile computing suddenly has a new standard.&lt;/div&gt;\r\n', 'tag1, tag2', 'Calandiva Wrapped 12cm Pellentesque habitant morbi', '', ''),
(75, 1, 'Poly and Bark Eames Style Molded Plastic', '&lt;p&gt;\r\n	HTC Touch - in High Definition. Watch music videos and streaming content in awe-inspiring high definition clarity for a mobile experience you never thought possible. Seductively sleek, the HTC Touch HD provides the next generation of mobile functionality, all at a simple touch. Fully integrated with Windows Mobile Professional 6.1, ultrafast 3.5G, GPS, 5MP camera, plus lots more - all delivered on a breathtakingly crisp 3.8&amp;quot; WVGA touchscreen - you can take control of your mobile world with the HTC Touch HD.&lt;/p&gt;\r\n&lt;p&gt;\r\n	&lt;strong&gt;Features&lt;/strong&gt;&lt;/p&gt;\r\n&lt;ul&gt;\r\n	&lt;li&gt;\r\n		Processor Qualcomm&amp;reg; MSM 7201A&amp;trade; 528 MHz&lt;/li&gt;\r\n	&lt;li&gt;\r\n		Windows Mobile&amp;reg; 6.1 Professional Operating System&lt;/li&gt;\r\n	&lt;li&gt;\r\n		Memory: 512 MB ROM, 288 MB RAM&lt;/li&gt;\r\n	&lt;li&gt;\r\n		Dimensions: 115 mm x 62.8 mm x 12 mm / 146.4 grams&lt;/li&gt;\r\n	&lt;li&gt;\r\n		3.8-inch TFT-LCD flat touch-sensitive screen with 480 x 800 WVGA resolution&lt;/li&gt;\r\n	&lt;li&gt;\r\n		HSDPA/WCDMA: Europe/Asia: 900/2100 MHz; Up to 2 Mbps up-link and 7.2 Mbps down-link speeds&lt;/li&gt;\r\n	&lt;li&gt;\r\n		Quad-band GSM/GPRS/EDGE: Europe/Asia: 850/900/1800/1900 MHz (Band frequency, HSUPA availability, and data speed are operator dependent.)&lt;/li&gt;\r\n	&lt;li&gt;\r\n		Device Control via HTC TouchFLO&amp;trade; 3D &amp;amp; Touch-sensitive front panel buttons&lt;/li&gt;\r\n	&lt;li&gt;\r\n		GPS and A-GPS ready&lt;/li&gt;\r\n	&lt;li&gt;\r\n		Bluetooth&amp;reg; 2.0 with Enhanced Data Rate and A2DP for wireless stereo headsets&lt;/li&gt;\r\n	&lt;li&gt;\r\n		Wi-Fi&amp;reg;: IEEE 802.11 b/g&lt;/li&gt;\r\n	&lt;li&gt;\r\n		HTC ExtUSB&amp;trade; (11-pin mini-USB 2.0)&lt;/li&gt;\r\n	&lt;li&gt;\r\n		5 megapixel color camera with auto focus&lt;/li&gt;\r\n	&lt;li&gt;\r\n		VGA CMOS color camera&lt;/li&gt;\r\n	&lt;li&gt;\r\n		Built-in 3.5 mm audio jack, microphone, speaker, and FM radio&lt;/li&gt;\r\n	&lt;li&gt;\r\n		Ring tone formats: AAC, AAC+, eAAC+, AMR-NB, AMR-WB, QCP, MP3, WMA, WAV&lt;/li&gt;\r\n	&lt;li&gt;\r\n		40 polyphonic and standard MIDI format 0 and 1 (SMF)/SP MIDI&lt;/li&gt;\r\n	&lt;li&gt;\r\n		Rechargeable Lithium-ion or Lithium-ion polymer 1350 mAh battery&lt;/li&gt;\r\n	&lt;li&gt;\r\n		Expansion Slot: microSD&amp;trade; memory card (SD 2.0 compatible)&lt;/li&gt;\r\n	&lt;li&gt;\r\n		AC Adapter Voltage range/frequency: 100 ~ 240V AC, 50/60 Hz DC output: 5V and 1A&lt;/li&gt;\r\n	&lt;li&gt;\r\n		Special Features: FM Radio, G-Sensor&lt;/li&gt;\r\n&lt;/ul&gt;\r\n', 'tag1, tag2', 'Poly and Bark Eames Style Molded Plastic', '', ''),
(78, 2, 'Pyoly and Bark Eames Style Molded Plastic', '&lt;div&gt;\r\n	Just when you thought iMac had everything, now there´s even more. More powerful Intel Core 2 Duo processors. And more memory standard. Combine this with Mac OS X Leopard and iLife ´08, and it´s more all-in-one than ever. iMac packs amazing performance into a stunningly slim space.&lt;/div&gt;\r\n', 'tag1, tag2', 'Pyoly and Bark Eames Style Molded Plastic', '', ''),
(35, 1, 'Hpoly and Bark Eames Style Molded Plastic', '&lt;p&gt;\r\n	&lt;strong&gt;Revolutionary multi-touch interface.&lt;/strong&gt;&lt;br /&gt;\r\n	iPod touch features the same multi-touch screen technology as iPhone. Pinch to zoom in on a photo. Scroll through your songs and videos with a flick. Flip through your library by album artwork with Cover Flow.&lt;/p&gt;\r\n&lt;p&gt;\r\n	&lt;strong&gt;Gorgeous 3.5-inch widescreen display.&lt;/strong&gt;&lt;br /&gt;\r\n	Watch your movies, TV shows, and photos come alive with bright, vivid color on the 320-by-480-pixel display.&lt;/p&gt;\r\n&lt;p&gt;\r\n	&lt;strong&gt;Music downloads straight from iTunes.&lt;/strong&gt;&lt;br /&gt;\r\n	Shop the iTunes Wi-Fi Music Store from anywhere with Wi-Fi.1 Browse or search to find the music youre looking for, preview it, and buy it with just a tap.&lt;/p&gt;\r\n&lt;p&gt;\r\n	&lt;strong&gt;Surf the web with Wi-Fi.&lt;/strong&gt;&lt;br /&gt;\r\n	Browse the web using Safari and watch YouTube videos on the first iPod with Wi-Fi built in&lt;br /&gt;\r\n	&amp;nbsp;&lt;/p&gt;\r\n', 'tag1, tag2', 'Hpoly and Bark Eames Style Molded Plastic', '', ''),
(30, 1, 'Poly and Bark Vortex Side Chair, Blue', '&lt;p&gt;\r\n	Canon\'s press material for the EOS 5D states that it \'defines (a) new D-SLR category\', while we\'re not typically too concerned with marketing talk this particular statement is clearly pretty accurate. The EOS 5D is unlike any previous digital SLR in that it combines a full-frame (35 mm sized) high resolution sensor (12.8 megapixels) with a relatively compact body (slightly larger than the EOS 20D, although in your hand it feels noticeably \'chunkier\'). The EOS 5D is aimed to slot in between the EOS 20D and the EOS-1D professional digital SLR\'s, an important difference when compared to the latter is that the EOS 5D doesn\'t have any environmental seals. While Canon don\'t specifically refer to the EOS 5D as a \'professional\' digital SLR it will have obvious appeal to professionals who want a high quality digital SLR in a body lighter than the EOS-1D. It will also no doubt appeal to current EOS 20D owners (although lets hope they\'ve not bought too many EF-S lenses...) äë&lt;/p&gt;\r\n', 'tag1, tag2', 'Poly and Bark Vortex Side Chair, Blue', '', ''),
(53, 1, 'Ryann Aoukar mollis porttitor mattis lorem imperdiet', '&lt;p&gt;\r\n	HTC Touch - in High Definition. Watch music videos and streaming content in awe-inspiring high definition clarity for a mobile experience you never thought possible. Seductively sleek, the HTC Touch HD provides the next generation of mobile functionality, all at a simple touch. Fully integrated with Windows Mobile Professional 6.1, ultrafast 3.5G, GPS, 5MP camera, plus lots more - all delivered on a breathtakingly crisp 3.8&amp;quot; WVGA touchscreen - you can take control of your mobile world with the HTC Touch HD.&lt;/p&gt;\r\n&lt;p&gt;\r\n	&lt;strong&gt;Features&lt;/strong&gt;&lt;/p&gt;\r\n&lt;ul&gt;\r\n	&lt;li&gt;\r\n		Processor Qualcomm&amp;reg; MSM 7201A&amp;trade; 528 MHz&lt;/li&gt;\r\n	&lt;li&gt;\r\n		Windows Mobile&amp;reg; 6.1 Professional Operating System&lt;/li&gt;\r\n	&lt;li&gt;\r\n		Memory: 512 MB ROM, 288 MB RAM&lt;/li&gt;\r\n	&lt;li&gt;\r\n		Dimensions: 115 mm x 62.8 mm x 12 mm / 146.4 grams&lt;/li&gt;\r\n	&lt;li&gt;\r\n		3.8-inch TFT-LCD flat touch-sensitive screen with 480 x 800 WVGA resolution&lt;/li&gt;\r\n	&lt;li&gt;\r\n		HSDPA/WCDMA: Europe/Asia: 900/2100 MHz; Up to 2 Mbps up-link and 7.2 Mbps down-link speeds&lt;/li&gt;\r\n	&lt;li&gt;\r\n		Quad-band GSM/GPRS/EDGE: Europe/Asia: 850/900/1800/1900 MHz (Band frequency, HSUPA availability, and data speed are operator dependent.)&lt;/li&gt;\r\n	&lt;li&gt;\r\n		Device Control via HTC TouchFLO&amp;trade; 3D &amp;amp; Touch-sensitive front panel buttons&lt;/li&gt;\r\n	&lt;li&gt;\r\n		GPS and A-GPS ready&lt;/li&gt;\r\n	&lt;li&gt;\r\n		Bluetooth&amp;reg; 2.0 with Enhanced Data Rate and A2DP for wireless stereo headsets&lt;/li&gt;\r\n	&lt;li&gt;\r\n		Wi-Fi&amp;reg;: IEEE 802.11 b/g&lt;/li&gt;\r\n	&lt;li&gt;\r\n		HTC ExtUSB&amp;trade; (11-pin mini-USB 2.0)&lt;/li&gt;\r\n	&lt;li&gt;\r\n		5 megapixel color camera with auto focus&lt;/li&gt;\r\n	&lt;li&gt;\r\n		VGA CMOS color camera&lt;/li&gt;\r\n	&lt;li&gt;\r\n		Built-in 3.5 mm audio jack, microphone, speaker, and FM radio&lt;/li&gt;\r\n	&lt;li&gt;\r\n		Ring tone formats: AAC, AAC+, eAAC+, AMR-NB, AMR-WB, QCP, MP3, WMA, WAV&lt;/li&gt;\r\n	&lt;li&gt;\r\n		40 polyphonic and standard MIDI format 0 and 1 (SMF)/SP MIDI&lt;/li&gt;\r\n	&lt;li&gt;\r\n		Rechargeable Lithium-ion or Lithium-ion polymer 1350 mAh battery&lt;/li&gt;\r\n	&lt;li&gt;\r\n		Expansion Slot: microSD&amp;trade; memory card (SD 2.0 compatible)&lt;/li&gt;\r\n	&lt;li&gt;\r\n		AC Adapter Voltage range/frequency: 100 ~ 240V AC, 50/60 Hz DC output: 5V and 1A&lt;/li&gt;\r\n	&lt;li&gt;\r\n		Special Features: FM Radio, G-Sensor&lt;/li&gt;\r\n&lt;/ul&gt;\r\n', 'tag1, tag2', 'Ryann Aoukar mollis porttitor mattis lorem imperdiet', '', ''),
(65, 2, 'Single Pot Outdoor Camping in rhoncus nulla mi sit amet', '&lt;p&gt;\r\n	&lt;strong&gt;Revolutionary multi-touch interface.&lt;/strong&gt;&lt;br /&gt;\r\n	iPod touch features the same multi-touch screen technology as iPhone. Pinch to zoom in on a photo. Scroll through your songs and videos with a flick. Flip through your library by album artwork with Cover Flow.&lt;/p&gt;\r\n&lt;p&gt;\r\n	&lt;strong&gt;Gorgeous 3.5-inch widescreen display.&lt;/strong&gt;&lt;br /&gt;\r\n	Watch your movies, TV shows, and photos come alive with bright, vivid color on the 320-by-480-pixel display.&lt;/p&gt;\r\n&lt;p&gt;\r\n	&lt;strong&gt;Music downloads straight from iTunes.&lt;/strong&gt;&lt;br /&gt;\r\n	Shop the iTunes Wi-Fi Music Store from anywhere with Wi-Fi.1 Browse or search to find the music youre looking for, preview it, and buy it with just a tap.&lt;/p&gt;\r\n&lt;p&gt;\r\n	&lt;strong&gt;Surf the web with Wi-Fi.&lt;/strong&gt;&lt;br /&gt;\r\n	Browse the web using Safari and watch YouTube videos on the first iPod with Wi-Fi built in&lt;br /&gt;\r\n	&amp;nbsp;&lt;/p&gt;\r\n', 'tag1, tag2', 'Single Pot Outdoor Camping in rhoncus nulla mi sit amet', '', ''),
(73, 1, 'Utensils and Knives Block  Aliquam auctor gravida auctor', '&lt;p&gt;\r\n	Stop your co-workers in their tracks with the stunning new 30-inch diagonal HP LP3065 Flat Panel Monitor. This flagship monitor features best-in-class performance and presentation features on a huge wide-aspect screen while letting you work as comfortably as possible - you might even forget you&amp;#39;re at the office&lt;/p&gt;\r\n', 'tag1, tag2', 'Utensils and Knives Block  Aliquam auctor gravida auctor', '', ''),
(76, 1, 'Pwoly and Bark Eames Style Molded Plastic', '&lt;p&gt;\r\n	HTC Touch - in High Definition. Watch music videos and streaming content in awe-inspiring high definition clarity for a mobile experience you never thought possible. Seductively sleek, the HTC Touch HD provides the next generation of mobile functionality, all at a simple touch. Fully integrated with Windows Mobile Professional 6.1, ultrafast 3.5G, GPS, 5MP camera, plus lots more - all delivered on a breathtakingly crisp 3.8&amp;quot; WVGA touchscreen - you can take control of your mobile world with the HTC Touch HD.&lt;/p&gt;\r\n&lt;p&gt;\r\n	&lt;strong&gt;Features&lt;/strong&gt;&lt;/p&gt;\r\n&lt;ul&gt;\r\n	&lt;li&gt;\r\n		Processor Qualcomm&amp;reg; MSM 7201A&amp;trade; 528 MHz&lt;/li&gt;\r\n	&lt;li&gt;\r\n		Windows Mobile&amp;reg; 6.1 Professional Operating System&lt;/li&gt;\r\n	&lt;li&gt;\r\n		Memory: 512 MB ROM, 288 MB RAM&lt;/li&gt;\r\n	&lt;li&gt;\r\n		Dimensions: 115 mm x 62.8 mm x 12 mm / 146.4 grams&lt;/li&gt;\r\n	&lt;li&gt;\r\n		3.8-inch TFT-LCD flat touch-sensitive screen with 480 x 800 WVGA resolution&lt;/li&gt;\r\n	&lt;li&gt;\r\n		HSDPA/WCDMA: Europe/Asia: 900/2100 MHz; Up to 2 Mbps up-link and 7.2 Mbps down-link speeds&lt;/li&gt;\r\n	&lt;li&gt;\r\n		Quad-band GSM/GPRS/EDGE: Europe/Asia: 850/900/1800/1900 MHz (Band frequency, HSUPA availability, and data speed are operator dependent.)&lt;/li&gt;\r\n	&lt;li&gt;\r\n		Device Control via HTC TouchFLO&amp;trade; 3D &amp;amp; Touch-sensitive front panel buttons&lt;/li&gt;\r\n	&lt;li&gt;\r\n		GPS and A-GPS ready&lt;/li&gt;\r\n	&lt;li&gt;\r\n		Bluetooth&amp;reg; 2.0 with Enhanced Data Rate and A2DP for wireless stereo headsets&lt;/li&gt;\r\n	&lt;li&gt;\r\n		Wi-Fi&amp;reg;: IEEE 802.11 b/g&lt;/li&gt;\r\n	&lt;li&gt;\r\n		HTC ExtUSB&amp;trade; (11-pin mini-USB 2.0)&lt;/li&gt;\r\n	&lt;li&gt;\r\n		5 megapixel color camera with auto focus&lt;/li&gt;\r\n	&lt;li&gt;\r\n		VGA CMOS color camera&lt;/li&gt;\r\n	&lt;li&gt;\r\n		Built-in 3.5 mm audio jack, microphone, speaker, and FM radio&lt;/li&gt;\r\n	&lt;li&gt;\r\n		Ring tone formats: AAC, AAC+, eAAC+, AMR-NB, AMR-WB, QCP, MP3, WMA, WAV&lt;/li&gt;\r\n	&lt;li&gt;\r\n		40 polyphonic and standard MIDI format 0 and 1 (SMF)/SP MIDI&lt;/li&gt;\r\n	&lt;li&gt;\r\n		Rechargeable Lithium-ion or Lithium-ion polymer 1350 mAh battery&lt;/li&gt;\r\n	&lt;li&gt;\r\n		Expansion Slot: microSD&amp;trade; memory card (SD 2.0 compatible)&lt;/li&gt;\r\n	&lt;li&gt;\r\n		AC Adapter Voltage range/frequency: 100 ~ 240V AC, 50/60 Hz DC output: 5V and 1A&lt;/li&gt;\r\n	&lt;li&gt;\r\n		Special Features: FM Radio, G-Sensor&lt;/li&gt;\r\n&lt;/ul&gt;\r\n', 'tag1, tag2', 'Pwoly and Bark Eames Style Molded Plastic', '', ''),
(77, 1, 'Flash Furniture Alonza Series Transparent Side Chair', '&lt;div&gt;\r\n	Just when you thought iMac had everything, now there´s even more. More powerful Intel Core 2 Duo processors. And more memory standard. Combine this with Mac OS X Leopard and iLife ´08, and it´s more all-in-one than ever. iMac packs amazing performance into a stunningly slim space.&lt;/div&gt;\r\n', 'tag1, tag2', 'Flash Furniture Alonza Series Transparent Side Chair', '', ''),
(35, 2, 'Hpoly and Bark Eames Style Molded Plastic', '&lt;p&gt;\r\n	&lt;strong&gt;Revolutionary multi-touch interface.&lt;/strong&gt;&lt;br /&gt;\r\n	iPod touch features the same multi-touch screen technology as iPhone. Pinch to zoom in on a photo. Scroll through your songs and videos with a flick. Flip through your library by album artwork with Cover Flow.&lt;/p&gt;\r\n&lt;p&gt;\r\n	&lt;strong&gt;Gorgeous 3.5-inch widescreen display.&lt;/strong&gt;&lt;br /&gt;\r\n	Watch your movies, TV shows, and photos come alive with bright, vivid color on the 320-by-480-pixel display.&lt;/p&gt;\r\n&lt;p&gt;\r\n	&lt;strong&gt;Music downloads straight from iTunes.&lt;/strong&gt;&lt;br /&gt;\r\n	Shop the iTunes Wi-Fi Music Store from anywhere with Wi-Fi.1 Browse or search to find the music youre looking for, preview it, and buy it with just a tap.&lt;/p&gt;\r\n&lt;p&gt;\r\n	&lt;strong&gt;Surf the web with Wi-Fi.&lt;/strong&gt;&lt;br /&gt;\r\n	Browse the web using Safari and watch YouTube videos on the first iPod with Wi-Fi built in&lt;br /&gt;\r\n	&amp;nbsp;&lt;/p&gt;\r\n', 'tag1, tag2', 'Hpoly and Bark Eames Style Molded Plastic', '', ''),
(76, 2, 'Pwoly and Bark Eames Style Molded Plastic', '&lt;p&gt;\r\n	HTC Touch - in High Definition. Watch music videos and streaming content in awe-inspiring high definition clarity for a mobile experience you never thought possible. Seductively sleek, the HTC Touch HD provides the next generation of mobile functionality, all at a simple touch. Fully integrated with Windows Mobile Professional 6.1, ultrafast 3.5G, GPS, 5MP camera, plus lots more - all delivered on a breathtakingly crisp 3.8&amp;quot; WVGA touchscreen - you can take control of your mobile world with the HTC Touch HD.&lt;/p&gt;\r\n&lt;p&gt;\r\n	&lt;strong&gt;Features&lt;/strong&gt;&lt;/p&gt;\r\n&lt;ul&gt;\r\n	&lt;li&gt;\r\n		Processor Qualcomm&amp;reg; MSM 7201A&amp;trade; 528 MHz&lt;/li&gt;\r\n	&lt;li&gt;\r\n		Windows Mobile&amp;reg; 6.1 Professional Operating System&lt;/li&gt;\r\n	&lt;li&gt;\r\n		Memory: 512 MB ROM, 288 MB RAM&lt;/li&gt;\r\n	&lt;li&gt;\r\n		Dimensions: 115 mm x 62.8 mm x 12 mm / 146.4 grams&lt;/li&gt;\r\n	&lt;li&gt;\r\n		3.8-inch TFT-LCD flat touch-sensitive screen with 480 x 800 WVGA resolution&lt;/li&gt;\r\n	&lt;li&gt;\r\n		HSDPA/WCDMA: Europe/Asia: 900/2100 MHz; Up to 2 Mbps up-link and 7.2 Mbps down-link speeds&lt;/li&gt;\r\n	&lt;li&gt;\r\n		Quad-band GSM/GPRS/EDGE: Europe/Asia: 850/900/1800/1900 MHz (Band frequency, HSUPA availability, and data speed are operator dependent.)&lt;/li&gt;\r\n	&lt;li&gt;\r\n		Device Control via HTC TouchFLO&amp;trade; 3D &amp;amp; Touch-sensitive front panel buttons&lt;/li&gt;\r\n	&lt;li&gt;\r\n		GPS and A-GPS ready&lt;/li&gt;\r\n	&lt;li&gt;\r\n		Bluetooth&amp;reg; 2.0 with Enhanced Data Rate and A2DP for wireless stereo headsets&lt;/li&gt;\r\n	&lt;li&gt;\r\n		Wi-Fi&amp;reg;: IEEE 802.11 b/g&lt;/li&gt;\r\n	&lt;li&gt;\r\n		HTC ExtUSB&amp;trade; (11-pin mini-USB 2.0)&lt;/li&gt;\r\n	&lt;li&gt;\r\n		5 megapixel color camera with auto focus&lt;/li&gt;\r\n	&lt;li&gt;\r\n		VGA CMOS color camera&lt;/li&gt;\r\n	&lt;li&gt;\r\n		Built-in 3.5 mm audio jack, microphone, speaker, and FM radio&lt;/li&gt;\r\n	&lt;li&gt;\r\n		Ring tone formats: AAC, AAC+, eAAC+, AMR-NB, AMR-WB, QCP, MP3, WMA, WAV&lt;/li&gt;\r\n	&lt;li&gt;\r\n		40 polyphonic and standard MIDI format 0 and 1 (SMF)/SP MIDI&lt;/li&gt;\r\n	&lt;li&gt;\r\n		Rechargeable Lithium-ion or Lithium-ion polymer 1350 mAh battery&lt;/li&gt;\r\n	&lt;li&gt;\r\n		Expansion Slot: microSD&amp;trade; memory card (SD 2.0 compatible)&lt;/li&gt;\r\n	&lt;li&gt;\r\n		AC Adapter Voltage range/frequency: 100 ~ 240V AC, 50/60 Hz DC output: 5V and 1A&lt;/li&gt;\r\n	&lt;li&gt;\r\n		Special Features: FM Radio, G-Sensor&lt;/li&gt;\r\n&lt;/ul&gt;\r\n', 'tag1, tag2', 'Pwoly and Bark Eames Style Molded Plastic', '', ''),
(31, 2, 'Flash Furniture Alonza Series Transparent Side Chair', '&lt;div class=&quot;cpt_product_description &quot;&gt;\r\n	&lt;div&gt;\r\n		Engineered with pro-level features and performance, the 12.3-effective-megapixel D300 combines brand new technologies with advanced features inherited from Nikon&amp;#39;s newly announced D3 professional digital SLR camera to offer serious photographers remarkable performance combined with agility.&lt;br /&gt;\r\n		&lt;br /&gt;\r\n		Similar to the D3, the D300 features Nikon&amp;#39;s exclusive EXPEED Image Processing System that is central to driving the speed and processing power needed for many of the camera&amp;#39;s new features. The D300 features a new 51-point autofocus system with Nikon&amp;#39;s 3D Focus Tracking feature and two new LiveView shooting modes that allow users to frame a photograph using the camera&amp;#39;s high-resolution LCD monitor. The D300 shares a similar Scene Recognition System as is found in the D3; it promises to greatly enhance the accuracy of autofocus, autoexposure, and auto white balance by recognizing the subject or scene being photographed and applying this information to the calculations for the three functions.&lt;br /&gt;\r\n		&lt;br /&gt;\r\n		The D300 reacts with lightning speed, powering up in a mere 0.13 seconds and shooting with an imperceptible 45-millisecond shutter release lag time. The D300 is capable of shooting at a rapid six frames per second and can go as fast as eight frames per second when using the optional MB-D10 multi-power battery pack. In continuous bursts, the D300 can shoot up to 100 shots at full 12.3-megapixel resolution. (NORMAL-LARGE image setting, using a SanDisk Extreme IV 1GB CompactFlash card.)&lt;br /&gt;\r\n		&lt;br /&gt;\r\n		The D300 incorporates a range of innovative technologies and features that will significantly improve the accuracy, control, and performance photographers can get from their equipment. Its new Scene Recognition System advances the use of Nikon&amp;#39;s acclaimed 1,005-segment sensor to recognize colors and light patterns that help the camera determine the subject and the type of scene being photographed before a picture is taken. This information is used to improve the accuracy of autofocus, autoexposure, and auto white balance functions in the D300. For example, the camera can track moving subjects better and by identifying them, it can also automatically select focus points faster and with greater accuracy. It can also analyze highlights and more accurately determine exposure, as well as infer light sources to deliver more accurate white balance detection.&lt;/div&gt;\r\n&lt;/div&gt;\r\n&lt;!-- cpt_container_end --&gt;', 'tag1, tag2', 'Flash Furniture Alonza Series Transparent Side Chair', '', ''),
(33, 2, 'Flash Furniture Alonza Series Transparent Side Chair, Red', '&lt;div&gt;\r\n	Imagine the advantages of going big without slowing down. The big 19&amp;quot; 941BW monitor combines wide aspect ratio with fast pixel response time, for bigger images, more room to work and crisp motion. In addition, the exclusive MagicBright 2, MagicColor and MagicTune technologies help deliver the ideal image in every situation, while sleek, narrow bezels and adjustable stands deliver style just the way you want it. With the Samsung 941BW widescreen analog/digital LCD monitor, it&amp;#39;s not hard to imagine.&lt;/div&gt;\r\n', 'tag1, tag2', 'Flash Furniture Alonza Series Transparent Side Chair, Red', '', ''),
(77, 2, 'Flash Furniture Alonza Series Transparent Side Chair, Red', '&lt;div&gt;\r\n	Just when you thought iMac had everything, now there´s even more. More powerful Intel Core 2 Duo processors. And more memory standard. Combine this with Mac OS X Leopard and iLife ´08, and it´s more all-in-one than ever. iMac packs amazing performance into a stunningly slim space.&lt;/div&gt;\r\n', 'tag1, tag2', 'Flash Furniture Alonza Series Transparent Side Chair, Red', '', ''),
(79, 2, 'Flash Furniture Alonza Series Transparent Side Chair, Orange', '&lt;p class=&quot;intro&quot;&gt;\r\n	iPhone is a revolutionary new mobile phone that allows you to make a call by simply tapping a name or number in your address book, a favorites list, or a call log. It also automatically syncs all your contacts from a PC, Mac, or Internet service. And it lets you select and listen to voicemail messages in whatever order you want just like email.&lt;/p&gt;\r\n', 'tag1, tag2', 'Flash Furniture Alonza Series Transparent Side Chair, Orange', '', ''),
(50, 2, 'Lámpara Colgante Louis Poulsen MOSER Aluminio', '&lt;p&gt;\r\n	&lt;font face=&quot;helvetica,geneva,arial&quot; size=&quot;2&quot;&gt;&lt;font face=&quot;Helvetica&quot; size=&quot;2&quot;&gt;The 30-inch Apple Cinema HD Display delivers an amazing 2560 x 1600 pixel resolution. Designed specifically for the creative professional, this display provides more space for easier access to all the tools and palettes needed to edit, format and composite your work. Combine this display with a Mac Pro, MacBook Pro, or PowerMac G5 and there\'s no limit to what you can achieve. &lt;br&gt;\r\n	&lt;br&gt;\r\n	&lt;/font&gt;&lt;font face=&quot;Helvetica&quot; size=&quot;2&quot;&gt;The Cinema HD features an active-matrix liquid crystal display that produces flicker-free images that deliver twice the brightness, twice the sharpness and twice the contrast ratio of a typical CRT display. Unlike other flat panels, it\'s designed with a pure digital interface to deliver distortion-free images that never need adjusting. With over 4 million digital pixels, the display is uniquely suited for scientific and technical applications such as visualizing molecular structures or analyzing geological data. &lt;br&gt;\r\n	&lt;br&gt;\r\n	&lt;/font&gt;&lt;font face=&quot;Helvetica&quot; size=&quot;2&quot;&gt;Offering accurate, brilliant color performance, the Cinema HD delivers up to 16.7 million colors across a wide gamut allowing you to see subtle nuances between colors from soft pastels to rich jewel tones. A wide viewing angle ensures uniform color from edge to edge. Apple\'s ColorSync technology allows you to create custom profiles to maintain consistent color onscreen and in print. The result: You can confidently use this display in all your color-critical applications. &lt;br&gt;\r\n	&lt;br&gt;\r\n	&lt;/font&gt;&lt;font face=&quot;Helvetica&quot; size=&quot;2&quot;&gt;Housed in a new aluminum design, the display has a very thin bezel that enhances visual accuracy. Each display features two FireWire 400 ports and two USB 2.0 ports, making attachment of desktop peripherals, such as iSight, iPod, digital and still cameras, hard drives, printers and scanners, even more accessible and convenient. Taking advantage of the much thinner and lighter footprint of an LCD, the new displays support the VESA (Video Electronics Standards Association) mounting interface standard. Customers with the optional Cinema Display VESA Mount Adapter kit gain the flexibility to mount their display in locations most appropriate for their work environment. &lt;br&gt;\r\n	&lt;br&gt;\r\n	&lt;/font&gt;&lt;font face=&quot;Helvetica&quot; size=&quot;2&quot;&gt;The Cinema HD features a single cable design with elegant breakout for the USB 2.0, FireWire 400 and a pure digital connection using the industry standard Digital Video Interface (DVI) interface. The DVI connection allows for a direct pure-digital connection.&lt;br&gt;\r\n	&lt;/font&gt;&lt;/font&gt;&lt;/p&gt;\r\n&lt;h3&gt;\r\n	Features:&lt;/h3&gt;\r\n&lt;p&gt;\r\n	Unrivaled display performance&lt;/p&gt;\r\n&lt;ul&gt;\r\n	&lt;li&gt;\r\n		30-inch (viewable) active-matrix liquid crystal display provides breathtaking image quality and vivid, richly saturated color.&lt;/li&gt;\r\n	&lt;li&gt;\r\n		Support for 2560-by-1600 pixel resolution for display of high definition still and video imagery.&lt;/li&gt;\r\n	&lt;li&gt;\r\n		Wide-format design for simultaneous display of two full pages of text and graphics.&lt;/li&gt;\r\n	&lt;li&gt;\r\n		Industry standard DVI connector for direct attachment to Mac- and Windows-based desktops and notebooks&lt;/li&gt;\r\n	&lt;li&gt;\r\n		Incredibly wide (170 degree) horizontal and vertical viewing angle for maximum visibility and color performance.&lt;/li&gt;\r\n	&lt;li&gt;\r\n		Lightning-fast pixel response for full-motion digital video playback.&lt;/li&gt;\r\n	&lt;li&gt;\r\n		Support for 16.7 million saturated colors, for use in all graphics-intensive applications.&lt;/li&gt;\r\n&lt;/ul&gt;\r\n&lt;p&gt;\r\n	Simple setup and operation&lt;/p&gt;\r\n&lt;ul&gt;\r\n	&lt;li&gt;\r\n		Single cable with elegant breakout for connection to DVI, USB and FireWire ports&lt;/li&gt;\r\n	&lt;li&gt;\r\n		Built-in two-port USB 2.0 hub for easy connection of desktop peripheral devices.&lt;/li&gt;\r\n	&lt;li&gt;\r\n		Two FireWire 400 ports to support iSight and other desktop peripherals&lt;/li&gt;\r\n&lt;/ul&gt;\r\n&lt;p&gt;\r\n	Sleek, elegant design&lt;/p&gt;\r\n&lt;ul&gt;\r\n	&lt;li&gt;\r\n		Huge virtual workspace, very small footprint.&lt;/li&gt;\r\n	&lt;li&gt;\r\n		Narrow Bezel design to minimize visual impact of using dual displays&lt;/li&gt;\r\n	&lt;li&gt;\r\n		Unique hinge design for effortless adjustment&lt;/li&gt;\r\n	&lt;li&gt;\r\n		Support for VESA mounting solutions (Apple Cinema Display VESA Mount Adapter sold separately)&lt;/li&gt;\r\n&lt;/ul&gt;\r\n&lt;h3&gt;\r\n	Technical specifications&lt;/h3&gt;\r\n&lt;p&gt;\r\n	&lt;b&gt;Screen size (diagonal viewable image size)&lt;/b&gt;&lt;/p&gt;\r\n&lt;ul&gt;\r\n	&lt;li&gt;\r\n		Apple Cinema HD Display: 30 inches (29.7-inch viewable)&lt;/li&gt;\r\n&lt;/ul&gt;\r\n&lt;p&gt;\r\n	&lt;b&gt;Screen type&lt;/b&gt;&lt;/p&gt;\r\n&lt;ul&gt;\r\n	&lt;li&gt;\r\n		Thin film transistor (TFT) active-matrix liquid crystal display (AMLCD)&lt;/li&gt;\r\n&lt;/ul&gt;\r\n&lt;p&gt;\r\n	&lt;b&gt;Resolutions&lt;/b&gt;&lt;/p&gt;\r\n&lt;ul&gt;\r\n	&lt;li&gt;\r\n		2560 x 1600 pixels (optimum resolution)&lt;/li&gt;\r\n	&lt;li&gt;\r\n		2048 x 1280&lt;/li&gt;\r\n	&lt;li&gt;\r\n		1920 x 1200&lt;/li&gt;\r\n	&lt;li&gt;\r\n		1280 x 800&lt;/li&gt;\r\n	&lt;li&gt;\r\n		1024 x 640&lt;/li&gt;\r\n&lt;/ul&gt;\r\n&lt;p&gt;\r\n	&lt;b&gt;Display colors (maximum)&lt;/b&gt;&lt;/p&gt;\r\n&lt;ul&gt;\r\n	&lt;li&gt;\r\n		16.7 million&lt;/li&gt;\r\n&lt;/ul&gt;\r\n&lt;p&gt;\r\n	&lt;b&gt;Viewing angle (typical)&lt;/b&gt;&lt;/p&gt;\r\n&lt;ul&gt;\r\n	&lt;li&gt;\r\n		170° horizontal; 170° vertical&lt;/li&gt;\r\n&lt;/ul&gt;\r\n&lt;p&gt;\r\n	&lt;b&gt;Brightness (typical)&lt;/b&gt;&lt;/p&gt;\r\n&lt;ul&gt;\r\n	&lt;li&gt;\r\n		30-inch Cinema HD Display: 400 cd/m2&lt;/li&gt;\r\n&lt;/ul&gt;\r\n&lt;p&gt;\r\n	&lt;b&gt;Contrast ratio (typical)&lt;/b&gt;&lt;/p&gt;\r\n&lt;ul&gt;\r\n	&lt;li&gt;\r\n		700:1&lt;/li&gt;\r\n&lt;/ul&gt;\r\n&lt;p&gt;\r\n	&lt;b&gt;Response time (typical)&lt;/b&gt;&lt;/p&gt;\r\n&lt;ul&gt;\r\n	&lt;li&gt;\r\n		16 ms&lt;/li&gt;\r\n&lt;/ul&gt;\r\n&lt;p&gt;\r\n	&lt;b&gt;Pixel pitch&lt;/b&gt;&lt;/p&gt;\r\n&lt;ul&gt;\r\n	&lt;li&gt;\r\n		30-inch Cinema HD Display: 0.250 mm&lt;/li&gt;\r\n&lt;/ul&gt;\r\n&lt;p&gt;\r\n	&lt;b&gt;Screen treatment&lt;/b&gt;&lt;/p&gt;\r\n&lt;ul&gt;\r\n	&lt;li&gt;\r\n		Antiglare hardcoat&lt;/li&gt;\r\n&lt;/ul&gt;\r\n&lt;p&gt;\r\n	&lt;b&gt;User controls (hardware and software)&lt;/b&gt;&lt;/p&gt;\r\n&lt;ul&gt;\r\n	&lt;li&gt;\r\n		Display Power,&lt;/li&gt;\r\n	&lt;li&gt;\r\n		System sleep, wake&lt;/li&gt;\r\n	&lt;li&gt;\r\n		Brightness&lt;/li&gt;\r\n	&lt;li&gt;\r\n		Monitor tilt&lt;/li&gt;\r\n&lt;/ul&gt;\r\n&lt;p&gt;\r\n	&lt;b&gt;Connectors and cables&lt;/b&gt;&lt;br&gt;\r\n	Cable&lt;/p&gt;\r\n&lt;ul&gt;\r\n	&lt;li&gt;\r\n		DVI (Digital Visual Interface)&lt;/li&gt;\r\n	&lt;li&gt;\r\n		FireWire 400&lt;/li&gt;\r\n	&lt;li&gt;\r\n		USB 2.0&lt;/li&gt;\r\n	&lt;li&gt;\r\n		DC power (24 V)&lt;/li&gt;\r\n&lt;/ul&gt;\r\n&lt;p&gt;\r\n	Connectors&lt;/p&gt;\r\n&lt;ul&gt;\r\n	&lt;li&gt;\r\n		Two-port, self-powered USB 2.0 hub&lt;/li&gt;\r\n	&lt;li&gt;\r\n		Two FireWire 400 ports&lt;/li&gt;\r\n	&lt;li&gt;\r\n		Kensington security port&lt;/li&gt;\r\n&lt;/ul&gt;\r\n&lt;p&gt;\r\n	&lt;b&gt;VESA mount adapter&lt;/b&gt;&lt;br&gt;\r\n	Requires optional Cinema Display VESA Mount Adapter (M9649G/A)&lt;/p&gt;\r\n&lt;ul&gt;\r\n	&lt;li&gt;\r\n		Compatible with VESA FDMI (MIS-D, 100, C) compliant mounting solutions&lt;/li&gt;\r\n&lt;/ul&gt;\r\n&lt;p&gt;\r\n	&lt;b&gt;Electrical requirements&lt;/b&gt;&lt;/p&gt;\r\n&lt;ul&gt;\r\n	&lt;li&gt;\r\n		Input voltage: 100-240 VAC 50-60Hz&lt;/li&gt;\r\n	&lt;li&gt;\r\n		Maximum power when operating: 150W&lt;/li&gt;\r\n	&lt;li&gt;\r\n		Energy saver mode: 3W or less&lt;/li&gt;\r\n&lt;/ul&gt;\r\n&lt;p&gt;\r\n	&lt;b&gt;Environmental requirements&lt;/b&gt;&lt;/p&gt;\r\n&lt;ul&gt;\r\n	&lt;li&gt;\r\n		Operating temperature: 50° to 95° F (10° to 35° C)&lt;/li&gt;\r\n	&lt;li&gt;\r\n		Storage temperature: -40° to 116° F (-40° to 47° C)&lt;/li&gt;\r\n	&lt;li&gt;\r\n		Operating humidity: 20% to 80% noncondensing&lt;/li&gt;\r\n	&lt;li&gt;\r\n		Maximum operating altitude: 10,000 feet&lt;/li&gt;\r\n&lt;/ul&gt;\r\n&lt;p&gt;\r\n	&lt;b&gt;Agency approvals&lt;/b&gt;&lt;/p&gt;\r\n&lt;ul&gt;\r\n	&lt;li&gt;\r\n		FCC Part 15 Class B&lt;/li&gt;\r\n	&lt;li&gt;\r\n		EN55022 Class B&lt;/li&gt;\r\n	&lt;li&gt;\r\n		EN55024&lt;/li&gt;\r\n	&lt;li&gt;\r\n		VCCI Class B&lt;/li&gt;\r\n	&lt;li&gt;\r\n		AS/NZS 3548 Class B&lt;/li&gt;\r\n	&lt;li&gt;\r\n		CNS 13438 Class B&lt;/li&gt;\r\n	&lt;li&gt;\r\n		ICES-003 Class B&lt;/li&gt;\r\n	&lt;li&gt;\r\n		ISO 13406 part 2&lt;/li&gt;\r\n	&lt;li&gt;\r\n		MPR II&lt;/li&gt;\r\n	&lt;li&gt;\r\n		IEC 60950&lt;/li&gt;\r\n	&lt;li&gt;\r\n		UL 60950&lt;/li&gt;\r\n	&lt;li&gt;\r\n		CSA 60950&lt;/li&gt;\r\n	&lt;li&gt;\r\n		EN60950&lt;/li&gt;\r\n	&lt;li&gt;\r\n		ENERGY STAR&lt;/li&gt;\r\n	&lt;li&gt;\r\n		TCO \'03&lt;/li&gt;\r\n&lt;/ul&gt;\r\n&lt;p&gt;\r\n	&lt;b&gt;Size and weight&lt;/b&gt;&lt;br&gt;\r\n	30-inch Apple Cinema HD Display&lt;/p&gt;\r\n&lt;ul&gt;\r\n	&lt;li&gt;\r\n		Height: 21.3 inches (54.3 cm)&lt;/li&gt;\r\n	&lt;li&gt;\r\n		Width: 27.2 inches (68.8 cm)&lt;/li&gt;\r\n	&lt;li&gt;\r\n		Depth: 8.46 inches (21.5 cm)&lt;/li&gt;\r\n	&lt;li&gt;\r\n		Weight: 27.5 pounds (12.5 kg)&lt;/li&gt;\r\n&lt;/ul&gt;\r\n&lt;p&gt;\r\n	&lt;b&gt;System Requirements&lt;/b&gt;&lt;/p&gt;\r\n&lt;ul&gt;\r\n	&lt;li&gt;\r\n		Mac Pro, all graphic options&lt;/li&gt;\r\n	&lt;li&gt;\r\n		MacBook Pro&lt;/li&gt;\r\n	&lt;li&gt;\r\n		Power Mac G5 (PCI-X) with ATI Radeon 9650 or better or NVIDIA GeForce 6800 GT DDL or better&lt;/li&gt;\r\n	&lt;li&gt;\r\n		Power Mac G5 (PCI Express), all graphics options&lt;/li&gt;\r\n	&lt;li&gt;\r\n		PowerBook G4 with dual-link DVI support&lt;/li&gt;\r\n	&lt;li&gt;\r\n		Windows PC and graphics card that supports DVI ports with dual-link digital bandwidth and VESA DDC standard for plug-and-play setup&lt;/li&gt;\r\n&lt;/ul&gt;\r\n', 'tag1, tag2', 'Lámpara Colgante Louis Poulsen MOSER Aluminio', '', ''),
(66, 1, 'Anolon Hard anodized 7.5qt Covered Wide Stockpot', '&lt;p&gt;\r\n	Samsung Galaxy Tab 10.1, is the world&amp;rsquo;s thinnest tablet, measuring 8.6 mm thickness, running with Android 3.0 Honeycomb OS on a 1GHz dual-core Tegra 2 processor, similar to its younger brother Samsung Galaxy Tab 8.9.&lt;/p&gt;\r\n&lt;p&gt;\r\n	Samsung Galaxy Tab 10.1 gives pure Android 3.0 experience, adding its new TouchWiz UX or TouchWiz 4.0 &amp;ndash; includes a live panel, which lets you to customize with different content, such as your pictures, bookmarks, and social feeds, sporting a 10.1 inches WXGA capacitive touch screen with 1280 x 800 pixels of resolution, equipped with 3 megapixel rear camera with LED flash and a 2 megapixel front camera, HSPA+ connectivity up to 21Mbps, 720p HD video recording capability, 1080p HD playback, DLNA support, Bluetooth 2.1, USB 2.0, gyroscope, Wi-Fi 802.11 a/b/g/n, micro-SD slot, 3.5mm headphone jack, and SIM slot, including the Samsung Stick &amp;ndash; a Bluetooth microphone that can be carried in a pocket like a pen and sound dock with powered subwoofer.&lt;/p&gt;\r\n&lt;p&gt;\r\n	Samsung Galaxy Tab 10.1 will come in 16GB / 32GB / 64GB verities and pre-loaded with Social Hub, Reader&amp;rsquo;s Hub, Music Hub and Samsung Mini Apps Tray &amp;ndash; which gives you access to more commonly used apps to help ease multitasking and it is capable of Adobe Flash Player 10.2, powered by 6860mAh battery that gives you 10hours of video-playback time.&amp;nbsp;&amp;auml;&amp;ouml;&lt;/p&gt;\r\n', 'tag1, tag2', 'Anolon Hard anodized 7.5qt Covered Wide Stockpot', '', ''),
(44, 1, 'Vitra Sunburst Clock pretium pellentesque libero', '&lt;div&gt;\r\n	MacBook Air is ultrathin, ultraportable, and ultra unlike anything else. But you don&amp;rsquo;t lose inches and pounds overnight. It&amp;rsquo;s the result of rethinking conventions. Of multiple wireless innovations. And of breakthrough design. With MacBook Air, mobile computing suddenly has a new standard.&lt;/div&gt;\r\n', 'tag1, tag2', 'Vitra Sunburst Clock pretium pellentesque libero', '', ''),
(46, 1, 'Swirl 1 Medium Pendant Lamp euismod interdum nec quis libero', '&lt;div&gt;\r\n	Unprecedented power. The next generation of processing technology has arrived. Built into the newest VAIO notebooks lies Intel&amp;#39;s latest, most powerful innovation yet: Intel&amp;reg; Centrino&amp;reg; 2 processor technology. Boasting incredible speed, expanded wireless connectivity, enhanced multimedia support and greater energy efficiency, all the high-performance essentials are seamlessly combined into a single chip.&lt;/div&gt;\r\n', 'tag1, tag2', 'Swirl 1 Medium Pendant Lamp euismod interdum nec quis libero', '', ''),
(47, 1, 'Work Lamp Silver Proin hendrerit massa augue', '&lt;p&gt;\r\n	Stop your co-workers in their tracks with the stunning new 30-inch diagonal HP LP3065 Flat Panel Monitor. This flagship monitor features best-in-class performance and presentation features on a huge wide-aspect screen while letting you work as comfortably as possible - you might even forget you&amp;#39;re at the office&lt;/p&gt;\r\n', 'tag1, tag2', 'Work Lamp Silver Proin hendrerit massa augue', '', ''),
(49, 2, 'Louis Poulsen PH 2/1 pendel vestibulum arcu et, auctor nisl', '&lt;p&gt;\r\n	Samsung Galaxy Tab 10.1, is the world&amp;rsquo;s thinnest tablet, measuring 8.6 mm thickness, running with Android 3.0 Honeycomb OS on a 1GHz dual-core Tegra 2 processor, similar to its younger brother Samsung Galaxy Tab 8.9.&lt;/p&gt;\r\n&lt;p&gt;\r\n	Samsung Galaxy Tab 10.1 gives pure Android 3.0 experience, adding its new TouchWiz UX or TouchWiz 4.0 &amp;ndash; includes a live panel, which lets you to customize with different content, such as your pictures, bookmarks, and social feeds, sporting a 10.1 inches WXGA capacitive touch screen with 1280 x 800 pixels of resolution, equipped with 3 megapixel rear camera with LED flash and a 2 megapixel front camera, HSPA+ connectivity up to 21Mbps, 720p HD video recording capability, 1080p HD playback, DLNA support, Bluetooth 2.1, USB 2.0, gyroscope, Wi-Fi 802.11 a/b/g/n, micro-SD slot, 3.5mm headphone jack, and SIM slot, including the Samsung Stick &amp;ndash; a Bluetooth microphone that can be carried in a pocket like a pen and sound dock with powered subwoofer.&lt;/p&gt;\r\n&lt;p&gt;\r\n	Samsung Galaxy Tab 10.1 will come in 16GB / 32GB / 64GB verities and pre-loaded with Social Hub, Reader&amp;rsquo;s Hub, Music Hub and Samsung Mini Apps Tray &amp;ndash; which gives you access to more commonly used apps to help ease multitasking and it is capable of Adobe Flash Player 10.2, powered by 6860mAh battery that gives you 10hours of video-playback time.&amp;nbsp;&amp;auml;&amp;ouml;&lt;/p&gt;\r\n', 'tag1, tag2', 'Louis Poulsen PH 2/1 pendel vestibulum arcu et, auctor nisl', '', ''),
(47, 2, 'Work Lamp Silver Proin hendrerit massa augue', '&lt;p&gt;\r\n	Stop your co-workers in their tracks with the stunning new 30-inch diagonal HP LP3065 Flat Panel Monitor. This flagship monitor features best-in-class performance and presentation features on a huge wide-aspect screen while letting you work as comfortably as possible - you might even forget you&amp;#39;re at the office&lt;/p&gt;\r\n', 'tag1, tag2', 'Work Lamp Silver Proin hendrerit massa augue', '', ''),
(49, 1, 'Louis Poulsen PH 2/1 pendel vestibulum arcu et, auctor nisl', '&lt;p&gt;\r\n	Samsung Galaxy Tab 10.1, is the world&amp;rsquo;s thinnest tablet, measuring 8.6 mm thickness, running with Android 3.0 Honeycomb OS on a 1GHz dual-core Tegra 2 processor, similar to its younger brother Samsung Galaxy Tab 8.9.&lt;/p&gt;\r\n&lt;p&gt;\r\n	Samsung Galaxy Tab 10.1 gives pure Android 3.0 experience, adding its new TouchWiz UX or TouchWiz 4.0 &amp;ndash; includes a live panel, which lets you to customize with different content, such as your pictures, bookmarks, and social feeds, sporting a 10.1 inches WXGA capacitive touch screen with 1280 x 800 pixels of resolution, equipped with 3 megapixel rear camera with LED flash and a 2 megapixel front camera, HSPA+ connectivity up to 21Mbps, 720p HD video recording capability, 1080p HD playback, DLNA support, Bluetooth 2.1, USB 2.0, gyroscope, Wi-Fi 802.11 a/b/g/n, micro-SD slot, 3.5mm headphone jack, and SIM slot, including the Samsung Stick &amp;ndash; a Bluetooth microphone that can be carried in a pocket like a pen and sound dock with powered subwoofer.&lt;/p&gt;\r\n&lt;p&gt;\r\n	Samsung Galaxy Tab 10.1 will come in 16GB / 32GB / 64GB verities and pre-loaded with Social Hub, Reader&amp;rsquo;s Hub, Music Hub and Samsung Mini Apps Tray &amp;ndash; which gives you access to more commonly used apps to help ease multitasking and it is capable of Adobe Flash Player 10.2, powered by 6860mAh battery that gives you 10hours of video-playback time.&amp;nbsp;&amp;auml;&amp;ouml;&lt;/p&gt;\r\n', 'tag1, tag2', 'Louis Poulsen PH 2/1 pendel vestibulum arcu et, auctor nisl', '', ''),
(45, 2, 'Le Klint Carronade Pendel amet metus euismod interdum', '&lt;div class=&quot;cpt_product_description &quot;&gt;\r\n	&lt;div&gt;\r\n		&lt;p&gt;\r\n			&lt;b&gt;Latest Intel mobile architecture&lt;/b&gt;&lt;/p&gt;\r\n		&lt;p&gt;\r\n			Powered by the most advanced mobile processors from Intel, the new Core 2 Duo MacBook Pro is over 50% faster than the original Core Duo MacBook Pro and now supports up to 4GB of RAM.&lt;/p&gt;\r\n		&lt;p&gt;\r\n			&lt;b&gt;Leading-edge graphics&lt;/b&gt;&lt;/p&gt;\r\n		&lt;p&gt;\r\n			The NVIDIA GeForce 8600M GT delivers exceptional graphics processing power. For the ultimate creative canvas, you can even configure the 17-inch model with a 1920-by-1200 resolution display.&lt;/p&gt;\r\n		&lt;p&gt;\r\n			&lt;b&gt;Designed for life on the road&lt;/b&gt;&lt;/p&gt;\r\n		&lt;p&gt;\r\n			Innovations such as a magnetic power connection and an illuminated keyboard with ambient light sensor put the MacBook Pro in a class by itself.&lt;/p&gt;\r\n		&lt;p&gt;\r\n			&lt;b&gt;Connect. Create. Communicate.&lt;/b&gt;&lt;/p&gt;\r\n		&lt;p&gt;\r\n			Quickly set up a video conference with the built-in iSight camera. Control presentations and media from up to 30 feet away with the included Apple Remote. Connect to high-bandwidth peripherals with FireWire 800 and DVI.&lt;/p&gt;\r\n		&lt;p&gt;\r\n			&lt;b&gt;Next-generation wireless&lt;/b&gt;&lt;/p&gt;\r\n		&lt;p&gt;\r\n			Featuring 802.11n wireless technology, the MacBook Pro delivers up to five times the performance and up to twice the range of previous-generation technologies.&lt;/p&gt;\r\n	&lt;/div&gt;\r\n&lt;/div&gt;\r\n&lt;!-- cpt_container_end --&gt;', 'tag1, tag2', 'Le Klint Carronade Pendel amet metus euismod interdum', '', ''),
(46, 2, 'Swirl 1 Medium Pendant Lamp euismod interdum nec quis libero', '&lt;div&gt;\r\n	Unprecedented power. The next generation of processing technology has arrived. Built into the newest VAIO notebooks lies Intel&amp;#39;s latest, most powerful innovation yet: Intel&amp;reg; Centrino&amp;reg; 2 processor technology. Boasting incredible speed, expanded wireless connectivity, enhanced multimedia support and greater energy efficiency, all the high-performance essentials are seamlessly combined into a single chip.&lt;/div&gt;\r\n', 'tag1, tag2', 'Swirl 1 Medium Pendant Lamp euismod interdum nec quis libero', '', ''),
(48, 1, 'Pendant, Made of White Plastic, Large Nam sit amet', '&lt;div class=&quot;cpt_product_description &quot;&gt;\r\n	&lt;div&gt;\r\n		&lt;p&gt;\r\n			&lt;strong&gt;More room to move.&lt;/strong&gt;&lt;/p&gt;\r\n		&lt;p&gt;\r\n			With 80GB or 160GB of storage and up to 40 hours of battery life, the new iPod classic lets you enjoy up to 40,000 songs or up to 200 hours of video or any combination wherever you go.&lt;/p&gt;\r\n		&lt;p&gt;\r\n			&lt;strong&gt;Cover Flow.&lt;/strong&gt;&lt;/p&gt;\r\n		&lt;p&gt;\r\n			Browse through your music collection by flipping through album art. Select an album to turn it over and see the track list.&lt;/p&gt;\r\n		&lt;p&gt;\r\n			&lt;strong&gt;Enhanced interface.&lt;/strong&gt;&lt;/p&gt;\r\n		&lt;p&gt;\r\n			Experience a whole new way to browse and view your music and video.&lt;/p&gt;\r\n		&lt;p&gt;\r\n			&lt;strong&gt;Sleeker design.&lt;/strong&gt;&lt;/p&gt;\r\n		&lt;p&gt;\r\n			Beautiful, durable, and sleeker than ever, iPod classic now features an anodized aluminum and polished stainless steel enclosure with rounded edges.&lt;/p&gt;\r\n	&lt;/div&gt;\r\n&lt;/div&gt;\r\n&lt;!-- cpt_container_end --&gt;', 'tag1, tag2', 'Pendant, Made of White Plastic, Large Nam sit amet', '', ''),
(48, 2, 'Pendant, Made of White Plastic, Large Nam sit amet', '&lt;div class=&quot;cpt_product_description &quot;&gt;\r\n	&lt;div&gt;\r\n		&lt;p&gt;\r\n			&lt;strong&gt;More room to move.&lt;/strong&gt;&lt;/p&gt;\r\n		&lt;p&gt;\r\n			With 80GB or 160GB of storage and up to 40 hours of battery life, the new iPod classic lets you enjoy up to 40,000 songs or up to 200 hours of video or any combination wherever you go.&lt;/p&gt;\r\n		&lt;p&gt;\r\n			&lt;strong&gt;Cover Flow.&lt;/strong&gt;&lt;/p&gt;\r\n		&lt;p&gt;\r\n			Browse through your music collection by flipping through album art. Select an album to turn it over and see the track list.&lt;/p&gt;\r\n		&lt;p&gt;\r\n			&lt;strong&gt;Enhanced interface.&lt;/strong&gt;&lt;/p&gt;\r\n		&lt;p&gt;\r\n			Experience a whole new way to browse and view your music and video.&lt;/p&gt;\r\n		&lt;p&gt;\r\n			&lt;strong&gt;Sleeker design.&lt;/strong&gt;&lt;/p&gt;\r\n		&lt;p&gt;\r\n			Beautiful, durable, and sleeker than ever, iPod classic now features an anodized aluminum and polished stainless steel enclosure with rounded edges.&lt;/p&gt;\r\n	&lt;/div&gt;\r\n&lt;/div&gt;\r\n&lt;!-- cpt_container_end --&gt;', 'tag1, tag2', 'Pendant, Made of White Plastic, Large Nam sit amet', '', ''),
(51, 2, 'Flos Chasen S2 Suspension Lamp eleifend neque ante', '&lt;p&gt;\r\n	Canon\'s press material for the EOS 5D states that it \'defines (a) new D-SLR category\', while we\'re not typically too concerned with marketing talk this particular statement is clearly pretty accurate. The EOS 5D is unlike any previous digital SLR in that it combines a full-frame (35 mm sized) high resolution sensor (12.8 megapixels) with a relatively compact body (slightly larger than the EOS 20D, although in your hand it feels noticeably \'chunkier\'). The EOS 5D is aimed to slot in between the EOS 20D and the EOS-1D professional digital SLR\'s, an important difference when compared to the latter is that the EOS 5D doesn\'t have any environmental seals. While Canon don\'t specifically refer to the EOS 5D as a \'professional\' digital SLR it will have obvious appeal to professionals who want a high quality digital SLR in a body lighter than the EOS-1D. It will also no doubt appeal to current EOS 20D owners (although lets hope they\'ve not bought too many EF-S lenses...) äë&lt;/p&gt;\r\n', 'tag1, tag2', 'Flos Chasen S2 Suspension Lamp eleifend neque ante', '', ''),
(52, 2, 'Concord Fabric Single Sofa Bedtempus quam at velit', '&lt;p&gt;\r\n	Stop your co-workers in their tracks with the stunning new 30-inch diagonal HP LP3065 Flat Panel Monitor. This flagship monitor features best-in-class performance and presentation features on a huge wide-aspect screen while letting you work as comfortably as possible - you might even forget you&amp;#39;re at the office&lt;/p&gt;\r\n', 'tag1, tag2', 'Concord Fabric Single Sofa Bedtempus quam at velit', '', ''),
(55, 2, 'Futon: Amazing Small Apartment Integer at convallis purus', '&lt;p class=&quot;intro&quot;&gt;\r\n	iPhone is a revolutionary new mobile phone that allows you to make a call by simply tapping a name or number in your address book, a favorites list, or a call log. It also automatically syncs all your contacts from a PC, Mac, or Internet service. And it lets you select and listen to voicemail messages in whatever order you want just like email.&lt;/p&gt;\r\n', 'tag1, tag2', 'Futon: Amazing Small Apartment Integer at convallis purus', '', ''),
(54, 1, 'Carl Hansen CH07 ShellLounge Chairvel accumsan lectus', '&lt;div&gt;\r\n	Just when you thought iMac had everything, now there´s even more. More powerful Intel Core 2 Duo processors. And more memory standard. Combine this with Mac OS X Leopard and iLife ´08, and it´s more all-in-one than ever. iMac packs amazing performance into a stunningly slim space.&lt;/div&gt;\r\n', 'tag1, tag2', 'Carl Hansen CH07 ShellLounge Chairvel accumsan lectus', '', '');
INSERT INTO `oc_product_description` (`product_id`, `language_id`, `name`, `description`, `tag`, `meta_title`, `meta_description`, `meta_keyword`) VALUES
(57, 2, 'New Interior Paint: Swiss Coffee Aliquam eget risus metus', '&lt;div&gt;\r\n	&lt;p&gt;\r\n		&lt;strong&gt;Video in your pocket.&lt;/strong&gt;&lt;/p&gt;\r\n	&lt;p&gt;\r\n		Its the small iPod with one very big idea: video. The worlds most popular music player now lets you enjoy movies, TV shows, and more on a two-inch display thats 65% brighter than before.&lt;/p&gt;\r\n	&lt;p&gt;\r\n		&lt;strong&gt;Cover Flow.&lt;/strong&gt;&lt;/p&gt;\r\n	&lt;p&gt;\r\n		Browse through your music collection by flipping through album art. Select an album to turn it over and see the track list.&lt;strong&gt;&amp;nbsp;&lt;/strong&gt;&lt;/p&gt;\r\n	&lt;p&gt;\r\n		&lt;strong&gt;Enhanced interface.&lt;/strong&gt;&lt;/p&gt;\r\n	&lt;p&gt;\r\n		Experience a whole new way to browse and view your music and video.&lt;/p&gt;\r\n	&lt;p&gt;\r\n		&lt;strong&gt;Sleek and colorful.&lt;/strong&gt;&lt;/p&gt;\r\n	&lt;p&gt;\r\n		With an anodized aluminum and polished stainless steel enclosure and a choice of five colors, iPod nano is dressed to impress.&lt;/p&gt;\r\n	&lt;p&gt;\r\n		&lt;strong&gt;iTunes.&lt;/strong&gt;&lt;/p&gt;\r\n	&lt;p&gt;\r\n		Available as a free download, iTunes makes it easy to browse and buy millions of songs, movies, TV shows, audiobooks, and games and download free podcasts all at the iTunes Store. And you can import your own music, manage your whole media library, and sync your iPod or iPhone with ease.&lt;/p&gt;\r\n&lt;/div&gt;\r\n', 'tag1, tag2', 'New Interior Paint: Swiss Coffee Aliquam eget risus metus', '', ''),
(59, 1, 'Uashmama Paper Bags dui eleifend bibendum volutpat', '&lt;p&gt;\r\n	&lt;strong&gt;Revolutionary multi-touch interface.&lt;/strong&gt;&lt;br /&gt;\r\n	iPod touch features the same multi-touch screen technology as iPhone. Pinch to zoom in on a photo. Scroll through your songs and videos with a flick. Flip through your library by album artwork with Cover Flow.&lt;/p&gt;\r\n&lt;p&gt;\r\n	&lt;strong&gt;Gorgeous 3.5-inch widescreen display.&lt;/strong&gt;&lt;br /&gt;\r\n	Watch your movies, TV shows, and photos come alive with bright, vivid color on the 320-by-480-pixel display.&lt;/p&gt;\r\n&lt;p&gt;\r\n	&lt;strong&gt;Music downloads straight from iTunes.&lt;/strong&gt;&lt;br /&gt;\r\n	Shop the iTunes Wi-Fi Music Store from anywhere with Wi-Fi.1 Browse or search to find the music youre looking for, preview it, and buy it with just a tap.&lt;/p&gt;\r\n&lt;p&gt;\r\n	&lt;strong&gt;Surf the web with Wi-Fi.&lt;/strong&gt;&lt;br /&gt;\r\n	Browse the web using Safari and watch YouTube videos on the first iPod with Wi-Fi built in&lt;br /&gt;\r\n	&amp;nbsp;&lt;/p&gt;\r\n', 'tag1, tag2', 'Uashmama Paper Bags dui eleifend bibendum volutpat', '', ''),
(58, 2, 'Country Squire Florist: Louisville Florists convallis purus', '&lt;div&gt;\r\n	&lt;strong&gt;Born to be worn.&lt;/strong&gt;\r\n	&lt;p&gt;\r\n		Clip on the worlds most wearable music player and take up to 240 songs with you anywhere. Choose from five colors including four new hues to make your musical fashion statement.&lt;/p&gt;\r\n	&lt;p&gt;\r\n		&lt;strong&gt;Random meets rhythm.&lt;/strong&gt;&lt;/p&gt;\r\n	&lt;p&gt;\r\n		With iTunes autofill, iPod shuffle can deliver a new musical experience every time you sync. For more randomness, you can shuffle songs during playback with the slide of a switch.&lt;/p&gt;\r\n	&lt;strong&gt;Everything is easy.&lt;/strong&gt;\r\n	&lt;p&gt;\r\n		Charge and sync with the included USB dock. Operate the iPod shuffle controls with one hand. Enjoy up to 12 hours straight of skip-free music playback.&lt;/p&gt;\r\n&lt;/div&gt;\r\n', 'tag1, tag2', 'Country Squire Florist: Louisville Florists convallis purus', '', ''),
(60, 1, 'Uashmama Paper Bags 2 morbi tristique senectus et', '&lt;div&gt;\r\n	&lt;p&gt;\r\n		&lt;b&gt;Intel Core 2 Duo processor&lt;/b&gt;&lt;/p&gt;\r\n	&lt;p&gt;\r\n		Powered by an Intel Core 2 Duo processor at speeds up to 2.16GHz, the new MacBook is the fastest ever.&lt;/p&gt;\r\n	&lt;p&gt;\r\n		&lt;b&gt;1GB memory, larger hard drives&lt;/b&gt;&lt;/p&gt;\r\n	&lt;p&gt;\r\n		The new MacBook now comes with 1GB of memory standard and larger hard drives for the entire line perfect for running more of your favorite applications and storing growing media collections.&lt;/p&gt;\r\n	&lt;p&gt;\r\n		&lt;b&gt;Sleek, 1.08-inch-thin design&lt;/b&gt;&lt;/p&gt;\r\n	&lt;p&gt;\r\n		MacBook makes it easy to hit the road thanks to its tough polycarbonate case, built-in wireless technologies, and innovative MagSafe Power Adapter that releases automatically if someone accidentally trips on the cord.&lt;/p&gt;\r\n	&lt;p&gt;\r\n		&lt;b&gt;Built-in iSight camera&lt;/b&gt;&lt;/p&gt;\r\n	&lt;p&gt;\r\n		Right out of the box, you can have a video chat with friends or family,2 record a video at your desk, or take fun pictures with Photo Booth&lt;/p&gt;\r\n&lt;/div&gt;\r\n', 'tag1, tag2', 'Uashmama Paper Bags 2 morbi tristique senectus et', '', ''),
(65, 1, 'Single Pot Outdoor Camping in rhoncus nulla mi sit amet', '&lt;p&gt;\r\n	&lt;strong&gt;Revolutionary multi-touch interface.&lt;/strong&gt;&lt;br /&gt;\r\n	iPod touch features the same multi-touch screen technology as iPhone. Pinch to zoom in on a photo. Scroll through your songs and videos with a flick. Flip through your library by album artwork with Cover Flow.&lt;/p&gt;\r\n&lt;p&gt;\r\n	&lt;strong&gt;Gorgeous 3.5-inch widescreen display.&lt;/strong&gt;&lt;br /&gt;\r\n	Watch your movies, TV shows, and photos come alive with bright, vivid color on the 320-by-480-pixel display.&lt;/p&gt;\r\n&lt;p&gt;\r\n	&lt;strong&gt;Music downloads straight from iTunes.&lt;/strong&gt;&lt;br /&gt;\r\n	Shop the iTunes Wi-Fi Music Store from anywhere with Wi-Fi.1 Browse or search to find the music youre looking for, preview it, and buy it with just a tap.&lt;/p&gt;\r\n&lt;p&gt;\r\n	&lt;strong&gt;Surf the web with Wi-Fi.&lt;/strong&gt;&lt;br /&gt;\r\n	Browse the web using Safari and watch YouTube videos on the first iPod with Wi-Fi built in&lt;br /&gt;\r\n	&amp;nbsp;&lt;/p&gt;\r\n', 'tag1, tag2', 'Single Pot Outdoor Camping in rhoncus nulla mi sit amet', '', ''),
(71, 2, 'Robert Welch Knife Block libero nunc scelerisque dui', '&lt;p&gt;\r\n	Canon\'s press material for the EOS 5D states that it \'defines (a) new D-SLR category\', while we\'re not typically too concerned with marketing talk this particular statement is clearly pretty accurate. The EOS 5D is unlike any previous digital SLR in that it combines a full-frame (35 mm sized) high resolution sensor (12.8 megapixels) with a relatively compact body (slightly larger than the EOS 20D, although in your hand it feels noticeably \'chunkier\'). The EOS 5D is aimed to slot in between the EOS 20D and the EOS-1D professional digital SLR\'s, an important difference when compared to the latter is that the EOS 5D doesn\'t have any environmental seals. While Canon don\'t specifically refer to the EOS 5D as a \'professional\' digital SLR it will have obvious appeal to professionals who want a high quality digital SLR in a body lighter than the EOS-1D. It will also no doubt appeal to current EOS 20D owners (although lets hope they\'ve not bought too many EF-S lenses...) äë&lt;/p&gt;\r\n', 'tag1, tag2', 'Robert Welch Knife Block libero nunc scelerisque dui', '', ''),
(73, 2, 'Utensils and Knives Block  Aliquam auctor gravida auctor', '&lt;p&gt;\r\n	Stop your co-workers in their tracks with the stunning new 30-inch diagonal HP LP3065 Flat Panel Monitor. This flagship monitor features best-in-class performance and presentation features on a huge wide-aspect screen while letting you work as comfortably as possible - you might even forget you&amp;#39;re at the office&lt;/p&gt;\r\n', 'tag1, tag2', 'Utensils and Knives Block  Aliquam auctor gravida auctor', '', ''),
(80, 1, 'Moooi Raimond Suspension Light sodales felis urna, eu imperdiet', '&lt;p class=&quot;intro&quot;&gt;\r\n	iPhone is a revolutionary new mobile phone that allows you to make a call by simply tapping a name or number in your address book, a favorites list, or a call log. It also automatically syncs all your contacts from a PC, Mac, or Internet service. And it lets you select and listen to voicemail messages in whatever order you want just like email.&lt;/p&gt;\r\n', 'tag1, tag2', 'Moooi Raimond Suspension Light sodales felis urna, eu imperdiet', '', ''),
(80, 2, 'Moooi Raimond Suspension Light sodales felis urna, eu imperdiet', '&lt;p class=&quot;intro&quot;&gt;\r\n	iPhone is a revolutionary new mobile phone that allows you to make a call by simply tapping a name or number in your address book, a favorites list, or a call log. It also automatically syncs all your contacts from a PC, Mac, or Internet service. And it lets you select and listen to voicemail messages in whatever order you want just like email.&lt;/p&gt;\r\n', 'tag1, tag2', 'Moooi Raimond Suspension Light sodales felis urna, eu imperdiet', '', ''),
(82, 1, 'Egyptian Stool Carl Hansen Sedtristique pellentesque nisi', '&lt;div class=&quot;cpt_product_description &quot;&gt;\r\n	&lt;div&gt;\r\n		&lt;p&gt;\r\n			&lt;strong&gt;More room to move.&lt;/strong&gt;&lt;/p&gt;\r\n		&lt;p&gt;\r\n			With 80GB or 160GB of storage and up to 40 hours of battery life, the new iPod classic lets you enjoy up to 40,000 songs or up to 200 hours of video or any combination wherever you go.&lt;/p&gt;\r\n		&lt;p&gt;\r\n			&lt;strong&gt;Cover Flow.&lt;/strong&gt;&lt;/p&gt;\r\n		&lt;p&gt;\r\n			Browse through your music collection by flipping through album art. Select an album to turn it over and see the track list.&lt;/p&gt;\r\n		&lt;p&gt;\r\n			&lt;strong&gt;Enhanced interface.&lt;/strong&gt;&lt;/p&gt;\r\n		&lt;p&gt;\r\n			Experience a whole new way to browse and view your music and video.&lt;/p&gt;\r\n		&lt;p&gt;\r\n			&lt;strong&gt;Sleeker design.&lt;/strong&gt;&lt;/p&gt;\r\n		&lt;p&gt;\r\n			Beautiful, durable, and sleeker than ever, iPod classic now features an anodized aluminum and polished stainless steel enclosure with rounded edges.&lt;/p&gt;\r\n	&lt;/div&gt;\r\n&lt;/div&gt;\r\n&lt;!-- cpt_container_end --&gt;', 'tag1, tag2', 'Egyptian Stool Carl Hansen Sedtristique pellentesque nisi', '', ''),
(83, 2, 'Minimalistic Wall Clock dui eleifend bibendum volutpat', '&lt;div&gt;\r\n	&lt;p&gt;\r\n		&lt;strong&gt;Video in your pocket.&lt;/strong&gt;&lt;/p&gt;\r\n	&lt;p&gt;\r\n		Its the small iPod with one very big idea: video. The worlds most popular music player now lets you enjoy movies, TV shows, and more on a two-inch display thats 65% brighter than before.&lt;/p&gt;\r\n	&lt;p&gt;\r\n		&lt;strong&gt;Cover Flow.&lt;/strong&gt;&lt;/p&gt;\r\n	&lt;p&gt;\r\n		Browse through your music collection by flipping through album art. Select an album to turn it over and see the track list.&lt;strong&gt;&amp;nbsp;&lt;/strong&gt;&lt;/p&gt;\r\n	&lt;p&gt;\r\n		&lt;strong&gt;Enhanced interface.&lt;/strong&gt;&lt;/p&gt;\r\n	&lt;p&gt;\r\n		Experience a whole new way to browse and view your music and video.&lt;/p&gt;\r\n	&lt;p&gt;\r\n		&lt;strong&gt;Sleek and colorful.&lt;/strong&gt;&lt;/p&gt;\r\n	&lt;p&gt;\r\n		With an anodized aluminum and polished stainless steel enclosure and a choice of five colors, iPod nano is dressed to impress.&lt;/p&gt;\r\n	&lt;p&gt;\r\n		&lt;strong&gt;iTunes.&lt;/strong&gt;&lt;/p&gt;\r\n	&lt;p&gt;\r\n		Available as a free download, iTunes makes it easy to browse and buy millions of songs, movies, TV shows, audiobooks, and games and download free podcasts all at the iTunes Store. And you can import your own music, manage your whole media library, and sync your iPod or iPhone with ease.&lt;/p&gt;\r\n&lt;/div&gt;\r\n', 'tag1, tag2', 'Minimalistic Wall Clock dui eleifend bibendum volutpat', '', ''),
(74, 1, 'Puoly aliquet justoBark Eames Style Molded Plastic', '&lt;p&gt;\r\n	Stop your co-workers in their tracks with the stunning new 30-inch diagonal HP LP3065 Flat Panel Monitor. This flagship monitor features best-in-class performance and presentation features on a huge wide-aspect screen while letting you work as comfortably as possible - you might even forget you&amp;#39;re at the office&lt;/p&gt;\r\n', 'tag1, tag2', 'Puoly aliquet justoBark Eames Style Molded Plastic', '', '');
-- --------------------------------------------------------
--
